{"id":10196,"date":"2024-11-27T20:00:05","date_gmt":"2024-11-27T17:00:05","guid":{"rendered":"https:\/\/www.makitamarket.com.tr\/site\/urun\/biglift-caraskal-3000-kg\/"},"modified":"2026-03-30T07:52:29","modified_gmt":"2026-03-30T04:52:29","slug":"biglift-caraskal-3000-kg","status":"publish","type":"product","link":"https:\/\/www.makitamarket.com.tr\/site\/urun\/biglift-caraskal-3000-kg\/","title":{"rendered":"Biglift BIGCAR3-3 CARASKAL 3000 kg"},"content":{"rendered":"<p>3000 kg  kald\u0131rma kapasitesine sahip Caraskal, zincir mekan\u0131zmas\u0131 ile  y\u00fcklerin g\u00fcvenli bir \u015fekilde indirilip  kald\u0131r\u0131lmas\u0131n\u0131 sa\u011flar. Zincir boyu 3 mt,  zincir \u00e7ap\u0131 ise 8 mm boyutundad\u0131r. Hem \u00fcstte hem de altta d\u00f6nebilen \u00e7elik kancalar bulunmaktad\u0131r. Bu kancalar, g\u00fcvenli ve esnek bir ba\u011flant\u0131 sa\u011flamakla beraber  y\u00fck\u00fcn stabil bir \u015fekilde ta\u015f\u0131nmas\u0131na yard\u0131mc\u0131 olur.Zincirler, y\u00fcksek mukavemete sahiptir ve a\u015f\u0131nmaya kar\u015f\u0131 diren\u00e7li olacak \u015fekilde tasarlanm\u0131\u015ft\u0131r.<\/p>\n<table>\n<tr>\n<td>Kapasite<\/td>\n<td>3000<\/td>\n<\/tr>\n<tr>\n<td>Zincir Boyu<\/td>\n<td>3<\/td>\n<\/tr>\n<tr>\n<td>Zincir Donam Say\u0131s\u0131<\/td>\n<td>2<\/td>\n<\/tr>\n<tr>\n<td>Y\u00fck Zincir \u00c7ap\u0131<\/td>\n<td>8<\/td>\n<\/tr>\n<tr>\n<td>Boyutlar<\/td>\n<td>32x21x26<\/td>\n<\/tr>\n<tr>\n<td>A\u011f\u0131rl\u0131k<\/td>\n<td>26<\/td>\n<\/tr>\n<\/table>\n","protected":false},"excerpt":{"rendered":"<p>3000 kg  kald\u0131rma kapasitesine sahip Caraskal, zincir mekan\u0131zmas\u0131 ile  y\u00fcklerin g\u00fcvenli bir \u015fekilde indirilip  kald\u0131r\u0131lmas\u0131n\u0131 sa\u011flar. Zincir boyu 3 mt,  zincir \u00e7ap\u0131 ise 8 mm boyutundad\u0131r. Hem \u00fcstte hem de altta d\u00f6nebilen \u00e7elik kancalar bulunmaktad\u0131r. Bu kancalar, g\u00fcvenli ve esnek bir ba\u011flant\u0131 sa\u011flamakla beraber  y\u00fck\u00fcn stabil bir \u015fekilde ta\u015f\u0131nmas\u0131na yard\u0131mc\u0131 olur.Zincirler, y\u00fcksek mukavemete sahiptir ve a\u015f\u0131nmaya kar\u015f\u0131 diren\u00e7li olacak \u015fekilde tasarlanm\u0131\u015ft\u0131r.<\/p>\n","protected":false},"featured_media":10767,"comment_status":"open","ping_status":"closed","template":"","meta":{"_acf_changed":false},"product_brand":[1490],"product_cat":[780],"product_tag":[],"class_list":{"0":"post-10196","1":"product","2":"type-product","3":"status-publish","4":"has-post-thumbnail","6":"product_brand-biglift","7":"product_cat-vincler-caraskallar-hubsuglar","9":"first","10":"outofstock","11":"taxable","12":"shipping-taxable","13":"purchasable","14":"product-type-simple","15":"add-to-wishlist-after_add_to_cart"},"acf":[],"_links":{"self":[{"href":"https:\/\/www.makitamarket.com.tr\/site\/wp-json\/wp\/v2\/product\/10196","targetHints":{"allow":["GET"]}}],"collection":[{"href":"https:\/\/www.makitamarket.com.tr\/site\/wp-json\/wp\/v2\/product"}],"about":[{"href":"https:\/\/www.makitamarket.com.tr\/site\/wp-json\/wp\/v2\/types\/product"}],"replies":[{"embeddable":true,"href":"https:\/\/www.makitamarket.com.tr\/site\/wp-json\/wp\/v2\/comments?post=10196"}],"wp:featuredmedia":[{"embeddable":true,"href":"https:\/\/www.makitamarket.com.tr\/site\/wp-json\/wp\/v2\/media\/10767"}],"wp:attachment":[{"href":"https:\/\/www.makitamarket.com.tr\/site\/wp-json\/wp\/v2\/media?parent=10196"}],"wp:term":[{"taxonomy":"product_brand","embeddable":true,"href":"https:\/\/www.makitamarket.com.tr\/site\/wp-json\/wp\/v2\/product_brand?post=10196"},{"taxonomy":"product_cat","embeddable":true,"href":"https:\/\/www.makitamarket.com.tr\/site\/wp-json\/wp\/v2\/product_cat?post=10196"},{"taxonomy":"product_tag","embeddable":true,"href":"https:\/\/www.makitamarket.com.tr\/site\/wp-json\/wp\/v2\/product_tag?post=10196"}],"curies":[{"name":"wp","href":"https:\/\/api.w.org\/{rel}","templated":true}]}}