{"id":10202,"date":"2024-11-27T20:00:09","date_gmt":"2024-11-27T17:00:09","guid":{"rendered":"https:\/\/www.makitamarket.com.tr\/site\/urun\/proxxon-akulu-matkap-taslama-ibs-a\/"},"modified":"2026-04-06T13:09:13","modified_gmt":"2026-04-06T10:09:13","slug":"proxxon-akulu-matkap-taslama-ibs-a","status":"publish","type":"product","link":"https:\/\/www.makitamarket.com.tr\/site\/urun\/proxxon-akulu-matkap-taslama-ibs-a\/","title":{"rendered":"Proxxon 29800 IBS\/A AK\u00dcL\u00dc MATKAP TA\u015eLAMA IBS\/A"},"content":{"rendered":"<div>\n\t<span style=\"font-size:12px;\"><strong>Kullan\u0131m Alanlar\u0131 : <\/strong>Delme, frezeleme, ta\u015flama, z\u0131mparalama, polisaj, temizleme, oyuk a\u00e7ma ve grav\u00fcr i\u015flerinde kullan\u0131l\u0131r.<br \/>\n\t<\/span><\/div>\n<div>\n\t<span style=\"font-size:12px;\"><strong>Sevkiyat Kapsam\u0131 : <\/strong>34 par\u00e7a u\u00e7 ve kesici ile birlikte.<\/span><\/div>\n<div>\n\t<span style=\"font-size:12px;\"><strong>Uyumlu aksesuarlar :<\/strong> Aksesuarlar b\u00f6l\u00fcm\u00fcndeki delme, frezeleme, z\u0131mparalama, polisaj ve ta\u015flama u\u00e7lar\u0131 ile birlikte kullan\u0131labilir.<\/span><\/div>\n<div>\n\t\u00a0<\/div>\n<div>\n\t<span style=\"font-size:12px;\"><span style=\"font-family:tahoma,geneva,sans-serif;\"><span style=\"font-family:tahoma,geneva,sans-serif;\"><br \/>\n\t<\/span><\/span><\/span><\/div>\n<p>\n\t<span style=\"font-size:12px;\"><br \/>\n\t<\/span><\/p>\n<p>\n\t<span style=\"font-size:12px;\"><br \/>\n\t<\/span><\/p>\n<table>\n<tr>\n<td>G\u00fc\u00e7<\/td>\n<td>10,8 V<\/td>\n<\/tr>\n<tr>\n<td>Devir<\/td>\n<td>7,000-23,000 d\/dak<\/td>\n<\/tr>\n<tr>\n<td>Uzunluk<\/td>\n<td>27 cm<\/td>\n<\/tr>\n<tr>\n<td>A\u011f\u0131rl\u0131k<\/td>\n<td>700g (Batarya dahil)<\/td>\n<\/tr>\n<tr>\n<td>Muhafaza<\/td>\n<td>Dayan\u0131kl\u0131 Plastik Kutu<\/td>\n<\/tr>\n<\/table>\n","protected":false},"excerpt":{"rendered":"<div>\n\t<span style=\"font-size:12px;\"><strong>Kullan\u0131m Alanlar\u0131 : <\/strong>Delme, frezeleme, ta\u015flama, z\u0131mparalama, polisaj, temizleme, oyuk a\u00e7ma ve grav\u00fcr i\u015flerinde kullan\u0131l\u0131r.<br \/>\n\t<\/span><\/div>\n<div>\n\t<span style=\"font-size:12px;\"><strong>Sevkiyat Kapsam\u0131 : <\/strong>34 par\u00e7a u\u00e7 ve kesici ile birlikte.<\/span><\/div>\n<div>\n\t<span style=\"font-size:12px;\"><strong>Uyumlu aksesuarlar :<\/strong> Aksesuarlar b\u00f6l\u00fcm\u00fcndeki delme, frezeleme, z\u0131mparalama, polisaj ve ta\u015flama u\u00e7lar\u0131 ile birlikte kullan\u0131labilir.<\/span><\/div>\n<div>\n\t\u00a0<\/div>\n<div>\n\t<span style=\"font-size:12px;\"><span style=\"font-family:tahoma,geneva,sans-serif;\"><span style=\"font-family:tahoma,geneva,sans-serif;\"><br \/>\n\t<\/span><\/span><\/span><\/div>\n<p>\n\t<span style=\"font-size:12px;\"><br \/>\n\t<\/span><\/p>\n<p>\n\t<span style=\"font-size:12px;\"><br \/>\n\t<\/span><\/p>\n","protected":false},"featured_media":10201,"comment_status":"open","ping_status":"closed","template":"","meta":{"_acf_changed":false},"product_brand":[1501],"product_cat":[1565],"product_tag":[],"class_list":{"0":"post-10202","1":"product","2":"type-product","3":"status-publish","4":"has-post-thumbnail","6":"product_brand-proxxon","7":"product_cat-yok-yok","9":"first","10":"instock","11":"taxable","12":"shipping-taxable","13":"purchasable","14":"product-type-simple","15":"add-to-wishlist-after_add_to_cart"},"acf":[],"_links":{"self":[{"href":"https:\/\/www.makitamarket.com.tr\/site\/wp-json\/wp\/v2\/product\/10202","targetHints":{"allow":["GET"]}}],"collection":[{"href":"https:\/\/www.makitamarket.com.tr\/site\/wp-json\/wp\/v2\/product"}],"about":[{"href":"https:\/\/www.makitamarket.com.tr\/site\/wp-json\/wp\/v2\/types\/product"}],"replies":[{"embeddable":true,"href":"https:\/\/www.makitamarket.com.tr\/site\/wp-json\/wp\/v2\/comments?post=10202"}],"wp:featuredmedia":[{"embeddable":true,"href":"https:\/\/www.makitamarket.com.tr\/site\/wp-json\/wp\/v2\/media\/10201"}],"wp:attachment":[{"href":"https:\/\/www.makitamarket.com.tr\/site\/wp-json\/wp\/v2\/media?parent=10202"}],"wp:term":[{"taxonomy":"product_brand","embeddable":true,"href":"https:\/\/www.makitamarket.com.tr\/site\/wp-json\/wp\/v2\/product_brand?post=10202"},{"taxonomy":"product_cat","embeddable":true,"href":"https:\/\/www.makitamarket.com.tr\/site\/wp-json\/wp\/v2\/product_cat?post=10202"},{"taxonomy":"product_tag","embeddable":true,"href":"https:\/\/www.makitamarket.com.tr\/site\/wp-json\/wp\/v2\/product_tag?post=10202"}],"curies":[{"name":"wp","href":"https:\/\/api.w.org\/{rel}","templated":true}]}}