{"id":10271,"date":"2024-11-27T20:00:41","date_gmt":"2024-11-27T17:00:41","guid":{"rendered":"https:\/\/www.makitamarket.com.tr\/site\/urun\/big-red-mekanik-pehlivan-krikosu-3-ton\/"},"modified":"2026-04-06T13:11:31","modified_gmt":"2026-04-06T10:11:31","slug":"big-red-mekanik-pehlivan-krikosu-3-ton","status":"publish","type":"product","link":"https:\/\/www.makitamarket.com.tr\/site\/urun\/big-red-mekanik-pehlivan-krikosu-3-ton\/","title":{"rendered":"Big Red TRJ7310 MEKAN\u0130K PEHL\u0130VAN KR\u0130KOSU 3 TON"},"content":{"rendered":"<table>\n<tr>\n<td>Kapasite<\/td>\n<td>3 Ton<\/td>\n<\/tr>\n<tr>\n<td>Boyu<\/td>\n<td>725 mm<\/td>\n<\/tr>\n<tr>\n<td>Maksimum Y\u00fckseklik<\/td>\n<td>350 mm<\/td>\n<\/tr>\n<tr>\n<td>T\u0131rnak Y\u00fcksekli\u011fi<\/td>\n<td>75 mm<\/td>\n<\/tr>\n<tr>\n<td>A\u011f\u0131rl\u0131k<\/td>\n<td>21 kg<\/td>\n<\/tr>\n<\/table>\n","protected":false},"excerpt":{"rendered":"<p>Kapasite 3 Ton Boyu 725 mm Maksimum Y\u00fckseklik 350 mm T\u0131rnak Y\u00fcksekli\u011fi 75 mm A\u011f\u0131rl\u0131k 21 kg<\/p>\n","protected":false},"featured_media":10270,"comment_status":"open","ping_status":"closed","template":"","meta":{"_acf_changed":false},"product_brand":[1519],"product_cat":[877],"product_tag":[],"class_list":{"0":"post-10271","1":"product","2":"type-product","3":"status-publish","4":"has-post-thumbnail","6":"product_brand-big-red","7":"product_cat-krikolar","9":"first","10":"outofstock","11":"taxable","12":"shipping-taxable","13":"purchasable","14":"product-type-simple","15":"add-to-wishlist-after_add_to_cart"},"acf":[],"_links":{"self":[{"href":"https:\/\/www.makitamarket.com.tr\/site\/wp-json\/wp\/v2\/product\/10271","targetHints":{"allow":["GET"]}}],"collection":[{"href":"https:\/\/www.makitamarket.com.tr\/site\/wp-json\/wp\/v2\/product"}],"about":[{"href":"https:\/\/www.makitamarket.com.tr\/site\/wp-json\/wp\/v2\/types\/product"}],"replies":[{"embeddable":true,"href":"https:\/\/www.makitamarket.com.tr\/site\/wp-json\/wp\/v2\/comments?post=10271"}],"wp:featuredmedia":[{"embeddable":true,"href":"https:\/\/www.makitamarket.com.tr\/site\/wp-json\/wp\/v2\/media\/10270"}],"wp:attachment":[{"href":"https:\/\/www.makitamarket.com.tr\/site\/wp-json\/wp\/v2\/media?parent=10271"}],"wp:term":[{"taxonomy":"product_brand","embeddable":true,"href":"https:\/\/www.makitamarket.com.tr\/site\/wp-json\/wp\/v2\/product_brand?post=10271"},{"taxonomy":"product_cat","embeddable":true,"href":"https:\/\/www.makitamarket.com.tr\/site\/wp-json\/wp\/v2\/product_cat?post=10271"},{"taxonomy":"product_tag","embeddable":true,"href":"https:\/\/www.makitamarket.com.tr\/site\/wp-json\/wp\/v2\/product_tag?post=10271"}],"curies":[{"name":"wp","href":"https:\/\/api.w.org\/{rel}","templated":true}]}}