{"id":10301,"date":"2024-11-27T20:00:55","date_gmt":"2024-11-27T17:00:55","guid":{"rendered":"https:\/\/www.makitamarket.com.tr\/site\/urun\/kasei-benzinli-yan-tirpan-51-7-cc\/"},"modified":"2025-11-16T05:31:00","modified_gmt":"2025-11-16T02:31:00","slug":"kasei-benzinli-yan-tirpan-51-7-cc","status":"publish","type":"product","link":"https:\/\/www.makitamarket.com.tr\/site\/urun\/kasei-benzinli-yan-tirpan-51-7-cc\/","title":{"rendered":"Kasei CG520 BENZ\u0130NL\u0130 YAN TIRPAN 51.7 CC"},"content":{"rendered":"<table>\n<tr>\n<td>Motor tipi<\/td>\n<td>2 Zamanl\u0131 Benzinli<\/td>\n<\/tr>\n<tr>\n<td>Motor Hacmi<\/td>\n<td>51.7 CC \/ 2 Hp<\/td>\n<\/tr>\n<tr>\n<td>Maksimum Devir<\/td>\n<td>6500 d\/dak<\/td>\n<\/tr>\n<tr>\n<td>Yak\u0131t deposu<\/td>\n<td>1 L<\/td>\n<\/tr>\n<tr>\n<td>A\u011f\u0131rl\u0131k<\/td>\n<td>7.8 kg<\/td>\n<\/tr>\n<tr>\n<td>Motor G\u00fcc\u00fc<\/td>\n<td>2 Hp<\/td>\n<\/tr>\n<tr>\n<td>Yak\u0131t Cinsi<\/td>\n<td>Benzinli<\/td>\n<\/tr>\n<tr>\n<td>Ambalaj \u0130\u00e7eri\u011fi<\/td>\n<td>3 B\u0131\u00e7akl\u0131 T\u0131rpan Testeresi, Misina Ba\u015fl\u0131\u011f\u0131<\/td>\n<\/tr>\n<\/table>\n","protected":false},"excerpt":{"rendered":"<p>Motor tipi 2 Zamanl\u0131 Benzinli Motor Hacmi 51.7 CC \/ 2 Hp Maksimum Devir 6500 d\/dak Yak\u0131t deposu 1 L A\u011f\u0131rl\u0131k 7.8 kg Motor G\u00fcc\u00fc 2 Hp Yak\u0131t Cinsi Benzinli<\/p>\n","protected":false},"featured_media":10300,"comment_status":"open","ping_status":"closed","template":"","meta":{"_acf_changed":false},"product_brand":[1535],"product_cat":[1565],"product_tag":[],"class_list":{"0":"post-10301","1":"product","2":"type-product","3":"status-publish","4":"has-post-thumbnail","6":"product_brand-kasei","7":"product_cat-yok-yok","9":"first","10":"outofstock","11":"taxable","12":"shipping-taxable","13":"purchasable","14":"product-type-simple","15":"add-to-wishlist-after_add_to_cart"},"acf":[],"_links":{"self":[{"href":"https:\/\/www.makitamarket.com.tr\/site\/wp-json\/wp\/v2\/product\/10301","targetHints":{"allow":["GET"]}}],"collection":[{"href":"https:\/\/www.makitamarket.com.tr\/site\/wp-json\/wp\/v2\/product"}],"about":[{"href":"https:\/\/www.makitamarket.com.tr\/site\/wp-json\/wp\/v2\/types\/product"}],"replies":[{"embeddable":true,"href":"https:\/\/www.makitamarket.com.tr\/site\/wp-json\/wp\/v2\/comments?post=10301"}],"wp:featuredmedia":[{"embeddable":true,"href":"https:\/\/www.makitamarket.com.tr\/site\/wp-json\/wp\/v2\/media\/10300"}],"wp:attachment":[{"href":"https:\/\/www.makitamarket.com.tr\/site\/wp-json\/wp\/v2\/media?parent=10301"}],"wp:term":[{"taxonomy":"product_brand","embeddable":true,"href":"https:\/\/www.makitamarket.com.tr\/site\/wp-json\/wp\/v2\/product_brand?post=10301"},{"taxonomy":"product_cat","embeddable":true,"href":"https:\/\/www.makitamarket.com.tr\/site\/wp-json\/wp\/v2\/product_cat?post=10301"},{"taxonomy":"product_tag","embeddable":true,"href":"https:\/\/www.makitamarket.com.tr\/site\/wp-json\/wp\/v2\/product_tag?post=10301"}],"curies":[{"name":"wp","href":"https:\/\/api.w.org\/{rel}","templated":true}]}}