{"id":10343,"date":"2024-11-27T20:01:18","date_gmt":"2024-11-27T17:01:18","guid":{"rendered":"https:\/\/www.makitamarket.com.tr\/site\/urun\/proscr-yildiz-uclu-tornavida-5x150-mm\/"},"modified":"2026-03-30T07:45:21","modified_gmt":"2026-03-30T04:45:21","slug":"proscr-yildiz-uclu-tornavida-5x150-mm","status":"publish","type":"product","link":"https:\/\/www.makitamarket.com.tr\/site\/urun\/proscr-yildiz-uclu-tornavida-5x150-mm\/","title":{"rendered":"Proscr SCR02577 YILDIZ U\u00c7LU TORNAV\u0130DA 5&#215;150 mm"},"content":{"rendered":"<ul>\n<li>\n\t\tChrome Vanadium \u00c7elik\u00a0<\/li>\n<li>\n\t\tM\u0131knat\u0131sl\u0131 u\u00e7\u00a0<\/li>\n<li>\n\t\tY\u00fcksek Darbeye Dayan\u0131kl\u0131 Sap<\/li>\n<\/ul>\n<table>\n<tr>\n<td>\u00d6l\u00e7\u00fcs\u00fc<\/td>\n<td>5 x 150 mm.<\/td>\n<\/tr>\n<tr>\n<td>Tipi<\/td>\n<td>Y\u0131ld\u0131z U\u00e7lu Tornavida<\/td>\n<\/tr>\n<tr>\n<td>Paket \u0130\u00e7i Adedi<\/td>\n<td>12 Ad.<\/td>\n<\/tr>\n<tr>\n<td>Koli \u0130\u00e7i Adedi<\/td>\n<td>240 Ad.<\/td>\n<\/tr>\n<\/table>\n","protected":false},"excerpt":{"rendered":"<ul>\n<li>\n\t\tChrome Vanadium \u00c7elik\u00a0<\/li>\n<li>\n\t\tM\u0131knat\u0131sl\u0131 u\u00e7\u00a0<\/li>\n<li>\n\t\tY\u00fcksek Darbeye Dayan\u0131kl\u0131 Sap<\/li>\n<\/ul>\n","protected":false},"featured_media":10342,"comment_status":"open","ping_status":"closed","template":"","meta":{"_acf_changed":false},"product_brand":[1523],"product_cat":[962],"product_tag":[],"class_list":{"0":"post-10343","1":"product","2":"type-product","3":"status-publish","4":"has-post-thumbnail","6":"product_brand-proscr","7":"product_cat-yildiz-uclu-tornavidalar","9":"first","10":"instock","11":"taxable","12":"shipping-taxable","13":"purchasable","14":"product-type-simple","15":"add-to-wishlist-after_add_to_cart"},"acf":[],"_links":{"self":[{"href":"https:\/\/www.makitamarket.com.tr\/site\/wp-json\/wp\/v2\/product\/10343","targetHints":{"allow":["GET"]}}],"collection":[{"href":"https:\/\/www.makitamarket.com.tr\/site\/wp-json\/wp\/v2\/product"}],"about":[{"href":"https:\/\/www.makitamarket.com.tr\/site\/wp-json\/wp\/v2\/types\/product"}],"replies":[{"embeddable":true,"href":"https:\/\/www.makitamarket.com.tr\/site\/wp-json\/wp\/v2\/comments?post=10343"}],"wp:featuredmedia":[{"embeddable":true,"href":"https:\/\/www.makitamarket.com.tr\/site\/wp-json\/wp\/v2\/media\/10342"}],"wp:attachment":[{"href":"https:\/\/www.makitamarket.com.tr\/site\/wp-json\/wp\/v2\/media?parent=10343"}],"wp:term":[{"taxonomy":"product_brand","embeddable":true,"href":"https:\/\/www.makitamarket.com.tr\/site\/wp-json\/wp\/v2\/product_brand?post=10343"},{"taxonomy":"product_cat","embeddable":true,"href":"https:\/\/www.makitamarket.com.tr\/site\/wp-json\/wp\/v2\/product_cat?post=10343"},{"taxonomy":"product_tag","embeddable":true,"href":"https:\/\/www.makitamarket.com.tr\/site\/wp-json\/wp\/v2\/product_tag?post=10343"}],"curies":[{"name":"wp","href":"https:\/\/api.w.org\/{rel}","templated":true}]}}