{"id":10404,"date":"2024-11-27T20:01:44","date_gmt":"2024-11-27T17:01:44","guid":{"rendered":"https:\/\/www.makitamarket.com.tr\/site\/urun\/knipex-otomatik-kablo-siyirma-195-mm\/"},"modified":"2026-04-06T13:15:07","modified_gmt":"2026-04-06T10:15:07","slug":"knipex-otomatik-kablo-siyirma-195-mm","status":"publish","type":"product","link":"https:\/\/www.makitamarket.com.tr\/site\/urun\/knipex-otomatik-kablo-siyirma-195-mm\/","title":{"rendered":"Knipex 121212 OTOMAT\u0130K KABLO SIYIRMA 195 mm"},"content":{"rendered":"<p><b>12 12 12 Hassas Kablo S\u0131y\u0131rma Pensesi<\/b><br \/>\u00d6rne\u011fin PTFE, Silikon, Radox\u00ae, Kapton\u00ae ve lastik gibi \u00e7ok katmanl\u0131 da olabilen, zor s\u0131yr\u0131labilen izolasyon malzemelerinin tam \u015fekilli s\u0131y\u0131rma i\u015flemi. \u0130kinci bir b\u0131\u00e7ak ikilisi kalan izolasyonu g\u00fcvenilir \u015fekilde sabit tutar. \u0130lgili kablo kesitine g\u00f6re tam ayarlanm\u0131\u015f, de\u011fi\u015ftirilebilir profil b\u0131\u00e7aklar. Seri \u00e7al\u0131\u015fmada izolasyonlar\u0131n e\u015fit olarak s\u0131y\u0131r\u0131lmas\u0131 i\u00e7in ayarlanabilir uzunluk s\u0131n\u0131rlamas\u0131. \u00d6zellikle \u00e7ok katmanl\u0131 ve solar kablolar\u0131n\u0131n RADOX\u00ae izolasyonlar\u0131na uyumludur. \u00c7ok katmanl\u0131 izoleli iletkenleri s\u0131y\u0131rma a\u011fz\u0131nda daha iyi merkezlemek i\u00e7in ek kablo destek eleman\u0131 ile. Kapton\u00ae Tescilli markas\u0131d\u0131r E. I. du Pont de Nemours and Company. Radox\u00ae Tescilli markas\u0131d\u0131r Huber &#038; Suhner AG. <\/p>\n<li><b>Kablo s\u0131y\u0131rma de\u011feri milimetrekare: <\/b>4,0 \/ 6,0 \/ 10,0 mm\u00b2<\/li>\n<li><b>AWG: <\/b>12 \u2014 8 <\/li>\n<table>\n<tr>\n<td>Kafa<\/td>\n<td>Nikel<\/td>\n<\/tr>\n<tr>\n<td>S\u0131y\u0131rma Kapasitesi<\/td>\n<td>4-10 mm<\/td>\n<\/tr>\n<tr>\n<td>Sap<\/td>\n<td>Kal\u0131n izole<\/td>\n<\/tr>\n<tr>\n<td>Uzunluk<\/td>\n<td>195<\/td>\n<\/tr>\n<tr>\n<td>A\u011f\u0131rl\u0131k<\/td>\n<td>450 gr<\/td>\n<\/tr>\n<\/table>\n","protected":false},"excerpt":{"rendered":"<p><b>12 12 12 Hassas Kablo S\u0131y\u0131rma Pensesi<\/b><br \/>\u00d6rne\u011fin PTFE, Silikon, Radox\u00ae, Kapton\u00ae ve lastik gibi \u00e7ok katmanl\u0131 da olabilen, zor s\u0131yr\u0131labilen izolasyon malzemelerinin tam \u015fekilli s\u0131y\u0131rma i\u015flemi. \u0130kinci bir b\u0131\u00e7ak ikilisi kalan izolasyonu g\u00fcvenilir \u015fekilde sabit tutar. \u0130lgili kablo kesitine g\u00f6re tam ayarlanm\u0131\u015f, de\u011fi\u015ftirilebilir profil b\u0131\u00e7aklar. Seri \u00e7al\u0131\u015fmada izolasyonlar\u0131n e\u015fit olarak s\u0131y\u0131r\u0131lmas\u0131 i\u00e7in ayarlanabilir uzunluk s\u0131n\u0131rlamas\u0131. \u00d6zellikle \u00e7ok katmanl\u0131 ve solar kablolar\u0131n\u0131n RADOX\u00ae izolasyonlar\u0131na uyumludur. \u00c7ok katmanl\u0131 izoleli iletkenleri s\u0131y\u0131rma a\u011fz\u0131nda daha iyi merkezlemek i\u00e7in ek kablo destek eleman\u0131 ile. Kapton\u00ae Tescilli markas\u0131d\u0131r E. I. du Pont de Nemours and Company. Radox\u00ae Tescilli markas\u0131d\u0131r Huber &#038; Suhner AG. <\/p>\n<li><b>Kablo s\u0131y\u0131rma de\u011feri milimetrekare: <\/b>4,0 \/ 6,0 \/ 10,0 mm\u00b2<\/li>\n<li><b>AWG: <\/b>12 \u2014 8 <\/li>\n","protected":false},"featured_media":10406,"comment_status":"open","ping_status":"closed","template":"","meta":{"_acf_changed":false},"product_brand":[1486],"product_cat":[991],"product_tag":[],"class_list":{"0":"post-10404","1":"product","2":"type-product","3":"status-publish","4":"has-post-thumbnail","6":"product_brand-knipex","7":"product_cat-kablo-siyirmalar","9":"first","10":"instock","11":"taxable","12":"shipping-taxable","13":"purchasable","14":"product-type-simple","15":"add-to-wishlist-after_add_to_cart"},"acf":[],"_links":{"self":[{"href":"https:\/\/www.makitamarket.com.tr\/site\/wp-json\/wp\/v2\/product\/10404","targetHints":{"allow":["GET"]}}],"collection":[{"href":"https:\/\/www.makitamarket.com.tr\/site\/wp-json\/wp\/v2\/product"}],"about":[{"href":"https:\/\/www.makitamarket.com.tr\/site\/wp-json\/wp\/v2\/types\/product"}],"replies":[{"embeddable":true,"href":"https:\/\/www.makitamarket.com.tr\/site\/wp-json\/wp\/v2\/comments?post=10404"}],"wp:featuredmedia":[{"embeddable":true,"href":"https:\/\/www.makitamarket.com.tr\/site\/wp-json\/wp\/v2\/media\/10406"}],"wp:attachment":[{"href":"https:\/\/www.makitamarket.com.tr\/site\/wp-json\/wp\/v2\/media?parent=10404"}],"wp:term":[{"taxonomy":"product_brand","embeddable":true,"href":"https:\/\/www.makitamarket.com.tr\/site\/wp-json\/wp\/v2\/product_brand?post=10404"},{"taxonomy":"product_cat","embeddable":true,"href":"https:\/\/www.makitamarket.com.tr\/site\/wp-json\/wp\/v2\/product_cat?post=10404"},{"taxonomy":"product_tag","embeddable":true,"href":"https:\/\/www.makitamarket.com.tr\/site\/wp-json\/wp\/v2\/product_tag?post=10404"}],"curies":[{"name":"wp","href":"https:\/\/api.w.org\/{rel}","templated":true}]}}