{"id":10425,"date":"2024-11-27T20:01:59","date_gmt":"2024-11-27T17:01:59","guid":{"rendered":"https:\/\/www.makitamarket.com.tr\/site\/urun\/biglift-elektrikli-vinc-400-800\/"},"modified":"2026-04-13T19:40:38","modified_gmt":"2026-04-13T16:40:38","slug":"biglift-elektrikli-vinc-400-800","status":"publish","type":"product","link":"https:\/\/www.makitamarket.com.tr\/site\/urun\/biglift-elektrikli-vinc-400-800\/","title":{"rendered":"Biglift MAXVINC400\/800 ELEKTR\u0130KL\u0130 V\u0130N\u00c7 400\/800"},"content":{"rendered":"<p>400\/800 kald\u0131rma kapasiteli 20\/10 mt halat boyuyla y\u00fcklerin kald\u0131r\u0131lmas\u0131nda ve ta\u015f\u0131nmas\u0131nda kullan\u0131lan bir ekipmand\u0131r.<\/p>\n<table>\n<tr>\n<td>Kapasite<\/td>\n<td>400\/800<\/td>\n<\/tr>\n<tr>\n<td>Motor G\u00fcc\u00fc<\/td>\n<td>1300 W<\/td>\n<\/tr>\n<tr>\n<td>Halat Boyu<\/td>\n<td>20\/10 mt<\/td>\n<\/tr>\n<tr>\n<td>Boyutlar<\/td>\n<td>520x450x170<\/td>\n<\/tr>\n<tr>\n<td>Koruma S\u0131n\u0131f\u0131<\/td>\n<td>IP54<\/td>\n<\/tr>\n<\/table>\n","protected":false},"excerpt":{"rendered":"<p>400\/800 kald\u0131rma kapasiteli 20\/10 mt halat boyuyla y\u00fcklerin kald\u0131r\u0131lmas\u0131nda ve ta\u015f\u0131nmas\u0131nda kullan\u0131lan bir ekipmand\u0131r.<\/p>\n","protected":false},"featured_media":10424,"comment_status":"open","ping_status":"closed","template":"","meta":{"_acf_changed":false},"product_brand":[1490],"product_cat":[780],"product_tag":[],"class_list":{"0":"post-10425","1":"product","2":"type-product","3":"status-publish","4":"has-post-thumbnail","6":"product_brand-biglift","7":"product_cat-vincler-caraskallar-hubsuglar","9":"first","10":"outofstock","11":"taxable","12":"shipping-taxable","13":"purchasable","14":"product-type-simple","15":"add-to-wishlist-after_add_to_cart"},"acf":[],"_links":{"self":[{"href":"https:\/\/www.makitamarket.com.tr\/site\/wp-json\/wp\/v2\/product\/10425","targetHints":{"allow":["GET"]}}],"collection":[{"href":"https:\/\/www.makitamarket.com.tr\/site\/wp-json\/wp\/v2\/product"}],"about":[{"href":"https:\/\/www.makitamarket.com.tr\/site\/wp-json\/wp\/v2\/types\/product"}],"replies":[{"embeddable":true,"href":"https:\/\/www.makitamarket.com.tr\/site\/wp-json\/wp\/v2\/comments?post=10425"}],"wp:featuredmedia":[{"embeddable":true,"href":"https:\/\/www.makitamarket.com.tr\/site\/wp-json\/wp\/v2\/media\/10424"}],"wp:attachment":[{"href":"https:\/\/www.makitamarket.com.tr\/site\/wp-json\/wp\/v2\/media?parent=10425"}],"wp:term":[{"taxonomy":"product_brand","embeddable":true,"href":"https:\/\/www.makitamarket.com.tr\/site\/wp-json\/wp\/v2\/product_brand?post=10425"},{"taxonomy":"product_cat","embeddable":true,"href":"https:\/\/www.makitamarket.com.tr\/site\/wp-json\/wp\/v2\/product_cat?post=10425"},{"taxonomy":"product_tag","embeddable":true,"href":"https:\/\/www.makitamarket.com.tr\/site\/wp-json\/wp\/v2\/product_tag?post=10425"}],"curies":[{"name":"wp","href":"https:\/\/api.w.org\/{rel}","templated":true}]}}