{"id":10501,"date":"2024-11-27T20:02:32","date_gmt":"2024-11-27T17:02:32","guid":{"rendered":"https:\/\/www.makitamarket.com.tr\/site\/urun\/knipex-papuc-sikma-pensi-220-mm\/"},"modified":"2026-03-30T07:55:30","modified_gmt":"2026-03-30T04:55:30","slug":"knipex-papuc-sikma-pensi-220-mm","status":"publish","type":"product","link":"https:\/\/www.makitamarket.com.tr\/site\/urun\/knipex-papuc-sikma-pensi-220-mm\/","title":{"rendered":"Knipex 975236 PAPU\u00c7 SIKMA PENS\u0130 220 mm"},"content":{"rendered":"<p><b>97 52 36 KNIPEX PreciForce\u00ae<\/b><br \/>Y\u00fcksek kilitleme, s\u0131kma mekanizmas\u0131 sayesinde;kolay s\u0131kma yap\u0131l\u0131labilir. S\u0131kma bask\u0131s\u0131 fabrika taraf\u0131ndan tam olarak ayarlanm\u0131\u015ft\u0131r (kalibrasyonlu). Yayl\u0131 ara aparat\u0131 sayesinde kullan\u0131c\u0131y\u0131 yormaz,optimum g\u00fc\u00e7 aktar\u0131m\u0131 sa\u011flan\u0131r. Rahat sap konumu, hafifli\u011fi, k\u0131sa yap\u0131s\u0131 ve ergonomik saplar\u0131 sayesinde ele yatk\u0131nd\u0131r <\/p>\n<li><b>Uygulama: <\/b>\u0130zoleli kablo pabu\u00e7lar\u0131, soket konekt\u00f6r + s\u0131k\u0131\u015ft\u0131rmal\u0131 konekt\u00f6r<\/li>\n<li><b>Kapasite milimetrekare: <\/b>0,5 \u2014 6,0 mm\u00b2<\/li>\n<li><b>Yuva say\u0131s\u0131: <\/b>3<\/li>\n<li><b>AWG: <\/b>20 \u2014 10 <\/li>\n<table>\n<tr>\n<td>Uzunluk<\/td>\n<td>220<\/td>\n<\/tr>\n<tr>\n<td>Kapasite<\/td>\n<td>0.5-1-1.5-2.5-4-6.0mm\u00b2<\/td>\n<\/tr>\n<tr>\n<td>A\u011f\u0131rl\u0131k<\/td>\n<td>487 gr<\/td>\n<\/tr>\n<\/table>\n","protected":false},"excerpt":{"rendered":"<p><b>97 52 36 KNIPEX PreciForce\u00ae<\/b><br \/>Y\u00fcksek kilitleme, s\u0131kma mekanizmas\u0131 sayesinde;kolay s\u0131kma yap\u0131l\u0131labilir. S\u0131kma bask\u0131s\u0131 fabrika taraf\u0131ndan tam olarak ayarlanm\u0131\u015ft\u0131r (kalibrasyonlu). Yayl\u0131 ara aparat\u0131 sayesinde kullan\u0131c\u0131y\u0131 yormaz,optimum g\u00fc\u00e7 aktar\u0131m\u0131 sa\u011flan\u0131r. Rahat sap konumu, hafifli\u011fi, k\u0131sa yap\u0131s\u0131 ve ergonomik saplar\u0131 sayesinde ele yatk\u0131nd\u0131r <\/p>\n<li><b>Uygulama: <\/b>\u0130zoleli kablo pabu\u00e7lar\u0131, soket konekt\u00f6r + s\u0131k\u0131\u015ft\u0131rmal\u0131 konekt\u00f6r<\/li>\n<li><b>Kapasite milimetrekare: <\/b>0,5 \u2014 6,0 mm\u00b2<\/li>\n<li><b>Yuva say\u0131s\u0131: <\/b>3<\/li>\n<li><b>AWG: <\/b>20 \u2014 10 <\/li>\n","protected":false},"featured_media":10944,"comment_status":"open","ping_status":"closed","template":"","meta":{"_acf_changed":false},"product_brand":[1486],"product_cat":[852],"product_tag":[],"class_list":{"0":"post-10501","1":"product","2":"type-product","3":"status-publish","4":"has-post-thumbnail","6":"product_brand-knipex","7":"product_cat-kablo-yuksuk-ve-pabuc-sikmalar","9":"first","10":"instock","11":"taxable","12":"shipping-taxable","13":"purchasable","14":"product-type-simple","15":"add-to-wishlist-after_add_to_cart"},"acf":[],"_links":{"self":[{"href":"https:\/\/www.makitamarket.com.tr\/site\/wp-json\/wp\/v2\/product\/10501","targetHints":{"allow":["GET"]}}],"collection":[{"href":"https:\/\/www.makitamarket.com.tr\/site\/wp-json\/wp\/v2\/product"}],"about":[{"href":"https:\/\/www.makitamarket.com.tr\/site\/wp-json\/wp\/v2\/types\/product"}],"replies":[{"embeddable":true,"href":"https:\/\/www.makitamarket.com.tr\/site\/wp-json\/wp\/v2\/comments?post=10501"}],"wp:featuredmedia":[{"embeddable":true,"href":"https:\/\/www.makitamarket.com.tr\/site\/wp-json\/wp\/v2\/media\/10944"}],"wp:attachment":[{"href":"https:\/\/www.makitamarket.com.tr\/site\/wp-json\/wp\/v2\/media?parent=10501"}],"wp:term":[{"taxonomy":"product_brand","embeddable":true,"href":"https:\/\/www.makitamarket.com.tr\/site\/wp-json\/wp\/v2\/product_brand?post=10501"},{"taxonomy":"product_cat","embeddable":true,"href":"https:\/\/www.makitamarket.com.tr\/site\/wp-json\/wp\/v2\/product_cat?post=10501"},{"taxonomy":"product_tag","embeddable":true,"href":"https:\/\/www.makitamarket.com.tr\/site\/wp-json\/wp\/v2\/product_tag?post=10501"}],"curies":[{"name":"wp","href":"https:\/\/api.w.org\/{rel}","templated":true}]}}