{"id":10635,"date":"2024-11-27T20:03:30","date_gmt":"2024-11-27T17:03:30","guid":{"rendered":"https:\/\/www.makitamarket.com.tr\/site\/urun\/vivastar-circirli-baglama-halati-spanzet-25mmx4mt\/"},"modified":"2025-11-16T05:48:02","modified_gmt":"2025-11-16T02:48:02","slug":"vivastar-circirli-baglama-halati-spanzet-25mmx4mt","status":"publish","type":"product","link":"https:\/\/www.makitamarket.com.tr\/site\/urun\/vivastar-circirli-baglama-halati-spanzet-25mmx4mt\/","title":{"rendered":"Vivastar VS20215 CIRCIRLI BA\u011eLAMA HALATI (SPANZET) 25mmx4mt"},"content":{"rendered":"<table>\n<tr>\n<td>Halat Geni\u015flik<\/td>\n<td>25 mm.<\/td>\n<\/tr>\n<tr>\n<td>Halat Uzunlu\u011fu<\/td>\n<td>4 m.<\/td>\n<\/tr>\n<tr>\n<td>Halat Cinsi<\/td>\n<td>%100 Polyester<\/td>\n<\/tr>\n<tr>\n<td>Kapasitesi<\/td>\n<td>400 \/ 800Kg.<\/td>\n<\/tr>\n<tr>\n<td>Standart\u0131<\/td>\n<td>CE &#8211; YERL\u0130 \u00dcRET\u0130M<\/td>\n<\/tr>\n<\/table>\n","protected":false},"excerpt":{"rendered":"<p>Halat Geni\u015flik 25 mm. Halat Uzunlu\u011fu 4 m. Halat Cinsi %100 Polyester Kapasitesi 400 \/ 800Kg. Standart\u0131 CE &#8211; YERL\u0130 \u00dcRET\u0130M<\/p>\n","protected":false},"featured_media":10634,"comment_status":"open","ping_status":"closed","template":"","meta":{"_acf_changed":false},"product_brand":[1509],"product_cat":[1069],"product_tag":[],"class_list":{"0":"post-10635","1":"product","2":"type-product","3":"status-publish","4":"has-post-thumbnail","6":"product_brand-vivastar","7":"product_cat-spanzetler-irgatlar-gerdirmeler","9":"first","10":"outofstock","11":"taxable","12":"shipping-taxable","13":"purchasable","14":"product-type-simple","15":"add-to-wishlist-after_add_to_cart"},"acf":[],"_links":{"self":[{"href":"https:\/\/www.makitamarket.com.tr\/site\/wp-json\/wp\/v2\/product\/10635","targetHints":{"allow":["GET"]}}],"collection":[{"href":"https:\/\/www.makitamarket.com.tr\/site\/wp-json\/wp\/v2\/product"}],"about":[{"href":"https:\/\/www.makitamarket.com.tr\/site\/wp-json\/wp\/v2\/types\/product"}],"replies":[{"embeddable":true,"href":"https:\/\/www.makitamarket.com.tr\/site\/wp-json\/wp\/v2\/comments?post=10635"}],"wp:featuredmedia":[{"embeddable":true,"href":"https:\/\/www.makitamarket.com.tr\/site\/wp-json\/wp\/v2\/media\/10634"}],"wp:attachment":[{"href":"https:\/\/www.makitamarket.com.tr\/site\/wp-json\/wp\/v2\/media?parent=10635"}],"wp:term":[{"taxonomy":"product_brand","embeddable":true,"href":"https:\/\/www.makitamarket.com.tr\/site\/wp-json\/wp\/v2\/product_brand?post=10635"},{"taxonomy":"product_cat","embeddable":true,"href":"https:\/\/www.makitamarket.com.tr\/site\/wp-json\/wp\/v2\/product_cat?post=10635"},{"taxonomy":"product_tag","embeddable":true,"href":"https:\/\/www.makitamarket.com.tr\/site\/wp-json\/wp\/v2\/product_tag?post=10635"}],"curies":[{"name":"wp","href":"https:\/\/api.w.org\/{rel}","templated":true}]}}