{"id":10694,"date":"2024-11-27T20:03:57","date_gmt":"2024-11-27T17:03:57","guid":{"rendered":"https:\/\/www.makitamarket.com.tr\/site\/urun\/knipex-knipex-98-31-vde-izoleli-circir-kolu-3-8\/"},"modified":"2026-03-30T07:51:26","modified_gmt":"2026-03-30T04:51:26","slug":"knipex-knipex-98-31-vde-izoleli-circir-kolu-3-8","status":"publish","type":"product","link":"https:\/\/www.makitamarket.com.tr\/site\/urun\/knipex-knipex-98-31-vde-izoleli-circir-kolu-3-8\/","title":{"rendered":"Knipex 9831 KNIPEX 98 31 VDE \u0130ZOLEL\u0130 CIRCIR KOLU 3\/8&#8242;"},"content":{"rendered":"<p><b>98 31 C\u0131rc\u0131rl\u0131 d\u00fcz eleman<\/b><br \/>Lokma anahtarlar\u0131n tak\u0131lmas\u0131 i\u00e7in. Sa\u011fa ve sola d\u00f6n\u00fc\u015f. \u00c7ok kolay \u00e7al\u0131\u015fma. \u00c7al\u0131\u015ft\u0131rma aletlerinin h\u0131zl\u0131, g\u00fcvenli ve kolay bir \u015fekilde sabitlenmesi i\u00e7in. <\/p>\n<li><b>Ba\u011flant\u0131 d\u00f6rtgeni: <\/b>3\/8 in<\/li>\n<table><\/table>\n","protected":false},"excerpt":{"rendered":"<p><b>98 31 C\u0131rc\u0131rl\u0131 d\u00fcz eleman<\/b><br \/>Lokma anahtarlar\u0131n tak\u0131lmas\u0131 i\u00e7in. Sa\u011fa ve sola d\u00f6n\u00fc\u015f. \u00c7ok kolay \u00e7al\u0131\u015fma. \u00c7al\u0131\u015ft\u0131rma aletlerinin h\u0131zl\u0131, g\u00fcvenli ve kolay bir \u015fekilde sabitlenmesi i\u00e7in. <\/p>\n<li><b>Ba\u011flant\u0131 d\u00f6rtgeni: <\/b>3\/8 in<\/li>\n","protected":false},"featured_media":0,"comment_status":"open","ping_status":"closed","template":"","meta":{"_acf_changed":false},"product_brand":[1486],"product_cat":[1065],"product_tag":[],"class_list":{"0":"post-10694","1":"product","2":"type-product","3":"status-publish","5":"product_brand-knipex","6":"product_cat-circir-kollari","8":"first","9":"instock","10":"taxable","11":"shipping-taxable","12":"purchasable","13":"product-type-simple","14":"add-to-wishlist-after_add_to_cart"},"acf":[],"_links":{"self":[{"href":"https:\/\/www.makitamarket.com.tr\/site\/wp-json\/wp\/v2\/product\/10694","targetHints":{"allow":["GET"]}}],"collection":[{"href":"https:\/\/www.makitamarket.com.tr\/site\/wp-json\/wp\/v2\/product"}],"about":[{"href":"https:\/\/www.makitamarket.com.tr\/site\/wp-json\/wp\/v2\/types\/product"}],"replies":[{"embeddable":true,"href":"https:\/\/www.makitamarket.com.tr\/site\/wp-json\/wp\/v2\/comments?post=10694"}],"wp:attachment":[{"href":"https:\/\/www.makitamarket.com.tr\/site\/wp-json\/wp\/v2\/media?parent=10694"}],"wp:term":[{"taxonomy":"product_brand","embeddable":true,"href":"https:\/\/www.makitamarket.com.tr\/site\/wp-json\/wp\/v2\/product_brand?post=10694"},{"taxonomy":"product_cat","embeddable":true,"href":"https:\/\/www.makitamarket.com.tr\/site\/wp-json\/wp\/v2\/product_cat?post=10694"},{"taxonomy":"product_tag","embeddable":true,"href":"https:\/\/www.makitamarket.com.tr\/site\/wp-json\/wp\/v2\/product_tag?post=10694"}],"curies":[{"name":"wp","href":"https:\/\/api.w.org\/{rel}","templated":true}]}}