{"id":10699,"date":"2024-11-27T20:03:58","date_gmt":"2024-11-27T17:03:58","guid":{"rendered":"https:\/\/www.makitamarket.com.tr\/site\/urun\/optimum-otomatik-kilavuz-cekme-aparati\/"},"modified":"2025-11-16T05:49:23","modified_gmt":"2025-11-16T02:49:23","slug":"optimum-otomatik-kilavuz-cekme-aparati","status":"publish","type":"product","link":"https:\/\/www.makitamarket.com.tr\/site\/urun\/optimum-otomatik-kilavuz-cekme-aparati\/","title":{"rendered":"Optimum 3352043 OTOMAT\u0130K KILAVUZ \u00c7EKME APARATI"},"content":{"rendered":"<div>\n\t\u2022 Entegre h\u0131zl\u0131 ters d\u00f6nme \u00f6zelli\u011fi, besleme y\u00f6n\u00fc de\u011fi\u015fti\u011finde \u00e7ok etkilidir.<\/div>\n<div>\n\t\u2022 4 Kademeli ayarlanabilir kavrama<\/div>\n<div>\n\t\u2022 B16 ba\u011flant\u0131<\/div>\n<div>\n\t<strong><br \/>\n\t<\/strong><\/div>\n<div>\n\t<strong>Sevkiyat:<br \/>\n\t<\/strong><\/div>\n<div>\n\t\u2022 2 adet elastik pens<\/div>\n<div>\n\t\u2022 2 adet anahtar<\/div>\n<div>\n\t\u2022 Allen anahtar<\/div>\n<table>\n<tr>\n<td>Tan\u0131m\u0131<\/td>\n<td>K\u0131lavuz donan\u0131m\u0131 M3-M12<\/td>\n<\/tr>\n<\/table>\n","protected":false},"excerpt":{"rendered":"<div>\n\t\u2022 Entegre h\u0131zl\u0131 ters d\u00f6nme \u00f6zelli\u011fi, besleme y\u00f6n\u00fc de\u011fi\u015fti\u011finde \u00e7ok etkilidir.<\/div>\n<div>\n\t\u2022 4 Kademeli ayarlanabilir kavrama<\/div>\n<div>\n\t\u2022 B16 ba\u011flant\u0131<\/div>\n<div>\n\t<strong><br \/>\n\t<\/strong><\/div>\n<div>\n\t<strong>Sevkiyat:<br \/>\n\t<\/strong><\/div>\n<div>\n\t\u2022 2 adet elastik pens<\/div>\n<div>\n\t\u2022 2 adet anahtar<\/div>\n<div>\n\t\u2022 Allen anahtar<\/div>\n","protected":false},"featured_media":0,"comment_status":"open","ping_status":"closed","template":"","meta":{"_acf_changed":false},"product_brand":[1511],"product_cat":[824],"product_tag":[],"class_list":{"0":"post-10699","1":"product","2":"type-product","3":"status-publish","5":"product_brand-optimum","6":"product_cat-aksesuarlar-metal-isleme-makinalari-2","8":"first","9":"outofstock","10":"taxable","11":"shipping-taxable","12":"purchasable","13":"product-type-simple","14":"add-to-wishlist-after_add_to_cart"},"acf":[],"_links":{"self":[{"href":"https:\/\/www.makitamarket.com.tr\/site\/wp-json\/wp\/v2\/product\/10699","targetHints":{"allow":["GET"]}}],"collection":[{"href":"https:\/\/www.makitamarket.com.tr\/site\/wp-json\/wp\/v2\/product"}],"about":[{"href":"https:\/\/www.makitamarket.com.tr\/site\/wp-json\/wp\/v2\/types\/product"}],"replies":[{"embeddable":true,"href":"https:\/\/www.makitamarket.com.tr\/site\/wp-json\/wp\/v2\/comments?post=10699"}],"wp:attachment":[{"href":"https:\/\/www.makitamarket.com.tr\/site\/wp-json\/wp\/v2\/media?parent=10699"}],"wp:term":[{"taxonomy":"product_brand","embeddable":true,"href":"https:\/\/www.makitamarket.com.tr\/site\/wp-json\/wp\/v2\/product_brand?post=10699"},{"taxonomy":"product_cat","embeddable":true,"href":"https:\/\/www.makitamarket.com.tr\/site\/wp-json\/wp\/v2\/product_cat?post=10699"},{"taxonomy":"product_tag","embeddable":true,"href":"https:\/\/www.makitamarket.com.tr\/site\/wp-json\/wp\/v2\/product_tag?post=10699"}],"curies":[{"name":"wp","href":"https:\/\/api.w.org\/{rel}","templated":true}]}}