{"id":10707,"date":"2024-11-27T20:04:00","date_gmt":"2024-11-27T17:04:00","guid":{"rendered":"https:\/\/www.makitamarket.com.tr\/site\/urun\/uni-t-dijital-true-rms-multimetre\/"},"modified":"2025-07-11T00:06:20","modified_gmt":"2025-07-10T21:06:20","slug":"uni-t-dijital-true-rms-multimetre","status":"publish","type":"product","link":"https:\/\/www.makitamarket.com.tr\/site\/urun\/uni-t-dijital-true-rms-multimetre\/","title":{"rendered":"Uni-t UT890D D\u0130J\u0130TAL TRUE RMS MULT\u0130METRE"},"content":{"rendered":"<table>\n<tr>\n<td>DC Ak\u0131m (V)<\/td>\n<td>600.0mV\u00b1(0.5%+4) 6.000V\/60.00V\/600.0V\u00b1(0.5%+2)1000V\u00b1(0.7%+10)<\/td>\n<\/tr>\n<tr>\n<td>AC Ak\u0131m (V)<\/td>\n<td>6.000V\/60.00V\/600.0V\u00b1(0.8%+3)750V\u00b1(1.0%+10)<\/td>\n<\/tr>\n<tr>\n<td>AC Ak\u0131m (A)<\/td>\n<td>6.000mA\/60.00mA\u00b1(1.0%+12)600.0mA\u00b1(2.0%+3)20.00A\u00b1(3.0%+5)<\/td>\n<\/tr>\n<tr>\n<td>DC Ak\u0131m (A)<\/td>\n<td>60.00\u00b5A\/6.000mA\/60.00mA\u00b1(0.8%+8)600.0mA\u00b1(1.2%5)20.00A\u00b1(2.0%+5)<\/td>\n<\/tr>\n<tr>\n<td>Diren\u00e7<\/td>\n<td>600.00\u03a9\u00b1(0.8%+5)6.000k\u03a9\/60.00k\u03a9\/600.0k\u03a9\/6.000M\u03a9(0.8%+3)60.00M\u03a9\u00b1(1.0%+25)<\/td>\n<\/tr>\n<tr>\n<td>Kapasitans<\/td>\n<td>9.999nF\u00b1(5.0%+35)99.99nF~999.9\u03bcF\u00b1(2.5%+20)9.999mF\u00b1(5.0%+10)99.99mF\u00b1(10.0%+5)<\/td>\n<\/tr>\n<tr>\n<td>Frekans<\/td>\n<td>9.999Hz~9.999MHz \u00b1(0.1%+5)<\/td>\n<\/tr>\n<tr>\n<td>True RMS<\/td>\n<td>\u221a<\/td>\n<\/tr>\n<tr>\n<td>Diyot Testi &#038; hFE<\/td>\n<td>\u221a<\/td>\n<\/tr>\n<tr>\n<td>S\u00fcreklilik Testi<\/td>\n<td>\u221a<\/td>\n<\/tr>\n<tr>\n<td>Veri tutma<\/td>\n<td>\u221a<\/td>\n<\/tr>\n<tr>\n<td>A\u011f\u0131rl\u0131k<\/td>\n<td>300 g<\/td>\n<\/tr>\n<\/table>\n","protected":false},"excerpt":{"rendered":"<p>DC Ak\u0131m (V) 600.0mV\u00b1(0.5%+4) 6.000V\/60.00V\/600.0V\u00b1(0.5%+2)1000V\u00b1(0.7%+10) AC Ak\u0131m (V) 6.000V\/60.00V\/600.0V\u00b1(0.8%+3)750V\u00b1(1.0%+10) AC Ak\u0131m (A) 6.000mA\/60.00mA\u00b1(1.0%+12)600.0mA\u00b1(2.0%+3)20.00A\u00b1(3.0%+5) DC Ak\u0131m (A) 60.00\u00b5A\/6.000mA\/60.00mA\u00b1(0.8%+8)600.0mA\u00b1(1.2%5)20.00A\u00b1(2.0%+5) Diren\u00e7 600.00\u03a9\u00b1(0.8%+5)6.000k\u03a9\/60.00k\u03a9\/600.0k\u03a9\/6.000M\u03a9(0.8%+3)60.00M\u03a9\u00b1(1.0%+25) Kapasitans 9.999nF\u00b1(5.0%+35)99.99nF~999.9\u03bcF\u00b1(2.5%+20)9.999mF\u00b1(5.0%+10)99.99mF\u00b1(10.0%+5) Frekans 9.999Hz~9.999MHz \u00b1(0.1%+5) True RMS \u221a Diyot Testi &#038;<\/p>\n","protected":false},"featured_media":16467,"comment_status":"open","ping_status":"closed","template":"","meta":{"_acf_changed":false},"product_brand":[],"product_cat":[1080],"product_tag":[],"class_list":{"0":"post-10707","1":"product","2":"type-product","3":"status-publish","4":"has-post-thumbnail","6":"product_cat-dijital-multimetreler","8":"first","9":"outofstock","10":"taxable","11":"shipping-taxable","12":"purchasable","13":"product-type-simple","14":"add-to-wishlist-after_add_to_cart"},"acf":[],"_links":{"self":[{"href":"https:\/\/www.makitamarket.com.tr\/site\/wp-json\/wp\/v2\/product\/10707","targetHints":{"allow":["GET"]}}],"collection":[{"href":"https:\/\/www.makitamarket.com.tr\/site\/wp-json\/wp\/v2\/product"}],"about":[{"href":"https:\/\/www.makitamarket.com.tr\/site\/wp-json\/wp\/v2\/types\/product"}],"replies":[{"embeddable":true,"href":"https:\/\/www.makitamarket.com.tr\/site\/wp-json\/wp\/v2\/comments?post=10707"}],"wp:featuredmedia":[{"embeddable":true,"href":"https:\/\/www.makitamarket.com.tr\/site\/wp-json\/wp\/v2\/media\/16467"}],"wp:attachment":[{"href":"https:\/\/www.makitamarket.com.tr\/site\/wp-json\/wp\/v2\/media?parent=10707"}],"wp:term":[{"taxonomy":"product_brand","embeddable":true,"href":"https:\/\/www.makitamarket.com.tr\/site\/wp-json\/wp\/v2\/product_brand?post=10707"},{"taxonomy":"product_cat","embeddable":true,"href":"https:\/\/www.makitamarket.com.tr\/site\/wp-json\/wp\/v2\/product_cat?post=10707"},{"taxonomy":"product_tag","embeddable":true,"href":"https:\/\/www.makitamarket.com.tr\/site\/wp-json\/wp\/v2\/product_tag?post=10707"}],"curies":[{"name":"wp","href":"https:\/\/api.w.org\/{rel}","templated":true}]}}