{"id":10729,"date":"2024-11-27T20:04:10","date_gmt":"2024-11-27T17:04:10","guid":{"rendered":"https:\/\/www.makitamarket.com.tr\/site\/urun\/makita-inox-kesme-tasi-duz-230x2-mm\/"},"modified":"2026-03-30T07:51:39","modified_gmt":"2026-03-30T04:51:39","slug":"makita-inox-kesme-tasi-duz-230x2-mm","status":"publish","type":"product","link":"https:\/\/www.makitamarket.com.tr\/site\/urun\/makita-inox-kesme-tasi-duz-230x2-mm\/","title":{"rendered":"Makita D-18792 \u0130NOX KESME TA\u015eI &#8211; D\u00dcZ 230&#215;2 mm"},"content":{"rendered":"<table>\n<tr>\n<td>\u00d6l\u00e7\u00fcler<\/td>\n<td>230 X 2 mm<\/td>\n<\/tr>\n<tr>\n<td>Kalite<\/td>\n<td>WA36R<\/td>\n<\/tr>\n<tr>\n<td>Malzeme<\/td>\n<td>\u0130nox Kesme<\/td>\n<\/tr>\n<tr>\n<td>Tip<\/td>\n<td>D\u00fcz<\/td>\n<\/tr>\n<tr>\n<td>Kutu<\/td>\n<td>50<\/td>\n<\/tr>\n<\/table>\n","protected":false},"excerpt":{"rendered":"<p>\u00d6l\u00e7\u00fcler 230 X 2 mm Kalite WA36R Malzeme \u0130nox Kesme Tip D\u00fcz Kutu 50<\/p>\n","protected":false},"featured_media":10728,"comment_status":"open","ping_status":"closed","template":"","meta":{"_acf_changed":false},"product_brand":[1485],"product_cat":[1082],"product_tag":[],"class_list":{"0":"post-10729","1":"product","2":"type-product","3":"status-publish","4":"has-post-thumbnail","6":"product_brand-makita","7":"product_cat-230mm-kesme-taslari","9":"first","10":"instock","11":"taxable","12":"shipping-taxable","13":"purchasable","14":"product-type-simple","15":"add-to-wishlist-after_add_to_cart"},"acf":[],"_links":{"self":[{"href":"https:\/\/www.makitamarket.com.tr\/site\/wp-json\/wp\/v2\/product\/10729","targetHints":{"allow":["GET"]}}],"collection":[{"href":"https:\/\/www.makitamarket.com.tr\/site\/wp-json\/wp\/v2\/product"}],"about":[{"href":"https:\/\/www.makitamarket.com.tr\/site\/wp-json\/wp\/v2\/types\/product"}],"replies":[{"embeddable":true,"href":"https:\/\/www.makitamarket.com.tr\/site\/wp-json\/wp\/v2\/comments?post=10729"}],"wp:featuredmedia":[{"embeddable":true,"href":"https:\/\/www.makitamarket.com.tr\/site\/wp-json\/wp\/v2\/media\/10728"}],"wp:attachment":[{"href":"https:\/\/www.makitamarket.com.tr\/site\/wp-json\/wp\/v2\/media?parent=10729"}],"wp:term":[{"taxonomy":"product_brand","embeddable":true,"href":"https:\/\/www.makitamarket.com.tr\/site\/wp-json\/wp\/v2\/product_brand?post=10729"},{"taxonomy":"product_cat","embeddable":true,"href":"https:\/\/www.makitamarket.com.tr\/site\/wp-json\/wp\/v2\/product_cat?post=10729"},{"taxonomy":"product_tag","embeddable":true,"href":"https:\/\/www.makitamarket.com.tr\/site\/wp-json\/wp\/v2\/product_tag?post=10729"}],"curies":[{"name":"wp","href":"https:\/\/api.w.org\/{rel}","templated":true}]}}