{"id":10748,"date":"2024-11-27T20:04:15","date_gmt":"2024-11-27T17:04:15","guid":{"rendered":"https:\/\/www.makitamarket.com.tr\/site\/urun\/gison-adaptorlu-havali-circir-kolu\/"},"modified":"2026-03-30T07:52:23","modified_gmt":"2026-03-30T04:52:23","slug":"gison-adaptorlu-havali-circir-kolu","status":"publish","type":"product","link":"https:\/\/www.makitamarket.com.tr\/site\/urun\/gison-adaptorlu-havali-circir-kolu\/","title":{"rendered":"Gison GP854J ADAPT\u00d6RL\u00dc HAVALI CIRCIR KOLU"},"content":{"rendered":"<div>\n\t\u2022 Adapt\u00f6rl\u00fc (Soket &#038; Bits U\u00e7)<\/div>\n<div>\n\t\u2022 Asma Kancas\u0131<\/div>\n<div>\n\t\u2022 H\u0131zl\u0131 Hava Ba\u011flant\u0131s\u0131<\/div>\n<div>\n\t<strong>Kullan\u0131m Alanlar\u0131 :<\/strong><\/div>\n<div>\n\t\u00c7abuk De\u011fi\u015febilen Adapt\u00f6rl\u00fc yap\u0131s\u0131sayesinde de\u011fi\u015fik \u00f6l\u00e7\u00fclerdeki Soket ve Bits ucu kullan\u0131lan ba\u015fta otomotiv sekt\u00f6r\u00fc olmak \u00fczere makina, in\u015faat ve pek \u00e7ok i\u015fte kullan\u0131ma uygundur.<\/div>\n<div>\n\t\u2022 \u00c7ok fonksiyonlu: 1\/2\u201d, 3\/8\u201d, 1\/4\u201d Soket Adapt\u00f6r\u00fc ve 1\/4\u201d Bits U\u00e7 Adapt\u00f6r\u00fc<\/div>\n<div>\n\t\u2022 B\u00fct\u00fcnle\u015fik ve Hafi f Yap\u0131: 210&#215;34 mm.; 0.60kg.<\/div>\n<div>\n\t\u2022 D\u00fc\u015f\u00fck g\u00fcr\u00fclt\u00fc ve Titre\u015fim<\/div>\n<table>\n<tr>\n<td>Soket Adapt\u00f6rleri<\/td>\n<td>1\/2&#8243; (12.7 mm.) &#8211; 3\/8&#8243; (9.5 mm.) &#8211; 1\/4&#8243; (6.35 mm.)<\/td>\n<\/tr>\n<tr>\n<td>Bits U\u00e7 Adapt\u00f6r\u00fc<\/td>\n<td>1\/4&#8221; (6.35 mm.)<\/td>\n<\/tr>\n<tr>\n<td>Bo\u015ftaki H\u0131z\u0131<\/td>\n<td>450 rpm<\/td>\n<\/tr>\n<tr>\n<td>Tork G\u00fcc\u00fc<\/td>\n<td>4.18 kg.m (41 Nm)<\/td>\n<\/tr>\n<tr>\n<td>Net A\u011f\u0131rl\u0131k<\/td>\n<td>0.60 kg.<\/td>\n<\/tr>\n<tr>\n<td>Uzunluk x \u00c7ap<\/td>\n<td>210 x 34 mm.<\/td>\n<\/tr>\n<tr>\n<td>Hava T\u00fcketimi<\/td>\n<td>0.13 m\u00b3\/dak<\/td>\n<\/tr>\n<tr>\n<td>Hava Giri\u015fi<\/td>\n<td>1\/4&#8243;<\/td>\n<\/tr>\n<tr>\n<td>Hortum \u00d6l\u00e7\u00fcs\u00fc <\/td>\n<td>6.5 mm.<\/td>\n<\/tr>\n<tr>\n<td>Hava Bas\u0131nc\u0131<\/td>\n<td>90 psi (6.3 kg.\/cm\u00b2)<\/td>\n<\/tr>\n<tr>\n<td>G\u00fcr\u00fclt\u00fc Seviyesi<\/td>\n<td>85 dBA<\/td>\n<\/tr>\n<tr>\n<td>Sars\u0131nt\u0131 Seviyesi<\/td>\n<td><2.5 m\/S\u00b2)<\/td>\n<\/tr>\n<tr>\n<td>Standart\u0131<\/td>\n<td>CE-Made in Taiwan<\/td>\n<\/tr>\n<\/table>\n","protected":false},"excerpt":{"rendered":"<div>\n\t\u2022 Adapt\u00f6rl\u00fc (Soket &#038; Bits U\u00e7)<\/div>\n<div>\n\t\u2022 Asma Kancas\u0131<\/div>\n<div>\n\t\u2022 H\u0131zl\u0131 Hava Ba\u011flant\u0131s\u0131<\/div>\n<div>\n\t<strong>Kullan\u0131m Alanlar\u0131 :<\/strong><\/div>\n<div>\n\t\u00c7abuk De\u011fi\u015febilen Adapt\u00f6rl\u00fc yap\u0131s\u0131sayesinde de\u011fi\u015fik \u00f6l\u00e7\u00fclerdeki Soket ve Bits ucu kullan\u0131lan ba\u015fta otomotiv sekt\u00f6r\u00fc olmak \u00fczere makina, in\u015faat ve pek \u00e7ok i\u015fte kullan\u0131ma uygundur.<\/div>\n<div>\n\t\u2022 \u00c7ok fonksiyonlu: 1\/2\u201d, 3\/8\u201d, 1\/4\u201d Soket Adapt\u00f6r\u00fc ve 1\/4\u201d Bits U\u00e7 Adapt\u00f6r\u00fc<\/div>\n<div>\n\t\u2022 B\u00fct\u00fcnle\u015fik ve Hafi f Yap\u0131: 210&#215;34 mm.; 0.60kg.<\/div>\n<div>\n\t\u2022 D\u00fc\u015f\u00fck g\u00fcr\u00fclt\u00fc ve Titre\u015fim<\/div>\n","protected":false},"featured_media":10747,"comment_status":"open","ping_status":"closed","template":"","meta":{"_acf_changed":false},"product_brand":[1512],"product_cat":[1071],"product_tag":[],"class_list":{"0":"post-10748","1":"product","2":"type-product","3":"status-publish","4":"has-post-thumbnail","6":"product_brand-gison","7":"product_cat-havali-circir-kollari","9":"first","10":"instock","11":"taxable","12":"shipping-taxable","13":"purchasable","14":"product-type-simple","15":"add-to-wishlist-after_add_to_cart"},"acf":[],"_links":{"self":[{"href":"https:\/\/www.makitamarket.com.tr\/site\/wp-json\/wp\/v2\/product\/10748","targetHints":{"allow":["GET"]}}],"collection":[{"href":"https:\/\/www.makitamarket.com.tr\/site\/wp-json\/wp\/v2\/product"}],"about":[{"href":"https:\/\/www.makitamarket.com.tr\/site\/wp-json\/wp\/v2\/types\/product"}],"replies":[{"embeddable":true,"href":"https:\/\/www.makitamarket.com.tr\/site\/wp-json\/wp\/v2\/comments?post=10748"}],"wp:featuredmedia":[{"embeddable":true,"href":"https:\/\/www.makitamarket.com.tr\/site\/wp-json\/wp\/v2\/media\/10747"}],"wp:attachment":[{"href":"https:\/\/www.makitamarket.com.tr\/site\/wp-json\/wp\/v2\/media?parent=10748"}],"wp:term":[{"taxonomy":"product_brand","embeddable":true,"href":"https:\/\/www.makitamarket.com.tr\/site\/wp-json\/wp\/v2\/product_brand?post=10748"},{"taxonomy":"product_cat","embeddable":true,"href":"https:\/\/www.makitamarket.com.tr\/site\/wp-json\/wp\/v2\/product_cat?post=10748"},{"taxonomy":"product_tag","embeddable":true,"href":"https:\/\/www.makitamarket.com.tr\/site\/wp-json\/wp\/v2\/product_tag?post=10748"}],"curies":[{"name":"wp","href":"https:\/\/api.w.org\/{rel}","templated":true}]}}