{"id":10758,"date":"2024-11-27T20:04:19","date_gmt":"2024-11-27T17:04:19","guid":{"rendered":"https:\/\/www.makitamarket.com.tr\/site\/urun\/bea-bea-sc-m2555-serit-vidalama-aparati\/"},"modified":"2026-04-06T13:23:09","modified_gmt":"2026-04-06T10:23:09","slug":"bea-bea-sc-m2555-serit-vidalama-aparati","status":"publish","type":"product","link":"https:\/\/www.makitamarket.com.tr\/site\/urun\/bea-bea-sc-m2555-serit-vidalama-aparati\/","title":{"rendered":"Bea BEA SC M2555 BEA SC M2555 \u015eER\u0130T V\u0130DALAMA APARATI"},"content":{"rendered":"<div>\n\t\u2022\u00a0<strong>MAK\u0130TA elektirikli tornavidalar i\u00e7in<\/strong> Makita FS6300X ile uymludur.<\/div>\n<div>\n\t<strong>\u015eER\u0130T V\u0130DALAMA APARATI<\/strong><\/div>\n<div>\n\t<strong>Paket \u0130\u00e7eri\u011fi:<\/strong><\/div>\n<div>\n\t\u2022 1 Adet vidalama aparat\u0131<br \/>\n\t\u2022\u00a01 Adet ba\u011flant\u0131 ba\u015fl\u0131\u011f\u0131<br \/>\n\t\u2022\u00a01 Adet bits u\u00e7<br \/>\n\t\u2022\u00a01 Adet allen u\u00e7<\/div>\n<table><\/table>\n","protected":false},"excerpt":{"rendered":"<div>\n\t\u2022\u00a0<strong>MAK\u0130TA elektirikli tornavidalar i\u00e7in<\/strong> Makita FS6300X ile uymludur.<\/div>\n<div>\n\t<strong>\u015eER\u0130T V\u0130DALAMA APARATI<\/strong><\/div>\n<div>\n\t<strong>Paket \u0130\u00e7eri\u011fi:<\/strong><\/div>\n<div>\n\t\u2022 1 Adet vidalama aparat\u0131<br \/>\n\t\u2022\u00a01 Adet ba\u011flant\u0131 ba\u015fl\u0131\u011f\u0131<br \/>\n\t\u2022\u00a01 Adet bits u\u00e7<br \/>\n\t\u2022\u00a01 Adet allen u\u00e7<\/div>\n","protected":false},"featured_media":10757,"comment_status":"open","ping_status":"closed","template":"","meta":{"_acf_changed":false},"product_brand":[1508],"product_cat":[1056],"product_tag":[],"class_list":{"0":"post-10758","1":"product","2":"type-product","3":"status-publish","4":"has-post-thumbnail","6":"product_brand-bea","7":"product_cat-civiler","9":"first","10":"instock","11":"taxable","12":"shipping-taxable","13":"purchasable","14":"product-type-simple","15":"add-to-wishlist-after_add_to_cart"},"acf":[],"_links":{"self":[{"href":"https:\/\/www.makitamarket.com.tr\/site\/wp-json\/wp\/v2\/product\/10758","targetHints":{"allow":["GET"]}}],"collection":[{"href":"https:\/\/www.makitamarket.com.tr\/site\/wp-json\/wp\/v2\/product"}],"about":[{"href":"https:\/\/www.makitamarket.com.tr\/site\/wp-json\/wp\/v2\/types\/product"}],"replies":[{"embeddable":true,"href":"https:\/\/www.makitamarket.com.tr\/site\/wp-json\/wp\/v2\/comments?post=10758"}],"wp:featuredmedia":[{"embeddable":true,"href":"https:\/\/www.makitamarket.com.tr\/site\/wp-json\/wp\/v2\/media\/10757"}],"wp:attachment":[{"href":"https:\/\/www.makitamarket.com.tr\/site\/wp-json\/wp\/v2\/media?parent=10758"}],"wp:term":[{"taxonomy":"product_brand","embeddable":true,"href":"https:\/\/www.makitamarket.com.tr\/site\/wp-json\/wp\/v2\/product_brand?post=10758"},{"taxonomy":"product_cat","embeddable":true,"href":"https:\/\/www.makitamarket.com.tr\/site\/wp-json\/wp\/v2\/product_cat?post=10758"},{"taxonomy":"product_tag","embeddable":true,"href":"https:\/\/www.makitamarket.com.tr\/site\/wp-json\/wp\/v2\/product_tag?post=10758"}],"curies":[{"name":"wp","href":"https:\/\/api.w.org\/{rel}","templated":true}]}}