{"id":10781,"date":"2024-11-27T20:04:28","date_gmt":"2024-11-27T17:04:28","guid":{"rendered":"https:\/\/www.makitamarket.com.tr\/site\/urun\/lavor-amator-soguk-yikama-makinasi-140-bar\/"},"modified":"2026-04-06T13:24:06","modified_gmt":"2026-04-06T10:24:06","slug":"lavor-amator-soguk-yikama-makinasi-140-bar","status":"publish","type":"product","link":"https:\/\/www.makitamarket.com.tr\/site\/urun\/lavor-amator-soguk-yikama-makinasi-140-bar\/","title":{"rendered":"Lavor LVR3140 AMAT\u00d6R SO\u011eUK YIKAMA MAK\u0130NASI 140 BAR"},"content":{"rendered":"<p>\n\tHer defada maks. 15 dk. \u00e7al\u0131\u015f\u0131r, min. 15 dk. dinlendirilmelidir<\/p>\n<table>\n<tr>\n<td>Max. Bas\u0131n\u00e7<\/td>\n<td>140 bar max.<\/td>\n<\/tr>\n<tr>\n<td>Debi<\/td>\n<td>4250 lt.\/h<\/td>\n<\/tr>\n<tr>\n<td>Is\u0131<\/td>\n<td>40\u00b0 C<\/td>\n<\/tr>\n<tr>\n<td>Motor G\u00fcc\u00fc<\/td>\n<td>1900 Watt\/220V<\/td>\n<\/tr>\n<tr>\n<td>Otomatik Stop Sistemi<\/td>\n<td>Mevcut<\/td>\n<\/tr>\n<tr>\n<td>Hortum<\/td>\n<td>6mt.1\/4<\/td>\n<\/tr>\n<tr>\n<td>A\u011f\u0131rl\u0131k<\/td>\n<td>10.4 Kg<\/td>\n<\/tr>\n<tr>\n<td>\u00d6l\u00e7\u00fcler<\/td>\n<td>39x30x57<\/td>\n<\/tr>\n<\/table>\n","protected":false},"excerpt":{"rendered":"<p>\n\tHer defada maks. 15 dk. \u00e7al\u0131\u015f\u0131r, min. 15 dk. dinlendirilmelidir<\/p>\n","protected":false},"featured_media":10780,"comment_status":"open","ping_status":"closed","template":"","meta":{"_acf_changed":false},"product_brand":[1493],"product_cat":[822],"product_tag":[],"class_list":{"0":"post-10781","1":"product","2":"type-product","3":"status-publish","4":"has-post-thumbnail","6":"product_brand-lavor","7":"product_cat-amator-hobi-soguk-yikama-makinalari","9":"first","10":"outofstock","11":"taxable","12":"shipping-taxable","13":"purchasable","14":"product-type-simple","15":"add-to-wishlist-after_add_to_cart"},"acf":[],"_links":{"self":[{"href":"https:\/\/www.makitamarket.com.tr\/site\/wp-json\/wp\/v2\/product\/10781","targetHints":{"allow":["GET"]}}],"collection":[{"href":"https:\/\/www.makitamarket.com.tr\/site\/wp-json\/wp\/v2\/product"}],"about":[{"href":"https:\/\/www.makitamarket.com.tr\/site\/wp-json\/wp\/v2\/types\/product"}],"replies":[{"embeddable":true,"href":"https:\/\/www.makitamarket.com.tr\/site\/wp-json\/wp\/v2\/comments?post=10781"}],"wp:featuredmedia":[{"embeddable":true,"href":"https:\/\/www.makitamarket.com.tr\/site\/wp-json\/wp\/v2\/media\/10780"}],"wp:attachment":[{"href":"https:\/\/www.makitamarket.com.tr\/site\/wp-json\/wp\/v2\/media?parent=10781"}],"wp:term":[{"taxonomy":"product_brand","embeddable":true,"href":"https:\/\/www.makitamarket.com.tr\/site\/wp-json\/wp\/v2\/product_brand?post=10781"},{"taxonomy":"product_cat","embeddable":true,"href":"https:\/\/www.makitamarket.com.tr\/site\/wp-json\/wp\/v2\/product_cat?post=10781"},{"taxonomy":"product_tag","embeddable":true,"href":"https:\/\/www.makitamarket.com.tr\/site\/wp-json\/wp\/v2\/product_tag?post=10781"}],"curies":[{"name":"wp","href":"https:\/\/api.w.org\/{rel}","templated":true}]}}