{"id":10822,"date":"2024-11-27T20:04:45","date_gmt":"2024-11-27T17:04:45","guid":{"rendered":"https:\/\/www.makitamarket.com.tr\/site\/urun\/proxxon-proxxon-28660-wp-e-polisaj-makinasi\/"},"modified":"2026-04-06T13:25:08","modified_gmt":"2026-04-06T10:25:08","slug":"proxxon-proxxon-28660-wp-e-polisaj-makinasi","status":"publish","type":"product","link":"https:\/\/www.makitamarket.com.tr\/site\/urun\/proxxon-proxxon-28660-wp-e-polisaj-makinasi\/","title":{"rendered":"Proxxon 28660 PROXXON 28660 WP\/E POL\u0130SAJ MAK\u0130NASI"},"content":{"rendered":"<div>\n\t<strong>Sevkiyat Kapsam\u0131:<\/strong> C\u0131rt c\u0131rtl\u0131 kau\u00e7uk z\u0131mpara altl\u0131\u011f\u0131, cilalama s\u00fcngeri (orta sert), kuzu y\u00fcn\u00fc cilalama diski, metaller ve demir i\u00e7ermeyen metaller i\u00e7in cilalama ke\u00e7esi (orta sert), 12 kumlama diski K 2000 ve NIGRIN parlat\u0131c\u0131 em\u00fclsiyon (75ml) ve mikro ber bez.<\/div>\n<div>\n\t<strong>Uyumlu Aksesuarlar:<\/strong><\/div>\n<div>\n\t<strong>28548<\/strong> kau\u00e7uk disk altl\u0131\u011f\u0131 (1)<\/div>\n<div>\n\t<strong>28664<\/strong> kuzu y\u00fcn\u00fc cilalama diski (2)<\/div>\n<div>\n\t<strong>29092 <\/strong>siyah polisaj s\u00fcngeri yumu\u015fak (2)<\/div>\n<div>\n\t<strong>29094<\/strong> sar\u0131 polisaj s\u00fcngeri orta sertlik (2)<\/div>\n<div>\n\t<strong>29096 <\/strong>beyaz polisaj s\u00fcngeri (2)<\/div>\n<div>\n\t<strong>28667 <\/strong>400 kum silikon karb\u00fcr z\u0131mpara diski (12)<\/div>\n<div>\n\t<strong>28668 <\/strong>1000 kum silikon karb\u00fcr z\u0131mpara diski (12)<\/div>\n<div>\n\t<strong>28670<\/strong> 2000 kum silikon karb\u00fcr z\u0131mpara diski (12)<\/div>\n<div>\n\t<strong>28666<\/strong> orta sertlikte polisaj ke\u00e7esi (2)<\/div>\n<div>\n\t<strong>29070<\/strong> profesyonel polisaj parlatma i\u015flemleri i\u00e7in set<\/div>\n<table>\n<tr>\n<td>Devir<\/td>\n<td>800-2.500 d\/dak<\/td>\n<\/tr>\n<tr>\n<td>Uzunluk<\/td>\n<td>270 cm<\/td>\n<\/tr>\n<tr>\n<td>A\u011f\u0131rl\u0131k<\/td>\n<td>720g<\/td>\n<\/tr>\n<tr>\n<td>Muhafaza<\/td>\n<td>Dayan\u0131kl\u0131 Plastik Kutu<\/td>\n<\/tr>\n<tr>\n<td>Voltaj<\/td>\n<td>220-240V<\/td>\n<\/tr>\n<tr>\n<td>G\u00fc\u00e7<\/td>\n<td>100 W<\/td>\n<\/tr>\n<\/table>\n","protected":false},"excerpt":{"rendered":"<div>\n\t<strong>Sevkiyat Kapsam\u0131:<\/strong> C\u0131rt c\u0131rtl\u0131 kau\u00e7uk z\u0131mpara altl\u0131\u011f\u0131, cilalama s\u00fcngeri (orta sert), kuzu y\u00fcn\u00fc cilalama diski, metaller ve demir i\u00e7ermeyen metaller i\u00e7in cilalama ke\u00e7esi (orta sert), 12 kumlama diski K 2000 ve NIGRIN parlat\u0131c\u0131 em\u00fclsiyon (75ml) ve mikro ber bez.<\/div>\n<div>\n\t<strong>Uyumlu Aksesuarlar:<\/strong><\/div>\n<div>\n\t<strong>28548<\/strong> kau\u00e7uk disk altl\u0131\u011f\u0131 (1)<\/div>\n<div>\n\t<strong>28664<\/strong> kuzu y\u00fcn\u00fc cilalama diski (2)<\/div>\n<div>\n\t<strong>29092 <\/strong>siyah polisaj s\u00fcngeri yumu\u015fak (2)<\/div>\n<div>\n\t<strong>29094<\/strong> sar\u0131 polisaj s\u00fcngeri orta sertlik (2)<\/div>\n<div>\n\t<strong>29096 <\/strong>beyaz polisaj s\u00fcngeri (2)<\/div>\n<div>\n\t<strong>28667 <\/strong>400 kum silikon karb\u00fcr z\u0131mpara diski (12)<\/div>\n<div>\n\t<strong>28668 <\/strong>1000 kum silikon karb\u00fcr z\u0131mpara diski (12)<\/div>\n<div>\n\t<strong>28670<\/strong> 2000 kum silikon karb\u00fcr z\u0131mpara diski (12)<\/div>\n<div>\n\t<strong>28666<\/strong> orta sertlikte polisaj ke\u00e7esi (2)<\/div>\n<div>\n\t<strong>29070<\/strong> profesyonel polisaj parlatma i\u015flemleri i\u00e7in set<\/div>\n","protected":false},"featured_media":10821,"comment_status":"open","ping_status":"closed","template":"","meta":{"_acf_changed":false},"product_brand":[1501],"product_cat":[1089],"product_tag":[],"class_list":{"0":"post-10822","1":"product","2":"type-product","3":"status-publish","4":"has-post-thumbnail","6":"product_brand-proxxon","7":"product_cat-polisaj-makinalari-elektrikli-mikro-aletler","9":"first","10":"outofstock","11":"taxable","12":"shipping-taxable","13":"purchasable","14":"product-type-simple","15":"add-to-wishlist-after_add_to_cart"},"acf":[],"_links":{"self":[{"href":"https:\/\/www.makitamarket.com.tr\/site\/wp-json\/wp\/v2\/product\/10822","targetHints":{"allow":["GET"]}}],"collection":[{"href":"https:\/\/www.makitamarket.com.tr\/site\/wp-json\/wp\/v2\/product"}],"about":[{"href":"https:\/\/www.makitamarket.com.tr\/site\/wp-json\/wp\/v2\/types\/product"}],"replies":[{"embeddable":true,"href":"https:\/\/www.makitamarket.com.tr\/site\/wp-json\/wp\/v2\/comments?post=10822"}],"wp:featuredmedia":[{"embeddable":true,"href":"https:\/\/www.makitamarket.com.tr\/site\/wp-json\/wp\/v2\/media\/10821"}],"wp:attachment":[{"href":"https:\/\/www.makitamarket.com.tr\/site\/wp-json\/wp\/v2\/media?parent=10822"}],"wp:term":[{"taxonomy":"product_brand","embeddable":true,"href":"https:\/\/www.makitamarket.com.tr\/site\/wp-json\/wp\/v2\/product_brand?post=10822"},{"taxonomy":"product_cat","embeddable":true,"href":"https:\/\/www.makitamarket.com.tr\/site\/wp-json\/wp\/v2\/product_cat?post=10822"},{"taxonomy":"product_tag","embeddable":true,"href":"https:\/\/www.makitamarket.com.tr\/site\/wp-json\/wp\/v2\/product_tag?post=10822"}],"curies":[{"name":"wp","href":"https:\/\/api.w.org\/{rel}","templated":true}]}}