{"id":10845,"date":"2024-11-27T20:04:52","date_gmt":"2024-11-27T17:04:52","guid":{"rendered":"https:\/\/www.makitamarket.com.tr\/site\/urun\/vivastar-caraskal-2000-kg\/"},"modified":"2025-11-16T06:09:52","modified_gmt":"2025-11-16T03:09:52","slug":"vivastar-caraskal-2000-kg","status":"publish","type":"product","link":"https:\/\/www.makitamarket.com.tr\/site\/urun\/vivastar-caraskal-2000-kg\/","title":{"rendered":"Vivastar VVCAR2-3 CARASKAL 2000 kg"},"content":{"rendered":"<table>\n<tr>\n<td>Kapasite (kg)<\/td>\n<td>2000<\/td>\n<\/tr>\n<tr>\n<td>Zincir Boyu (mt)<\/td>\n<td>3<\/td>\n<\/tr>\n<tr>\n<td>Zincir Donam Say\u0131s\u0131<\/td>\n<td>1<\/td>\n<\/tr>\n<tr>\n<td>Y\u00fck Zincir \u00c7ap\u0131 (mm)<\/td>\n<td>8<\/td>\n<\/tr>\n<tr>\n<td>Boyutlar (mm)<\/td>\n<td>28x21x24<\/td>\n<\/tr>\n<tr>\n<td>A\u011f\u0131rl\u0131k (Kg)<\/td>\n<td>19<\/td>\n<\/tr>\n<\/table>\n","protected":false},"excerpt":{"rendered":"<p>Kapasite (kg) 2000 Zincir Boyu (mt) 3 Zincir Donam Say\u0131s\u0131 1 Y\u00fck Zincir \u00c7ap\u0131 (mm) 8 Boyutlar (mm) 28x21x24 A\u011f\u0131rl\u0131k (Kg) 19<\/p>\n","protected":false},"featured_media":11320,"comment_status":"open","ping_status":"closed","template":"","meta":{"_acf_changed":false},"product_brand":[1509],"product_cat":[780],"product_tag":[],"class_list":{"0":"post-10845","1":"product","2":"type-product","3":"status-publish","4":"has-post-thumbnail","6":"product_brand-vivastar","7":"product_cat-vincler-caraskallar-hubsuglar","9":"first","10":"outofstock","11":"taxable","12":"shipping-taxable","13":"purchasable","14":"product-type-simple","15":"add-to-wishlist-after_add_to_cart"},"acf":[],"_links":{"self":[{"href":"https:\/\/www.makitamarket.com.tr\/site\/wp-json\/wp\/v2\/product\/10845","targetHints":{"allow":["GET"]}}],"collection":[{"href":"https:\/\/www.makitamarket.com.tr\/site\/wp-json\/wp\/v2\/product"}],"about":[{"href":"https:\/\/www.makitamarket.com.tr\/site\/wp-json\/wp\/v2\/types\/product"}],"replies":[{"embeddable":true,"href":"https:\/\/www.makitamarket.com.tr\/site\/wp-json\/wp\/v2\/comments?post=10845"}],"wp:featuredmedia":[{"embeddable":true,"href":"https:\/\/www.makitamarket.com.tr\/site\/wp-json\/wp\/v2\/media\/11320"}],"wp:attachment":[{"href":"https:\/\/www.makitamarket.com.tr\/site\/wp-json\/wp\/v2\/media?parent=10845"}],"wp:term":[{"taxonomy":"product_brand","embeddable":true,"href":"https:\/\/www.makitamarket.com.tr\/site\/wp-json\/wp\/v2\/product_brand?post=10845"},{"taxonomy":"product_cat","embeddable":true,"href":"https:\/\/www.makitamarket.com.tr\/site\/wp-json\/wp\/v2\/product_cat?post=10845"},{"taxonomy":"product_tag","embeddable":true,"href":"https:\/\/www.makitamarket.com.tr\/site\/wp-json\/wp\/v2\/product_tag?post=10845"}],"curies":[{"name":"wp","href":"https:\/\/api.w.org\/{rel}","templated":true}]}}