{"id":10867,"date":"2024-11-27T20:04:58","date_gmt":"2024-11-27T17:04:58","guid":{"rendered":"https:\/\/www.makitamarket.com.tr\/site\/urun\/virax-virax-1630-06-celik-boru-kesici-yedek-bicagi\/"},"modified":"2026-04-13T19:48:44","modified_gmt":"2026-04-13T16:48:44","slug":"virax-virax-1630-06-celik-boru-kesici-yedek-bicagi","status":"publish","type":"product","link":"https:\/\/www.makitamarket.com.tr\/site\/urun\/virax-virax-1630-06-celik-boru-kesici-yedek-bicagi\/","title":{"rendered":"Virax 163006 VIRAX 1630 06 \u00c7EL\u0130K BORU KES\u0130C\u0130 YEDEK BI\u00c7A\u011eI"},"content":{"rendered":"<table>\n<tr>\n<td>Uyumlu Kesici<\/td>\n<td>162140<\/td>\n<\/tr>\n<tr>\n<td>A (mm)<\/td>\n<td>41 mm<\/td>\n<\/tr>\n<tr>\n<td>A1 (mm)<\/td>\n<td>9.55 mm<\/td>\n<\/tr>\n<tr>\n<td>E (mm)<\/td>\n<td>28 mm<\/td>\n<\/tr>\n<tr>\n<td>Paket<\/td>\n<td>5 adet<\/td>\n<\/tr>\n<\/table>\n","protected":false},"excerpt":{"rendered":"<p>Uyumlu Kesici 162140 A (mm) 41 mm A1 (mm) 9.55 mm E (mm) 28 mm Paket 5 adet<\/p>\n","protected":false},"featured_media":10866,"comment_status":"open","ping_status":"closed","template":"","meta":{"_acf_changed":false},"product_brand":[1495],"product_cat":[826],"product_tag":[],"class_list":{"0":"post-10867","1":"product","2":"type-product","3":"status-publish","4":"has-post-thumbnail","6":"product_brand-virax","7":"product_cat-celik-boru-kesiciler","9":"first","10":"instock","11":"taxable","12":"shipping-taxable","13":"purchasable","14":"product-type-simple","15":"add-to-wishlist-after_add_to_cart"},"acf":[],"_links":{"self":[{"href":"https:\/\/www.makitamarket.com.tr\/site\/wp-json\/wp\/v2\/product\/10867","targetHints":{"allow":["GET"]}}],"collection":[{"href":"https:\/\/www.makitamarket.com.tr\/site\/wp-json\/wp\/v2\/product"}],"about":[{"href":"https:\/\/www.makitamarket.com.tr\/site\/wp-json\/wp\/v2\/types\/product"}],"replies":[{"embeddable":true,"href":"https:\/\/www.makitamarket.com.tr\/site\/wp-json\/wp\/v2\/comments?post=10867"}],"wp:featuredmedia":[{"embeddable":true,"href":"https:\/\/www.makitamarket.com.tr\/site\/wp-json\/wp\/v2\/media\/10866"}],"wp:attachment":[{"href":"https:\/\/www.makitamarket.com.tr\/site\/wp-json\/wp\/v2\/media?parent=10867"}],"wp:term":[{"taxonomy":"product_brand","embeddable":true,"href":"https:\/\/www.makitamarket.com.tr\/site\/wp-json\/wp\/v2\/product_brand?post=10867"},{"taxonomy":"product_cat","embeddable":true,"href":"https:\/\/www.makitamarket.com.tr\/site\/wp-json\/wp\/v2\/product_cat?post=10867"},{"taxonomy":"product_tag","embeddable":true,"href":"https:\/\/www.makitamarket.com.tr\/site\/wp-json\/wp\/v2\/product_tag?post=10867"}],"curies":[{"name":"wp","href":"https:\/\/api.w.org\/{rel}","templated":true}]}}