{"id":10881,"date":"2024-11-27T20:05:05","date_gmt":"2024-11-27T17:05:05","guid":{"rendered":"https:\/\/www.makitamarket.com.tr\/site\/urun\/gison-havali-civi-cakma-tabancasi\/"},"modified":"2026-04-06T13:27:01","modified_gmt":"2026-04-06T10:27:01","slug":"gison-havali-civi-cakma-tabancasi","status":"publish","type":"product","link":"https:\/\/www.makitamarket.com.tr\/site\/urun\/gison-havali-civi-cakma-tabancasi\/","title":{"rendered":"Gison GPF1850 HAVALI \u00c7\u0130V\u0130 \u00c7AKMA TABANCASI"},"content":{"rendered":"<div id=\"cke_pastebin\">\n\t\u2022 Yar\u0131 Ba\u015fl\u0131 \u00c7ivi<\/div>\n<div>\n\t\u2022 Emniyet Mandal\u0131<\/div>\n<table>\n<tr>\n<td>\u00c7ivi Tipi<\/td>\n<td>Yar\u0131 Ba\u015fl\u0131<\/td>\n<\/tr>\n<tr>\n<td>\u00c7ivi Uzunlu\u011fu<\/td>\n<td>15 &#8211; 50 mm.<\/td>\n<\/tr>\n<tr>\n<td>\u00c7ivi \u00c7ap\u0131<\/td>\n<td>1.25 x 1.00 mm.<\/td>\n<\/tr>\n<tr>\n<td>\u015earj\u00f6r Kapasitesi<\/td>\n<td>100 Ad.<\/td>\n<\/tr>\n<tr>\n<td>Uzunluk<\/td>\n<td>250 mm<\/td>\n<\/tr>\n<tr>\n<td>Net A\u011f\u0131rl\u0131k<\/td>\n<td>1.45 kg.<\/td>\n<\/tr>\n<tr>\n<td>G\u00fcr\u00fclt\u00fc Seviyesi<\/td>\n<td>95 dBA<\/td>\n<\/tr>\n<tr>\n<td>Hava Bas\u0131nc\u0131<\/td>\n<td>90 psi (6.3 kg.\/cm\u00b2)<\/td>\n<\/tr>\n<tr>\n<td>Sars\u0131nt\u0131 Seviyesi<\/td>\n<td>1.8 m\/S\u00b2<\/td>\n<\/tr>\n<tr>\n<td>Standart\u0131<\/td>\n<td>CE-Made in Taiwan<\/td>\n<\/tr>\n<tr>\n<td>Y\u00fckseklik<\/td>\n<td>235 mm.<\/td>\n<\/tr>\n<tr>\n<td>Geni\u015flik<\/td>\n<td>55 mm.<\/td>\n<\/tr>\n<\/table>\n","protected":false},"excerpt":{"rendered":"<div id=\"cke_pastebin\">\n\t\u2022 Yar\u0131 Ba\u015fl\u0131 \u00c7ivi<\/div>\n<div>\n\t\u2022 Emniyet Mandal\u0131<\/div>\n","protected":false},"featured_media":10880,"comment_status":"open","ping_status":"closed","template":"","meta":{"_acf_changed":false},"product_brand":[1512],"product_cat":[788],"product_tag":[],"class_list":{"0":"post-10881","1":"product","2":"type-product","3":"status-publish","4":"has-post-thumbnail","6":"product_brand-gison","7":"product_cat-havali-civi-cakma-tabancalari","9":"first","10":"outofstock","11":"taxable","12":"shipping-taxable","13":"purchasable","14":"product-type-simple","15":"add-to-wishlist-after_add_to_cart"},"acf":[],"_links":{"self":[{"href":"https:\/\/www.makitamarket.com.tr\/site\/wp-json\/wp\/v2\/product\/10881","targetHints":{"allow":["GET"]}}],"collection":[{"href":"https:\/\/www.makitamarket.com.tr\/site\/wp-json\/wp\/v2\/product"}],"about":[{"href":"https:\/\/www.makitamarket.com.tr\/site\/wp-json\/wp\/v2\/types\/product"}],"replies":[{"embeddable":true,"href":"https:\/\/www.makitamarket.com.tr\/site\/wp-json\/wp\/v2\/comments?post=10881"}],"wp:featuredmedia":[{"embeddable":true,"href":"https:\/\/www.makitamarket.com.tr\/site\/wp-json\/wp\/v2\/media\/10880"}],"wp:attachment":[{"href":"https:\/\/www.makitamarket.com.tr\/site\/wp-json\/wp\/v2\/media?parent=10881"}],"wp:term":[{"taxonomy":"product_brand","embeddable":true,"href":"https:\/\/www.makitamarket.com.tr\/site\/wp-json\/wp\/v2\/product_brand?post=10881"},{"taxonomy":"product_cat","embeddable":true,"href":"https:\/\/www.makitamarket.com.tr\/site\/wp-json\/wp\/v2\/product_cat?post=10881"},{"taxonomy":"product_tag","embeddable":true,"href":"https:\/\/www.makitamarket.com.tr\/site\/wp-json\/wp\/v2\/product_tag?post=10881"}],"curies":[{"name":"wp","href":"https:\/\/api.w.org\/{rel}","templated":true}]}}