{"id":10901,"date":"2024-11-27T20:05:16","date_gmt":"2024-11-27T17:05:16","guid":{"rendered":"https:\/\/www.makitamarket.com.tr\/site\/urun\/optimum-spw-kalip-baglama-seti-spw16\/"},"modified":"2025-11-16T05:58:22","modified_gmt":"2025-11-16T02:58:22","slug":"optimum-spw-kalip-baglama-seti-spw16","status":"publish","type":"product","link":"https:\/\/www.makitamarket.com.tr\/site\/urun\/optimum-spw-kalip-baglama-seti-spw16\/","title":{"rendered":"Optimum 3352019 SPW KALIP BA\u011eLAMA SET\u0130 SPW16"},"content":{"rendered":"<p>\n\t58 par\u00e7a<\/p>\n<div>\n\t\u2022 Duvar ba\u011flant\u0131 \u00fcnitesi<\/div>\n<div>\n\t\u2022 Metrik di\u015fli<\/div>\n<div>\n\t\u2022 24 adet c\u0131vata<\/div>\n<div>\n\t\u2022 6 adet T somun<\/div>\n<div>\n\t\u2022 6 adet somun<\/div>\n<div>\n\t\u2022 4 adet e\u015fleme somunu<\/div>\n<div>\n\t\u2022 6 adet pabu\u00e7 kilidi<\/div>\n<div>\n\t\u2022 12 adet pabu\u00e7 blo\u011fu<\/div>\n<table>\n<tr>\n<td>Tan\u0131m\u0131<\/td>\n<td>SPW16 Kal\u0131p ba\u011flama seti \u2022 T-slot somunu 18 mm \u2022 M16<\/td>\n<\/tr>\n<\/table>\n","protected":false},"excerpt":{"rendered":"<p>\n\t58 par\u00e7a<\/p>\n<div>\n\t\u2022 Duvar ba\u011flant\u0131 \u00fcnitesi<\/div>\n<div>\n\t\u2022 Metrik di\u015fli<\/div>\n<div>\n\t\u2022 24 adet c\u0131vata<\/div>\n<div>\n\t\u2022 6 adet T somun<\/div>\n<div>\n\t\u2022 6 adet somun<\/div>\n<div>\n\t\u2022 4 adet e\u015fleme somunu<\/div>\n<div>\n\t\u2022 6 adet pabu\u00e7 kilidi<\/div>\n<div>\n\t\u2022 12 adet pabu\u00e7 blo\u011fu<\/div>\n","protected":false},"featured_media":0,"comment_status":"open","ping_status":"closed","template":"","meta":{"_acf_changed":false},"product_brand":[1511],"product_cat":[824],"product_tag":[],"class_list":{"0":"post-10901","1":"product","2":"type-product","3":"status-publish","5":"product_brand-optimum","6":"product_cat-aksesuarlar-metal-isleme-makinalari-2","8":"first","9":"outofstock","10":"taxable","11":"shipping-taxable","12":"purchasable","13":"product-type-simple","14":"add-to-wishlist-after_add_to_cart"},"acf":[],"_links":{"self":[{"href":"https:\/\/www.makitamarket.com.tr\/site\/wp-json\/wp\/v2\/product\/10901","targetHints":{"allow":["GET"]}}],"collection":[{"href":"https:\/\/www.makitamarket.com.tr\/site\/wp-json\/wp\/v2\/product"}],"about":[{"href":"https:\/\/www.makitamarket.com.tr\/site\/wp-json\/wp\/v2\/types\/product"}],"replies":[{"embeddable":true,"href":"https:\/\/www.makitamarket.com.tr\/site\/wp-json\/wp\/v2\/comments?post=10901"}],"wp:attachment":[{"href":"https:\/\/www.makitamarket.com.tr\/site\/wp-json\/wp\/v2\/media?parent=10901"}],"wp:term":[{"taxonomy":"product_brand","embeddable":true,"href":"https:\/\/www.makitamarket.com.tr\/site\/wp-json\/wp\/v2\/product_brand?post=10901"},{"taxonomy":"product_cat","embeddable":true,"href":"https:\/\/www.makitamarket.com.tr\/site\/wp-json\/wp\/v2\/product_cat?post=10901"},{"taxonomy":"product_tag","embeddable":true,"href":"https:\/\/www.makitamarket.com.tr\/site\/wp-json\/wp\/v2\/product_tag?post=10901"}],"curies":[{"name":"wp","href":"https:\/\/api.w.org\/{rel}","templated":true}]}}