{"id":11068,"date":"2024-11-27T20:06:16","date_gmt":"2024-11-27T17:06:16","guid":{"rendered":"https:\/\/www.makitamarket.com.tr\/site\/urun\/proxxon-proxxon-28492-ibs-e-matkap-freze\/"},"modified":"2026-04-06T13:31:06","modified_gmt":"2026-04-06T10:31:06","slug":"proxxon-proxxon-28492-ibs-e-matkap-freze","status":"publish","type":"product","link":"https:\/\/www.makitamarket.com.tr\/site\/urun\/proxxon-proxxon-28492-ibs-e-matkap-freze\/","title":{"rendered":"Proxxon 28492 WB 220\/E PROXXON 28492 IBS\/E MATKAP FREZE"},"content":{"rendered":"<div>\n\t<strong>Kullan\u0131m Alanlar\u0131 :<\/strong> Eri\u015filmesi zor alanlarda delme, frezeleme ve z\u0131mpara yapmakda kullan\u0131l\u0131r.<\/div>\n<div>\n\t<strong>Sevkiyat kapsam\u0131 : <\/strong>6 adet \u00e7elik pens ile birlikte sevk edilir. (1-1,5-2-2,4-3-3,2 mm)<\/div>\n<div>\n\t<strong>Uyumlu Aksesuarlar :<\/strong> Aksesuarlar b\u00f6l\u00fcm\u00fcndeki delem, frezeleme , z\u0131mparalama, polisaj ve ta\u015flama u\u00e7lar\u0131 ile birlikte kullan\u0131l\u0131r.<\/div>\n<table>\n<tr>\n<td>Devir<\/td>\n<td>3,000-15,000 d\/dak<\/td>\n<\/tr>\n<tr>\n<td>A\u011f\u0131rl\u0131k<\/td>\n<td>550 g<\/td>\n<\/tr>\n<tr>\n<td>Voltaj<\/td>\n<td>220-240V<\/td>\n<\/tr>\n<tr>\n<td>Mandren Kapasitesi<\/td>\n<td>1-3.2 mm anahtars\u0131z<\/td>\n<\/tr>\n<tr>\n<td>Uzunluk<\/td>\n<td>27 cm<\/td>\n<\/tr>\n<tr>\n<td>G\u00fc\u00e7<\/td>\n<td>100 W<\/td>\n<\/tr>\n<tr>\n<td>Muhafaza<\/td>\n<td>Dayan\u0131kl\u0131 Plastik Kutu<\/td>\n<\/tr>\n<\/table>\n","protected":false},"excerpt":{"rendered":"<div>\n\t<strong>Kullan\u0131m Alanlar\u0131 :<\/strong> Eri\u015filmesi zor alanlarda delme, frezeleme ve z\u0131mpara yapmakda kullan\u0131l\u0131r.<\/div>\n<div>\n\t<strong>Sevkiyat kapsam\u0131 : <\/strong>6 adet \u00e7elik pens ile birlikte sevk edilir. (1-1,5-2-2,4-3-3,2 mm)<\/div>\n<div>\n\t<strong>Uyumlu Aksesuarlar :<\/strong> Aksesuarlar b\u00f6l\u00fcm\u00fcndeki delem, frezeleme , z\u0131mparalama, polisaj ve ta\u015flama u\u00e7lar\u0131 ile birlikte kullan\u0131l\u0131r.<\/div>\n","protected":false},"featured_media":11067,"comment_status":"open","ping_status":"closed","template":"","meta":{"_acf_changed":false},"product_brand":[1501],"product_cat":[869],"product_tag":[],"class_list":{"0":"post-11068","1":"product","2":"type-product","3":"status-publish","4":"has-post-thumbnail","6":"product_brand-proxxon","7":"product_cat-matkap-freze-makinalari","9":"first","10":"outofstock","11":"taxable","12":"shipping-taxable","13":"purchasable","14":"product-type-simple","15":"add-to-wishlist-after_add_to_cart"},"acf":[],"_links":{"self":[{"href":"https:\/\/www.makitamarket.com.tr\/site\/wp-json\/wp\/v2\/product\/11068","targetHints":{"allow":["GET"]}}],"collection":[{"href":"https:\/\/www.makitamarket.com.tr\/site\/wp-json\/wp\/v2\/product"}],"about":[{"href":"https:\/\/www.makitamarket.com.tr\/site\/wp-json\/wp\/v2\/types\/product"}],"replies":[{"embeddable":true,"href":"https:\/\/www.makitamarket.com.tr\/site\/wp-json\/wp\/v2\/comments?post=11068"}],"wp:featuredmedia":[{"embeddable":true,"href":"https:\/\/www.makitamarket.com.tr\/site\/wp-json\/wp\/v2\/media\/11067"}],"wp:attachment":[{"href":"https:\/\/www.makitamarket.com.tr\/site\/wp-json\/wp\/v2\/media?parent=11068"}],"wp:term":[{"taxonomy":"product_brand","embeddable":true,"href":"https:\/\/www.makitamarket.com.tr\/site\/wp-json\/wp\/v2\/product_brand?post=11068"},{"taxonomy":"product_cat","embeddable":true,"href":"https:\/\/www.makitamarket.com.tr\/site\/wp-json\/wp\/v2\/product_cat?post=11068"},{"taxonomy":"product_tag","embeddable":true,"href":"https:\/\/www.makitamarket.com.tr\/site\/wp-json\/wp\/v2\/product_tag?post=11068"}],"curies":[{"name":"wp","href":"https:\/\/api.w.org\/{rel}","templated":true}]}}