{"id":11229,"date":"2024-11-27T20:07:16","date_gmt":"2024-11-27T17:07:16","guid":{"rendered":"https:\/\/www.makitamarket.com.tr\/site\/urun\/honeywell-sperian-optifit-twin-tam-yuz-maskesi\/"},"modified":"2026-04-06T13:35:00","modified_gmt":"2026-04-06T10:35:00","slug":"honeywell-sperian-optifit-twin-tam-yuz-maskesi","status":"publish","type":"product","link":"https:\/\/www.makitamarket.com.tr\/site\/urun\/honeywell-sperian-optifit-twin-tam-yuz-maskesi\/","title":{"rendered":"Honeywell 1715241 SPERIAN OPTIFIT TWIN TAM Y\u00dcZ MASKES\u0130"},"content":{"rendered":"<p>Polikarbon cam\u0131 \u00e7\u00f6kme ve b\u00fck\u00fclmelere kar\u015f\u0131 dayan\u0131kl\u0131d\u0131r.<br \/>\nY\u00fcksek h\u0131zdaki partik\u00fcllere kar\u015f\u0131 koruma sa\u011flar.<br \/>\nKimyasal s\u0131\u00e7ramalara kar\u015f\u0131 g\u00f6z\u00fc ve y\u00fcz\u00fc korur.<br \/>\nTermoplastik elostamer 5 noktadan ba\u011fl\u0131 ba\u015f band\u0131 y\u00fcksek diren\u00e7li ve esnekli\u011fi ile kolay ayarlama sa\u011flar.<br \/>\nSilikonlu y\u00fcz \u00e7eperi su ge\u00e7irmez ve m\u00fckemmel konfor sa\u011flar.<br \/>\nKonu\u015fma diyagraml\u0131d\u0131r.<\/p>\n<p>TAM Y\u00dcZ MASKES\u0130 F\u0130LTRES\u0130ZD\u0130R. <\/p>\n<table>\n<tr>\n<td>Kutu Miktar\u0131<\/td>\n<td>1 Adet<\/td>\n<\/tr>\n<tr>\n<td>Standard\u0131<\/td>\n<td>CE EN 136<\/td>\n<\/tr>\n<\/table>\n","protected":false},"excerpt":{"rendered":"<p>Polikarbon cam\u0131 \u00e7\u00f6kme ve b\u00fck\u00fclmelere kar\u015f\u0131 dayan\u0131kl\u0131d\u0131r.<br \/>\nY\u00fcksek h\u0131zdaki partik\u00fcllere kar\u015f\u0131 koruma sa\u011flar.<br \/>\nKimyasal s\u0131\u00e7ramalara kar\u015f\u0131 g\u00f6z\u00fc ve y\u00fcz\u00fc korur.<br \/>\nTermoplastik elostamer 5 noktadan ba\u011fl\u0131 ba\u015f band\u0131 y\u00fcksek diren\u00e7li ve esnekli\u011fi ile kolay ayarlama sa\u011flar.<br \/>\nSilikonlu y\u00fcz \u00e7eperi su ge\u00e7irmez ve m\u00fckemmel konfor sa\u011flar.<br \/>\nKonu\u015fma diyagraml\u0131d\u0131r.<\/p>\n<p>TAM Y\u00dcZ MASKES\u0130 F\u0130LTRES\u0130ZD\u0130R. <\/p>\n","protected":false},"featured_media":11228,"comment_status":"open","ping_status":"closed","template":"","meta":{"_acf_changed":false},"product_brand":[1516],"product_cat":[1565],"product_tag":[],"class_list":{"0":"post-11229","1":"product","2":"type-product","3":"status-publish","4":"has-post-thumbnail","6":"product_brand-honeywell","7":"product_cat-yok-yok","9":"first","10":"instock","11":"taxable","12":"shipping-taxable","13":"purchasable","14":"product-type-simple","15":"add-to-wishlist-after_add_to_cart"},"acf":[],"_links":{"self":[{"href":"https:\/\/www.makitamarket.com.tr\/site\/wp-json\/wp\/v2\/product\/11229","targetHints":{"allow":["GET"]}}],"collection":[{"href":"https:\/\/www.makitamarket.com.tr\/site\/wp-json\/wp\/v2\/product"}],"about":[{"href":"https:\/\/www.makitamarket.com.tr\/site\/wp-json\/wp\/v2\/types\/product"}],"replies":[{"embeddable":true,"href":"https:\/\/www.makitamarket.com.tr\/site\/wp-json\/wp\/v2\/comments?post=11229"}],"wp:featuredmedia":[{"embeddable":true,"href":"https:\/\/www.makitamarket.com.tr\/site\/wp-json\/wp\/v2\/media\/11228"}],"wp:attachment":[{"href":"https:\/\/www.makitamarket.com.tr\/site\/wp-json\/wp\/v2\/media?parent=11229"}],"wp:term":[{"taxonomy":"product_brand","embeddable":true,"href":"https:\/\/www.makitamarket.com.tr\/site\/wp-json\/wp\/v2\/product_brand?post=11229"},{"taxonomy":"product_cat","embeddable":true,"href":"https:\/\/www.makitamarket.com.tr\/site\/wp-json\/wp\/v2\/product_cat?post=11229"},{"taxonomy":"product_tag","embeddable":true,"href":"https:\/\/www.makitamarket.com.tr\/site\/wp-json\/wp\/v2\/product_tag?post=11229"}],"curies":[{"name":"wp","href":"https:\/\/api.w.org\/{rel}","templated":true}]}}