{"id":11293,"date":"2024-11-27T20:07:43","date_gmt":"2024-11-27T17:07:43","guid":{"rendered":"https:\/\/www.makitamarket.com.tr\/site\/urun\/powerwash-islak-kuru-vakum-makinasi-1000w\/"},"modified":"2025-11-16T06:09:18","modified_gmt":"2025-11-16T03:09:18","slug":"powerwash-islak-kuru-vakum-makinasi-1000w","status":"publish","type":"product","link":"https:\/\/www.makitamarket.com.tr\/site\/urun\/powerwash-islak-kuru-vakum-makinasi-1000w\/","title":{"rendered":"Powerwash VAC40P ISLAK &#8211; KURU VAKUM MAK\u0130NASI 1000W"},"content":{"rendered":"<table>\n<tr>\n<td>Vakum<\/td>\n<td>2000mm H2O<\/td>\n<\/tr>\n<tr>\n<td>So\u011futma<\/td>\n<td>By-Pass<\/td>\n<\/tr>\n<tr>\n<td>Motor<\/td>\n<td>1000 Watt<\/td>\n<\/tr>\n<tr>\n<td>Kapasite<\/td>\n<td>30 lt Kazan<\/td>\n<\/tr>\n<tr>\n<td>Ses<\/td>\n<td>85 dB(A)<\/td>\n<\/tr>\n<tr>\n<td>Hava Aktar\u0131m\u0131<\/td>\n<td>L\/s 53<\/td>\n<\/tr>\n<tr>\n<td>Sistem<\/td>\n<td>Islak&#038;kuru<\/td>\n<\/tr>\n<tr>\n<td>Kablo<\/td>\n<td>7m<\/td>\n<\/tr>\n<tr>\n<td>\u00c7al\u0131\u015fma Voltaj\u0131<\/td>\n<td>220\/240V<\/td>\n<\/tr>\n<tr>\n<td>\u00d6l\u00e7\u00fcler<\/td>\n<td>41x41x76<\/td>\n<\/tr>\n<\/table>\n","protected":false},"excerpt":{"rendered":"<p>Vakum 2000mm H2O So\u011futma By-Pass Motor 1000 Watt Kapasite 30 lt Kazan Ses 85 dB(A) Hava Aktar\u0131m\u0131 L\/s 53 Sistem Islak&#038;kuru Kablo 7m \u00c7al\u0131\u015fma Voltaj\u0131 220\/240V \u00d6l\u00e7\u00fcler 41x41x76<\/p>\n","protected":false},"featured_media":11292,"comment_status":"open","ping_status":"closed","template":"","meta":{"_acf_changed":false},"product_brand":[1489],"product_cat":[1565],"product_tag":[],"class_list":{"0":"post-11293","1":"product","2":"type-product","3":"status-publish","4":"has-post-thumbnail","6":"product_brand-powerwash","7":"product_cat-yok-yok","9":"first","10":"outofstock","11":"taxable","12":"shipping-taxable","13":"purchasable","14":"product-type-simple","15":"add-to-wishlist-after_add_to_cart"},"acf":[],"_links":{"self":[{"href":"https:\/\/www.makitamarket.com.tr\/site\/wp-json\/wp\/v2\/product\/11293","targetHints":{"allow":["GET"]}}],"collection":[{"href":"https:\/\/www.makitamarket.com.tr\/site\/wp-json\/wp\/v2\/product"}],"about":[{"href":"https:\/\/www.makitamarket.com.tr\/site\/wp-json\/wp\/v2\/types\/product"}],"replies":[{"embeddable":true,"href":"https:\/\/www.makitamarket.com.tr\/site\/wp-json\/wp\/v2\/comments?post=11293"}],"wp:featuredmedia":[{"embeddable":true,"href":"https:\/\/www.makitamarket.com.tr\/site\/wp-json\/wp\/v2\/media\/11292"}],"wp:attachment":[{"href":"https:\/\/www.makitamarket.com.tr\/site\/wp-json\/wp\/v2\/media?parent=11293"}],"wp:term":[{"taxonomy":"product_brand","embeddable":true,"href":"https:\/\/www.makitamarket.com.tr\/site\/wp-json\/wp\/v2\/product_brand?post=11293"},{"taxonomy":"product_cat","embeddable":true,"href":"https:\/\/www.makitamarket.com.tr\/site\/wp-json\/wp\/v2\/product_cat?post=11293"},{"taxonomy":"product_tag","embeddable":true,"href":"https:\/\/www.makitamarket.com.tr\/site\/wp-json\/wp\/v2\/product_tag?post=11293"}],"curies":[{"name":"wp","href":"https:\/\/api.w.org\/{rel}","templated":true}]}}