{"id":11324,"date":"2024-11-27T20:07:56","date_gmt":"2024-11-27T17:07:56","guid":{"rendered":"https:\/\/www.makitamarket.com.tr\/site\/urun\/proxxon-proxxon-28600-mb200-micromat-matkap-standi\/"},"modified":"2026-04-13T19:56:36","modified_gmt":"2026-04-13T16:56:36","slug":"proxxon-proxxon-28600-mb200-micromat-matkap-standi","status":"publish","type":"product","link":"https:\/\/www.makitamarket.com.tr\/site\/urun\/proxxon-proxxon-28600-mb200-micromat-matkap-standi\/","title":{"rendered":"Proxxon 28600 PROXXON 28600 MB200 M\u0130CROMAT MATKAP STANDI"},"content":{"rendered":"<div>\n\t<strong>Ge\u00e7me k\u0131lavuzlara sahip ba\u015fl\u0131k 90\u00b0 e\u011filebilir (\u00f6l\u00e7\u00fc halkas\u0131 bulunmaktad\u0131r).Konik delme ve \u00e7ok y\u00f6nl\u00fc frezeleme i\u015flemleri yap\u0131labilir<\/strong>.Geri d\u00f6n\u00fc\u015f\u00fc yayl\u0131 di\u015fli besleme, yormadan ve hassas bir \u015fekilde i\u015flem yap\u0131labilmesine olanak sa\u011flar. Ayarlanabilir durdurma s\u0131n\u0131r\u0131 ile pratik delme derinli\u011fi \u00f6l\u00e7\u00fcm\u00fc (maksimum 40mm hareketli). MICROMOT delme ve frezeleme cihazlar\u0131 i\u00e7in standart 20mm ayar bilezi\u011fi ile. Sa\u011flam, sert krom kapl\u0131 \u00e7elik kaide (280 x 20mm) ve 140mm bo\u011faz kapasitesi ile<\/div>\n<table><\/table>\n","protected":false},"excerpt":{"rendered":"<div>\n\t<strong>Ge\u00e7me k\u0131lavuzlara sahip ba\u015fl\u0131k 90\u00b0 e\u011filebilir (\u00f6l\u00e7\u00fc halkas\u0131 bulunmaktad\u0131r).Konik delme ve \u00e7ok y\u00f6nl\u00fc frezeleme i\u015flemleri yap\u0131labilir<\/strong>.Geri d\u00f6n\u00fc\u015f\u00fc yayl\u0131 di\u015fli besleme, yormadan ve hassas bir \u015fekilde i\u015flem yap\u0131labilmesine olanak sa\u011flar. Ayarlanabilir durdurma s\u0131n\u0131r\u0131 ile pratik delme derinli\u011fi \u00f6l\u00e7\u00fcm\u00fc (maksimum 40mm hareketli). MICROMOT delme ve frezeleme cihazlar\u0131 i\u00e7in standart 20mm ayar bilezi\u011fi ile. Sa\u011flam, sert krom kapl\u0131 \u00e7elik kaide (280 x 20mm) ve 140mm bo\u011faz kapasitesi ile<\/div>\n","protected":false},"featured_media":11323,"comment_status":"open","ping_status":"closed","template":"","meta":{"_acf_changed":false},"product_brand":[1501],"product_cat":[1565],"product_tag":[],"class_list":{"0":"post-11324","1":"product","2":"type-product","3":"status-publish","4":"has-post-thumbnail","6":"product_brand-proxxon","7":"product_cat-yok-yok","9":"first","10":"instock","11":"taxable","12":"shipping-taxable","13":"purchasable","14":"product-type-simple","15":"add-to-wishlist-after_add_to_cart"},"acf":[],"_links":{"self":[{"href":"https:\/\/www.makitamarket.com.tr\/site\/wp-json\/wp\/v2\/product\/11324","targetHints":{"allow":["GET"]}}],"collection":[{"href":"https:\/\/www.makitamarket.com.tr\/site\/wp-json\/wp\/v2\/product"}],"about":[{"href":"https:\/\/www.makitamarket.com.tr\/site\/wp-json\/wp\/v2\/types\/product"}],"replies":[{"embeddable":true,"href":"https:\/\/www.makitamarket.com.tr\/site\/wp-json\/wp\/v2\/comments?post=11324"}],"wp:featuredmedia":[{"embeddable":true,"href":"https:\/\/www.makitamarket.com.tr\/site\/wp-json\/wp\/v2\/media\/11323"}],"wp:attachment":[{"href":"https:\/\/www.makitamarket.com.tr\/site\/wp-json\/wp\/v2\/media?parent=11324"}],"wp:term":[{"taxonomy":"product_brand","embeddable":true,"href":"https:\/\/www.makitamarket.com.tr\/site\/wp-json\/wp\/v2\/product_brand?post=11324"},{"taxonomy":"product_cat","embeddable":true,"href":"https:\/\/www.makitamarket.com.tr\/site\/wp-json\/wp\/v2\/product_cat?post=11324"},{"taxonomy":"product_tag","embeddable":true,"href":"https:\/\/www.makitamarket.com.tr\/site\/wp-json\/wp\/v2\/product_tag?post=11324"}],"curies":[{"name":"wp","href":"https:\/\/api.w.org\/{rel}","templated":true}]}}