{"id":11576,"date":"2024-11-27T20:09:44","date_gmt":"2024-11-27T17:09:44","guid":{"rendered":"https:\/\/www.makitamarket.com.tr\/site\/urun\/proxxon-proxxon-28690-mis-1-micro-tornavida\/"},"modified":"2026-04-06T13:44:10","modified_gmt":"2026-04-06T10:44:10","slug":"proxxon-proxxon-28690-mis-1-micro-tornavida","status":"publish","type":"product","link":"https:\/\/www.makitamarket.com.tr\/site\/urun\/proxxon-proxxon-28690-mis-1-micro-tornavida\/","title":{"rendered":"Proxxon 28690 MIS 1 PROXXON 28690 MIS 1 M\u0130CRO TORNAV\u0130DA"},"content":{"rendered":"<div>\n\t<span style=\"font-family:tahoma,geneva,sans-serif;\"><span style=\"font-size:12px;\"><strong>Kullan\u0131m Alanlar\u0131 : <\/strong>Muhtelif vidalama i\u015flerinde kullanl\u0131r.<\/span><\/span><\/div>\n<div>\n\t<strong>Sevkiyat Kapsam\u0131:<\/strong><\/div>\n<div>\n\t<strong>D\u00fcz :<\/strong> 0,3&#215;1,5 &#8211; 0,35&#215;2,0 &#8211; 0,4&#215;2,5mm<\/div>\n<div>\n\t<strong>Y\u0131ld\u0131z :<\/strong> 0 ve 1mm<\/div>\n<div>\n\t<strong>Torx :<\/strong> T6, T8, T10<\/div>\n<div>\n\t<strong>Lokma :<\/strong> 3,0 &#8211; 3,5 &#8211; 4,0 &#8211; 4,5 &#8211; 5,0mm<\/div>\n<div>\n\t<strong>Allen : <\/strong>1,5 &#8211; 2,0 &#8211; 2,5mm<\/div>\n<div>\n\t\u2022\u00a0<strong>Makinaya adapt\u00f6r dahil de\u011fildir.<br \/>\n\t<\/strong><\/div>\n<div>\n\t12-18 Volt NG2\/E (2.0 Amper) Adapt\u00f6r \u00f6nerilir.<\/div>\n<div>\n\t<strong>Uyumlu Aksesuarlar: <\/strong><\/div>\n<div>\n\t<strong>PROX28704:<\/strong> Micromot adapt\u00f6r<\/div>\n<div>\n\t<strong>PROX28707:<\/strong> Micromot adapt\u00f6r<\/div>\n<div>\n\t<strong>PROX28706:<\/strong> Micromot adapt\u00f6r<\/div>\n<div>\n\t<span style=\"font-family:tahoma,geneva,sans-serif;\"><span style=\"font-size:12px;\"><br \/>\n\t<\/span><\/span><\/div>\n<table>\n<tr>\n<td>G\u00fc\u00e7<\/td>\n<td>50 Watt<\/td>\n<\/tr>\n<tr>\n<td>\u00c7al\u0131\u015fma gerilimi<\/td>\n<td>12-18V<\/td>\n<\/tr>\n<tr>\n<td>Tork<\/td>\n<td>0.35-2Nm<\/td>\n<\/tr>\n<tr>\n<td>Mandren Kapasitesi<\/td>\n<td>6.5mm r\u00f6hm<\/td>\n<\/tr>\n<\/table>\n","protected":false},"excerpt":{"rendered":"<div>\n\t<span style=\"font-family:tahoma,geneva,sans-serif;\"><span style=\"font-size:12px;\"><strong>Kullan\u0131m Alanlar\u0131 : <\/strong>Muhtelif vidalama i\u015flerinde kullanl\u0131r.<\/span><\/span><\/div>\n<div>\n\t<strong>Sevkiyat Kapsam\u0131:<\/strong><\/div>\n<div>\n\t<strong>D\u00fcz :<\/strong> 0,3&#215;1,5 &#8211; 0,35&#215;2,0 &#8211; 0,4&#215;2,5mm<\/div>\n<div>\n\t<strong>Y\u0131ld\u0131z :<\/strong> 0 ve 1mm<\/div>\n<div>\n\t<strong>Torx :<\/strong> T6, T8, T10<\/div>\n<div>\n\t<strong>Lokma :<\/strong> 3,0 &#8211; 3,5 &#8211; 4,0 &#8211; 4,5 &#8211; 5,0mm<\/div>\n<div>\n\t<strong>Allen : <\/strong>1,5 &#8211; 2,0 &#8211; 2,5mm<\/div>\n<div>\n\t\u2022\u00a0<strong>Makinaya adapt\u00f6r dahil de\u011fildir.<br \/>\n\t<\/strong><\/div>\n<div>\n\t12-18 Volt NG2\/E (2.0 Amper) Adapt\u00f6r \u00f6nerilir.<\/div>\n<div>\n\t<strong>Uyumlu Aksesuarlar: <\/strong><\/div>\n<div>\n\t<strong>PROX28704:<\/strong> Micromot adapt\u00f6r<\/div>\n<div>\n\t<strong>PROX28707:<\/strong> Micromot adapt\u00f6r<\/div>\n<div>\n\t<strong>PROX28706:<\/strong> Micromot adapt\u00f6r<\/div>\n<div>\n\t<span style=\"font-family:tahoma,geneva,sans-serif;\"><span style=\"font-size:12px;\"><br \/>\n\t<\/span><\/span><\/div>\n","protected":false},"featured_media":11575,"comment_status":"open","ping_status":"closed","template":"","meta":{"_acf_changed":false},"product_brand":[1501],"product_cat":[1133],"product_tag":[],"class_list":{"0":"post-11576","1":"product","2":"type-product","3":"status-publish","4":"has-post-thumbnail","6":"product_brand-proxxon","7":"product_cat-vidalamalar-elektrikli-mikro-aletler","9":"first","10":"instock","11":"taxable","12":"shipping-taxable","13":"purchasable","14":"product-type-simple","15":"add-to-wishlist-after_add_to_cart"},"acf":[],"_links":{"self":[{"href":"https:\/\/www.makitamarket.com.tr\/site\/wp-json\/wp\/v2\/product\/11576","targetHints":{"allow":["GET"]}}],"collection":[{"href":"https:\/\/www.makitamarket.com.tr\/site\/wp-json\/wp\/v2\/product"}],"about":[{"href":"https:\/\/www.makitamarket.com.tr\/site\/wp-json\/wp\/v2\/types\/product"}],"replies":[{"embeddable":true,"href":"https:\/\/www.makitamarket.com.tr\/site\/wp-json\/wp\/v2\/comments?post=11576"}],"wp:featuredmedia":[{"embeddable":true,"href":"https:\/\/www.makitamarket.com.tr\/site\/wp-json\/wp\/v2\/media\/11575"}],"wp:attachment":[{"href":"https:\/\/www.makitamarket.com.tr\/site\/wp-json\/wp\/v2\/media?parent=11576"}],"wp:term":[{"taxonomy":"product_brand","embeddable":true,"href":"https:\/\/www.makitamarket.com.tr\/site\/wp-json\/wp\/v2\/product_brand?post=11576"},{"taxonomy":"product_cat","embeddable":true,"href":"https:\/\/www.makitamarket.com.tr\/site\/wp-json\/wp\/v2\/product_cat?post=11576"},{"taxonomy":"product_tag","embeddable":true,"href":"https:\/\/www.makitamarket.com.tr\/site\/wp-json\/wp\/v2\/product_tag?post=11576"}],"curies":[{"name":"wp","href":"https:\/\/api.w.org\/{rel}","templated":true}]}}