{"id":11603,"date":"2024-11-27T20:09:55","date_gmt":"2024-11-27T17:09:55","guid":{"rendered":"https:\/\/www.makitamarket.com.tr\/site\/urun\/makita-turbo-tip-elmas-testere-180-mm\/"},"modified":"2026-03-30T10:07:57","modified_gmt":"2026-03-30T07:07:57","slug":"makita-turbo-tip-elmas-testere-180-mm","status":"publish","type":"product","link":"https:\/\/www.makitamarket.com.tr\/site\/urun\/makita-turbo-tip-elmas-testere-180-mm\/","title":{"rendered":"Makita D-44317 TURBO T\u0130P ELMAS TESTERE 180 mm"},"content":{"rendered":"<p>\n\t<strong>Turbo Tip : <\/strong>Elmas tabakalar\u0131 ve g\u00f6vdesi \u00fczerinde \u00e7entikler vard\u0131r. S\u00fcrekli ve segmanl\u0131 tip testere aras\u0131nda bir yere sahiptir.<\/p>\n<p>\n\tSegmanl\u0131 tip gibi h\u0131zl\u0131 kesim yapar. Ayn\u0131 zamanda kesilen malzemede p\u00fcr\u00fczs\u00fcz y\u00fczey elde edilir.<\/p>\n<p style=\"text-align: center;\">\n\t<strong><br \/>\n\t<\/strong><\/p>\n<table border=\"1\" cellpadding=\"1\" cellspacing=\"1\" height=\"63\" width=\"281\">\n<tbody>\n<tr>\n<td colspan=\"7\" style=\"text-align: center;\">\n\t\t\t\t<strong>KULLANIM ALANLARI<br \/>\n\t\t\t\t<\/strong><\/td>\n<\/tr>\n<tr>\n<td style=\"width: 35px; text-align: center;\">\n\t\t\t\t1<\/td>\n<td style=\"width: 35px; text-align: center;\">\n\t\t\t\t2<\/td>\n<td style=\"width: 35px; text-align: center;\">\n\t\t\t\t3<\/td>\n<td style=\"width: 35px; text-align: center;\">\n\t\t\t\t4<\/td>\n<td style=\"width: 35px; text-align: center;\">\n\t\t\t\t5<\/td>\n<td style=\"width: 35px; text-align: center;\">\n\t\t\t\t6<\/td>\n<td style=\"width: 35px; text-align: center;\">\n\t\t\t\t7<\/td>\n<\/tr>\n<tr>\n<td style=\"width: 35px; text-align: center;\">\n\t\t\t\tAA<\/td>\n<td style=\"width: 35px; text-align: center;\">\n\t\t\t\tA<\/td>\n<td style=\"width: 35px; text-align: center;\">\n\t\t\t\tAA<\/td>\n<td style=\"width: 35px; text-align: center;\">\n\t\t\t\tA<\/td>\n<td style=\"width: 35px; text-align: center;\">\n\t\t\t\t&#8211;<\/td>\n<td style=\"width: 35px; text-align: center;\">\n\t\t\t\t&#8211;<\/td>\n<td style=\"width: 35px; text-align: center;\">\n\t\t\t\t&#8211;<\/td>\n<\/tr>\n<\/tbody>\n<\/table>\n<table>\n<tr>\n<td>Testere \u00e7ap\u0131<\/td>\n<td>180 mm<\/td>\n<\/tr>\n<tr>\n<td>Elmas Kal\u0131nl\u0131\u011f\u0131<\/td>\n<td>2.6 mm<\/td>\n<\/tr>\n<tr>\n<td>Elmas Y\u00fcksekli\u011fi<\/td>\n<td>7.0 mm<\/td>\n<\/tr>\n<tr>\n<td>G\u00f6bek \u00e7ap\u0131<\/td>\n<td>22.23 mm<\/td>\n<\/tr>\n<tr>\n<td>\u00dcr\u00fcn Rengi<\/td>\n<td>G\u00fcm\u00fc\u015f<\/td>\n<\/tr>\n<\/table>\n","protected":false},"excerpt":{"rendered":"<p>\n\t<strong>Turbo Tip : <\/strong>Elmas tabakalar\u0131 ve g\u00f6vdesi \u00fczerinde \u00e7entikler vard\u0131r. S\u00fcrekli ve segmanl\u0131 tip testere aras\u0131nda bir yere sahiptir.<\/p>\n<p>\n\tSegmanl\u0131 tip gibi h\u0131zl\u0131 kesim yapar. Ayn\u0131 zamanda kesilen malzemede p\u00fcr\u00fczs\u00fcz y\u00fczey elde edilir.<\/p>\n<p style=\"text-align: center;\">\n\t<strong><br \/>\n\t<\/strong><\/p>\n<table border=\"1\" cellpadding=\"1\" cellspacing=\"1\" height=\"63\" width=\"281\">\n<tbody>\n<tr>\n<td colspan=\"7\" style=\"text-align: center;\">\n\t\t\t\t<strong>KULLANIM ALANLARI<br \/>\n\t\t\t\t<\/strong><\/td>\n<\/tr>\n<tr>\n<td style=\"width: 35px; text-align: center;\">\n\t\t\t\t1<\/td>\n<td style=\"width: 35px; text-align: center;\">\n\t\t\t\t2<\/td>\n<td style=\"width: 35px; text-align: center;\">\n\t\t\t\t3<\/td>\n<td style=\"width: 35px; text-align: center;\">\n\t\t\t\t4<\/td>\n<td style=\"width: 35px; text-align: center;\">\n\t\t\t\t5<\/td>\n<td style=\"width: 35px; text-align: center;\">\n\t\t\t\t6<\/td>\n<td style=\"width: 35px; text-align: center;\">\n\t\t\t\t7<\/td>\n<\/tr>\n<tr>\n<td style=\"width: 35px; text-align: center;\">\n\t\t\t\tAA<\/td>\n<td style=\"width: 35px; text-align: center;\">\n\t\t\t\tA<\/td>\n<td style=\"width: 35px; text-align: center;\">\n\t\t\t\tAA<\/td>\n<td style=\"width: 35px; text-align: center;\">\n\t\t\t\tA<\/td>\n<td style=\"width: 35px; text-align: center;\">\n\t\t\t\t&#8211;<\/td>\n<td style=\"width: 35px; text-align: center;\">\n\t\t\t\t&#8211;<\/td>\n<td style=\"width: 35px; text-align: center;\">\n\t\t\t\t&#8211;<\/td>\n<\/tr>\n<\/tbody>\n<\/table>\n","protected":false},"featured_media":18482,"comment_status":"open","ping_status":"closed","template":"","meta":{"_acf_changed":false},"product_brand":[1485],"product_cat":[1110],"product_tag":[],"class_list":{"0":"post-11603","1":"product","2":"type-product","3":"status-publish","4":"has-post-thumbnail","6":"product_brand-makita","7":"product_cat-180mm-testereler","9":"first","10":"instock","11":"taxable","12":"shipping-taxable","13":"purchasable","14":"product-type-simple","15":"add-to-wishlist-after_add_to_cart"},"acf":[],"_links":{"self":[{"href":"https:\/\/www.makitamarket.com.tr\/site\/wp-json\/wp\/v2\/product\/11603","targetHints":{"allow":["GET"]}}],"collection":[{"href":"https:\/\/www.makitamarket.com.tr\/site\/wp-json\/wp\/v2\/product"}],"about":[{"href":"https:\/\/www.makitamarket.com.tr\/site\/wp-json\/wp\/v2\/types\/product"}],"replies":[{"embeddable":true,"href":"https:\/\/www.makitamarket.com.tr\/site\/wp-json\/wp\/v2\/comments?post=11603"}],"wp:featuredmedia":[{"embeddable":true,"href":"https:\/\/www.makitamarket.com.tr\/site\/wp-json\/wp\/v2\/media\/18482"}],"wp:attachment":[{"href":"https:\/\/www.makitamarket.com.tr\/site\/wp-json\/wp\/v2\/media?parent=11603"}],"wp:term":[{"taxonomy":"product_brand","embeddable":true,"href":"https:\/\/www.makitamarket.com.tr\/site\/wp-json\/wp\/v2\/product_brand?post=11603"},{"taxonomy":"product_cat","embeddable":true,"href":"https:\/\/www.makitamarket.com.tr\/site\/wp-json\/wp\/v2\/product_cat?post=11603"},{"taxonomy":"product_tag","embeddable":true,"href":"https:\/\/www.makitamarket.com.tr\/site\/wp-json\/wp\/v2\/product_tag?post=11603"}],"curies":[{"name":"wp","href":"https:\/\/api.w.org\/{rel}","templated":true}]}}