{"id":11640,"date":"2024-11-27T20:10:08","date_gmt":"2024-11-27T17:10:08","guid":{"rendered":"https:\/\/www.makitamarket.com.tr\/site\/urun\/biglift-caraskal-0-5-ton-5-mt\/"},"modified":"2026-04-13T20:02:38","modified_gmt":"2026-04-13T17:02:38","slug":"biglift-caraskal-0-5-ton-5-mt","status":"publish","type":"product","link":"https:\/\/www.makitamarket.com.tr\/site\/urun\/biglift-caraskal-0-5-ton-5-mt\/","title":{"rendered":"Biglift BIGCAR0.5-5 CARASKAL 0.5 TON 5 MT."},"content":{"rendered":"<p>0.5 ton kald\u0131rma kapasitesine sahip Caraskal , zincir mekan\u0131zmas\u0131 ile  y\u00fcklerin g\u00fcvenli bir \u015fekilde indirilip  kald\u0131r\u0131lmas\u0131n\u0131 sa\u011flar. Zincir boyu 5 mt, zincir  \u00e7ap\u0131 ise 5 mm boyutundad\u0131r. Hem \u00fcstte hem de altta d\u00f6nebilen \u00e7elik kancalar bulunmaktad\u0131r. Bu kancalar, g\u00fcvenli ve esnek bir ba\u011flant\u0131 sa\u011flamakla beraber  y\u00fck\u00fcn stabil bir \u015fekilde ta\u015f\u0131nmas\u0131na yard\u0131mc\u0131 olur.<\/p>\n<table>\n<tr>\n<td>Kapasite<\/td>\n<td>500<\/td>\n<\/tr>\n<tr>\n<td>Zincir Boyu<\/td>\n<td>5<\/td>\n<\/tr>\n<tr>\n<td>Zincir Donam Say\u0131s\u0131<\/td>\n<td>1<\/td>\n<\/tr>\n<tr>\n<td>Y\u00fck Zincir \u00c7ap\u0131<\/td>\n<td>5<\/td>\n<\/tr>\n<tr>\n<td>Boyutlar<\/td>\n<td>22x15x19,5<\/td>\n<\/tr>\n<tr>\n<td>A\u011f\u0131rl\u0131k<\/td>\n<td>10<\/td>\n<\/tr>\n<\/table>\n","protected":false},"excerpt":{"rendered":"<p>0.5 ton kald\u0131rma kapasitesine sahip Caraskal , zincir mekan\u0131zmas\u0131 ile  y\u00fcklerin g\u00fcvenli bir \u015fekilde indirilip  kald\u0131r\u0131lmas\u0131n\u0131 sa\u011flar. Zincir boyu 5 mt, zincir  \u00e7ap\u0131 ise 5 mm boyutundad\u0131r. Hem \u00fcstte hem de altta d\u00f6nebilen \u00e7elik kancalar bulunmaktad\u0131r. Bu kancalar, g\u00fcvenli ve esnek bir ba\u011flant\u0131 sa\u011flamakla beraber  y\u00fck\u00fcn stabil bir \u015fekilde ta\u015f\u0131nmas\u0131na yard\u0131mc\u0131 olur.<\/p>\n","protected":false},"featured_media":11639,"comment_status":"open","ping_status":"closed","template":"","meta":{"_acf_changed":false},"product_brand":[1490],"product_cat":[780],"product_tag":[],"class_list":{"0":"post-11640","1":"product","2":"type-product","3":"status-publish","4":"has-post-thumbnail","6":"product_brand-biglift","7":"product_cat-vincler-caraskallar-hubsuglar","9":"first","10":"instock","11":"taxable","12":"shipping-taxable","13":"purchasable","14":"product-type-simple","15":"add-to-wishlist-after_add_to_cart"},"acf":[],"_links":{"self":[{"href":"https:\/\/www.makitamarket.com.tr\/site\/wp-json\/wp\/v2\/product\/11640","targetHints":{"allow":["GET"]}}],"collection":[{"href":"https:\/\/www.makitamarket.com.tr\/site\/wp-json\/wp\/v2\/product"}],"about":[{"href":"https:\/\/www.makitamarket.com.tr\/site\/wp-json\/wp\/v2\/types\/product"}],"replies":[{"embeddable":true,"href":"https:\/\/www.makitamarket.com.tr\/site\/wp-json\/wp\/v2\/comments?post=11640"}],"wp:featuredmedia":[{"embeddable":true,"href":"https:\/\/www.makitamarket.com.tr\/site\/wp-json\/wp\/v2\/media\/11639"}],"wp:attachment":[{"href":"https:\/\/www.makitamarket.com.tr\/site\/wp-json\/wp\/v2\/media?parent=11640"}],"wp:term":[{"taxonomy":"product_brand","embeddable":true,"href":"https:\/\/www.makitamarket.com.tr\/site\/wp-json\/wp\/v2\/product_brand?post=11640"},{"taxonomy":"product_cat","embeddable":true,"href":"https:\/\/www.makitamarket.com.tr\/site\/wp-json\/wp\/v2\/product_cat?post=11640"},{"taxonomy":"product_tag","embeddable":true,"href":"https:\/\/www.makitamarket.com.tr\/site\/wp-json\/wp\/v2\/product_tag?post=11640"}],"curies":[{"name":"wp","href":"https:\/\/api.w.org\/{rel}","templated":true}]}}