{"id":11896,"date":"2024-11-27T20:11:47","date_gmt":"2024-11-27T17:11:47","guid":{"rendered":"https:\/\/www.makitamarket.com.tr\/site\/urun\/proxxon-proxxon-28440-micrimot-230-e-matkap-taslama\/"},"modified":"2026-04-06T13:52:08","modified_gmt":"2026-04-06T10:52:08","slug":"proxxon-proxxon-28440-micrimot-230-e-matkap-taslama","status":"publish","type":"product","link":"https:\/\/www.makitamarket.com.tr\/site\/urun\/proxxon-proxxon-28440-micrimot-230-e-matkap-taslama\/","title":{"rendered":"Proxxon 28440 PROXXON 28440 MICRIMOT 230\/E MATKAP TA\u015eLAMA"},"content":{"rendered":"<p>\n\t<strong>Kullan\u0131m Alanlar\u0131: <\/strong>Delme, frezeleme, ta\u015flama, z\u0131mparalama, polisaj, temizleme, oyuk a\u00e7ma ve grav\u00fcr i\u015flerinde kullan\u0131l\u0131r.<\/p>\n<table>\n<tr>\n<td>Devir<\/td>\n<td>6,000-22,000 dk\/dak<\/td>\n<\/tr>\n<tr>\n<td>A\u011f\u0131rl\u0131k<\/td>\n<td>270 gr.<\/td>\n<\/tr>\n<tr>\n<td>Pens Kapasitesi<\/td>\n<td>1-1.5-2-2.4-3-3.2 mm<\/td>\n<\/tr>\n<tr>\n<td>Muhafaza<\/td>\n<td>Dayan\u0131kl\u0131 Plastik Kutu<\/td>\n<\/tr>\n<tr>\n<td>G\u00fc\u00e7<\/td>\n<td>80 Watt<\/td>\n<\/tr>\n<tr>\n<td>Voltaj<\/td>\n<td>220-240V<\/td>\n<\/tr>\n<\/table>\n","protected":false},"excerpt":{"rendered":"<p>\n\t<strong>Kullan\u0131m Alanlar\u0131: <\/strong>Delme, frezeleme, ta\u015flama, z\u0131mparalama, polisaj, temizleme, oyuk a\u00e7ma ve grav\u00fcr i\u015flerinde kullan\u0131l\u0131r.<\/p>\n","protected":false},"featured_media":11895,"comment_status":"open","ping_status":"closed","template":"","meta":{"_acf_changed":false},"product_brand":[1501],"product_cat":[1123],"product_tag":[],"class_list":{"0":"post-11896","1":"product","2":"type-product","3":"status-publish","4":"has-post-thumbnail","6":"product_brand-proxxon","7":"product_cat-matkap-taslama-makinalari","9":"first","10":"instock","11":"taxable","12":"shipping-taxable","13":"purchasable","14":"product-type-simple","15":"add-to-wishlist-after_add_to_cart"},"acf":[],"_links":{"self":[{"href":"https:\/\/www.makitamarket.com.tr\/site\/wp-json\/wp\/v2\/product\/11896","targetHints":{"allow":["GET"]}}],"collection":[{"href":"https:\/\/www.makitamarket.com.tr\/site\/wp-json\/wp\/v2\/product"}],"about":[{"href":"https:\/\/www.makitamarket.com.tr\/site\/wp-json\/wp\/v2\/types\/product"}],"replies":[{"embeddable":true,"href":"https:\/\/www.makitamarket.com.tr\/site\/wp-json\/wp\/v2\/comments?post=11896"}],"wp:featuredmedia":[{"embeddable":true,"href":"https:\/\/www.makitamarket.com.tr\/site\/wp-json\/wp\/v2\/media\/11895"}],"wp:attachment":[{"href":"https:\/\/www.makitamarket.com.tr\/site\/wp-json\/wp\/v2\/media?parent=11896"}],"wp:term":[{"taxonomy":"product_brand","embeddable":true,"href":"https:\/\/www.makitamarket.com.tr\/site\/wp-json\/wp\/v2\/product_brand?post=11896"},{"taxonomy":"product_cat","embeddable":true,"href":"https:\/\/www.makitamarket.com.tr\/site\/wp-json\/wp\/v2\/product_cat?post=11896"},{"taxonomy":"product_tag","embeddable":true,"href":"https:\/\/www.makitamarket.com.tr\/site\/wp-json\/wp\/v2\/product_tag?post=11896"}],"curies":[{"name":"wp","href":"https:\/\/api.w.org\/{rel}","templated":true}]}}