{"id":11918,"date":"2024-11-27T20:11:53","date_gmt":"2024-11-27T17:11:53","guid":{"rendered":"https:\/\/www.makitamarket.com.tr\/site\/urun\/biglift-paket-tasima-150-kg\/"},"modified":"2026-04-06T13:53:05","modified_gmt":"2026-04-06T10:53:05","slug":"biglift-paket-tasima-150-kg","status":"publish","type":"product","link":"https:\/\/www.makitamarket.com.tr\/site\/urun\/biglift-paket-tasima-150-kg\/","title":{"rendered":"Biglift RM-TSS11 PAKET TA\u015eIMA 150 kg"},"content":{"rendered":"<p>Depo ve lojistik merkezlerinde, \u00fcretim tesislerinde, da\u011f\u0131t\u0131m depolar\u0131nda ve perakende sekt\u00f6r\u00fcnde geni\u015f bir kullan\u0131m alan\u0131na sahiptir. \u00dcr\u00fcnlerin d\u00fczenli bir \u015fekilde ta\u015f\u0131nmas\u0131na olanak sa\u011flar.<\/p>\n<table>\n<tr>\n<td>Kapasite<\/td>\n<td>150<\/td>\n<\/tr>\n<tr>\n<td>\u00d6l\u00e7\u00fcler<\/td>\n<td>760x495x120<\/td>\n<\/tr>\n<\/table>\n","protected":false},"excerpt":{"rendered":"<p>Depo ve lojistik merkezlerinde, \u00fcretim tesislerinde, da\u011f\u0131t\u0131m depolar\u0131nda ve perakende sekt\u00f6r\u00fcnde geni\u015f bir kullan\u0131m alan\u0131na sahiptir. \u00dcr\u00fcnlerin d\u00fczenli bir \u015fekilde ta\u015f\u0131nmas\u0131na olanak sa\u011flar.<\/p>\n","protected":false},"featured_media":11917,"comment_status":"open","ping_status":"closed","template":"","meta":{"_acf_changed":false},"product_brand":[1490],"product_cat":[858],"product_tag":[],"class_list":{"0":"post-11918","1":"product","2":"type-product","3":"status-publish","4":"has-post-thumbnail","6":"product_brand-biglift","7":"product_cat-paket-tasimalar","9":"first","10":"instock","11":"taxable","12":"shipping-taxable","13":"purchasable","14":"product-type-simple","15":"add-to-wishlist-after_add_to_cart"},"acf":[],"_links":{"self":[{"href":"https:\/\/www.makitamarket.com.tr\/site\/wp-json\/wp\/v2\/product\/11918","targetHints":{"allow":["GET"]}}],"collection":[{"href":"https:\/\/www.makitamarket.com.tr\/site\/wp-json\/wp\/v2\/product"}],"about":[{"href":"https:\/\/www.makitamarket.com.tr\/site\/wp-json\/wp\/v2\/types\/product"}],"replies":[{"embeddable":true,"href":"https:\/\/www.makitamarket.com.tr\/site\/wp-json\/wp\/v2\/comments?post=11918"}],"wp:featuredmedia":[{"embeddable":true,"href":"https:\/\/www.makitamarket.com.tr\/site\/wp-json\/wp\/v2\/media\/11917"}],"wp:attachment":[{"href":"https:\/\/www.makitamarket.com.tr\/site\/wp-json\/wp\/v2\/media?parent=11918"}],"wp:term":[{"taxonomy":"product_brand","embeddable":true,"href":"https:\/\/www.makitamarket.com.tr\/site\/wp-json\/wp\/v2\/product_brand?post=11918"},{"taxonomy":"product_cat","embeddable":true,"href":"https:\/\/www.makitamarket.com.tr\/site\/wp-json\/wp\/v2\/product_cat?post=11918"},{"taxonomy":"product_tag","embeddable":true,"href":"https:\/\/www.makitamarket.com.tr\/site\/wp-json\/wp\/v2\/product_tag?post=11918"}],"curies":[{"name":"wp","href":"https:\/\/api.w.org\/{rel}","templated":true}]}}