{"id":12079,"date":"2024-11-27T20:12:58","date_gmt":"2024-11-27T17:12:58","guid":{"rendered":"https:\/\/www.makitamarket.com.tr\/site\/urun\/knipex-tubix-boru-kesici-180-mm\/"},"modified":"2026-04-06T13:57:01","modified_gmt":"2026-04-06T10:57:01","slug":"knipex-tubix-boru-kesici-180-mm","status":"publish","type":"product","link":"https:\/\/www.makitamarket.com.tr\/site\/urun\/knipex-tubix-boru-kesici-180-mm\/","title":{"rendered":"Knipex 903102BK TUBIX BORU KES\u0130C\u0130 180 mm"},"content":{"rendered":"<p><b>90 31 02 BK KNIPEX TubiX\u00ae Boru kesici<\/b><br \/>QuickLock tek elle kilitleme mekanizmas\u0131: Boruyu kolayca kavrar ve sa\u011flam bir \u015fekilde tutunur. \u00c7e\u015fitli ebattaki malzemeler i\u00e7in tek elle iterek hassas ayarlama imkan\u0131. Konforlu: Kesme \u00e7ark\u0131nda ve k\u0131lavuz silindirlerinde kullan\u0131lan i\u011fne rulmanlar sayesinde kolay kesim. 2 mm et kal\u0131nl\u0131\u011f\u0131na sahip \u00d8 6 &#8211; 35 mm (1\/4&#8243;-1 3\/8&#8243;) geni\u015fli\u011findeki borular rahatl\u0131kla kesilebilir &#8220;2 mm et kal\u0131nl\u0131\u011f\u0131na kadar \u00d8 6 \u2013 76 mm (1\/4&#8243;&#8221; \u2013 3&#8243;&#8221;) borular\u0131 keser&#8221;. Kesici elmas y\u00fcksek kaliteli bilya rulman \u00e7eli\u011finden imal edilmi\u015ftir. Kesici elmas herhangi bir alete ihtiya\u00e7 duymadan h\u0131zl\u0131 bir \u015fekilde de\u011fi\u015ftirilebilir \u2013 yedek kesici elmas tutama\u011f\u0131n alt taraf\u0131nda saklan\u0131r. S\u00f6k\u00fclebilir, hassas \u00e7apak temizleme aparat\u0131. Tesisat, \u0131s\u0131tma ve iklimlendirme i\u00e7in: bak\u0131r, pirin\u00e7 ve paslanmaz \u00e7elik gaz ve su borular\u0131n\u0131 kolayca keser. Elektronik i\u015fler i\u00e7in: PLC (programlanabilir mant\u0131k denetleyicisi) gibi elektronik cihazlar\u0131n yerel kurulumlar\u0131 ve kablolar\u0131 i\u00e7in self servis kart\/kabartma. <\/p>\n<li><b>Kesme kapasiteleri (\u00e7ap): <\/b>\u00d8 6 \u2013 35 mm<\/li>\n<li><b>Kesme kapasiteleri (\u00e7ap): <\/b>\u00d8 1\/4 \u2013 1 3\/8 in<\/li>\n<table>\n<tr>\n<td>Uzunluk<\/td>\n<td>180<\/td>\n<\/tr>\n<tr>\n<td>Kesme Kapasitesi<\/td>\n<td>6-35 mm<\/td>\n<\/tr>\n<tr>\n<td>Kesme Derinli\u011fi<\/td>\n<td>Max. 2mm<\/td>\n<\/tr>\n<tr>\n<td>A\u011f\u0131rl\u0131k<\/td>\n<td>332 gr<\/td>\n<\/tr>\n<\/table>\n","protected":false},"excerpt":{"rendered":"<p><b>90 31 02 BK KNIPEX TubiX\u00ae Boru kesici<\/b><br \/>QuickLock tek elle kilitleme mekanizmas\u0131: Boruyu kolayca kavrar ve sa\u011flam bir \u015fekilde tutunur. \u00c7e\u015fitli ebattaki malzemeler i\u00e7in tek elle iterek hassas ayarlama imkan\u0131. Konforlu: Kesme \u00e7ark\u0131nda ve k\u0131lavuz silindirlerinde kullan\u0131lan i\u011fne rulmanlar sayesinde kolay kesim. 2 mm et kal\u0131nl\u0131\u011f\u0131na sahip \u00d8 6 &#8211; 35 mm (1\/4&#8243;-1 3\/8&#8243;) geni\u015fli\u011findeki borular rahatl\u0131kla kesilebilir &#8220;2 mm et kal\u0131nl\u0131\u011f\u0131na kadar \u00d8 6 \u2013 76 mm (1\/4&#8243;&#8221; \u2013 3&#8243;&#8221;) borular\u0131 keser&#8221;. Kesici elmas y\u00fcksek kaliteli bilya rulman \u00e7eli\u011finden imal edilmi\u015ftir. Kesici elmas herhangi bir alete ihtiya\u00e7 duymadan h\u0131zl\u0131 bir \u015fekilde de\u011fi\u015ftirilebilir \u2013 yedek kesici elmas tutama\u011f\u0131n alt taraf\u0131nda saklan\u0131r. S\u00f6k\u00fclebilir, hassas \u00e7apak temizleme aparat\u0131. Tesisat, \u0131s\u0131tma ve iklimlendirme i\u00e7in: bak\u0131r, pirin\u00e7 ve paslanmaz \u00e7elik gaz ve su borular\u0131n\u0131 kolayca keser. Elektronik i\u015fler i\u00e7in: PLC (programlanabilir mant\u0131k denetleyicisi) gibi elektronik cihazlar\u0131n yerel kurulumlar\u0131 ve kablolar\u0131 i\u00e7in self servis kart\/kabartma. <\/p>\n<li><b>Kesme kapasiteleri (\u00e7ap): <\/b>\u00d8 6 \u2013 35 mm<\/li>\n<li><b>Kesme kapasiteleri (\u00e7ap): <\/b>\u00d8 1\/4 \u2013 1 3\/8 in<\/li>\n","protected":false},"featured_media":12078,"comment_status":"open","ping_status":"closed","template":"","meta":{"_acf_changed":false},"product_brand":[1486],"product_cat":[1163],"product_tag":[],"class_list":{"0":"post-12079","1":"product","2":"type-product","3":"status-publish","4":"has-post-thumbnail","6":"product_brand-knipex","7":"product_cat-plastik-boru-kesiciler-ve-bicaklar","9":"first","10":"instock","11":"taxable","12":"shipping-taxable","13":"purchasable","14":"product-type-simple","15":"add-to-wishlist-after_add_to_cart"},"acf":[],"_links":{"self":[{"href":"https:\/\/www.makitamarket.com.tr\/site\/wp-json\/wp\/v2\/product\/12079","targetHints":{"allow":["GET"]}}],"collection":[{"href":"https:\/\/www.makitamarket.com.tr\/site\/wp-json\/wp\/v2\/product"}],"about":[{"href":"https:\/\/www.makitamarket.com.tr\/site\/wp-json\/wp\/v2\/types\/product"}],"replies":[{"embeddable":true,"href":"https:\/\/www.makitamarket.com.tr\/site\/wp-json\/wp\/v2\/comments?post=12079"}],"wp:featuredmedia":[{"embeddable":true,"href":"https:\/\/www.makitamarket.com.tr\/site\/wp-json\/wp\/v2\/media\/12078"}],"wp:attachment":[{"href":"https:\/\/www.makitamarket.com.tr\/site\/wp-json\/wp\/v2\/media?parent=12079"}],"wp:term":[{"taxonomy":"product_brand","embeddable":true,"href":"https:\/\/www.makitamarket.com.tr\/site\/wp-json\/wp\/v2\/product_brand?post=12079"},{"taxonomy":"product_cat","embeddable":true,"href":"https:\/\/www.makitamarket.com.tr\/site\/wp-json\/wp\/v2\/product_cat?post=12079"},{"taxonomy":"product_tag","embeddable":true,"href":"https:\/\/www.makitamarket.com.tr\/site\/wp-json\/wp\/v2\/product_tag?post=12079"}],"curies":[{"name":"wp","href":"https:\/\/api.w.org\/{rel}","templated":true}]}}