{"id":12265,"date":"2024-11-27T20:14:13","date_gmt":"2024-11-27T17:14:13","guid":{"rendered":"https:\/\/www.makitamarket.com.tr\/site\/urun\/knipex-ayarli-fort-pense-400-mm\/"},"modified":"2026-04-06T14:02:09","modified_gmt":"2026-04-06T11:02:09","slug":"knipex-ayarli-fort-pense-400-mm","status":"publish","type":"product","link":"https:\/\/www.makitamarket.com.tr\/site\/urun\/knipex-ayarli-fort-pense-400-mm\/","title":{"rendered":"Knipex 8801400 AYARLI FORT PENSE 400 mm"},"content":{"rendered":"<p><b>88 01 400 KNIPEX Alligator\u00ae XL<\/b><br \/>Klasik model, \u015fimdi 400 mm uzunlukta da mevcut. Sa\u011flam tasarlanm\u0131\u015f yap\u0131s\u0131 ya\u011fl\u0131 ve kirli ortamlarda \u00e7al\u0131\u015fma imkan\u0131 sa\u011flar. Bu \u00fcr\u00fcnle a\u00e7\u0131k alanlarda \u00e7al\u0131\u015f\u0131labilir. Kafa ve mafsal alan\u0131ndaki ince yap\u0131s\u0131 sayesinde i\u015f par\u00e7alar\u0131na kolay eri\u015filir. Parmaklar\u0131n s\u0131k\u0131\u015fmas\u0131n\u0131 \u00f6nleyen tasar\u0131ma sahiptir. \u00d6zel sertle\u015ftirilmi\u015f di\u015fli a\u011f\u0131z y\u00fczeyleri, di\u015flerin sertli\u011fi yakl. 61 HRC: A\u015f\u0131nmaya kar\u015f\u0131 y\u00fcksek dayan\u0131kl\u0131l\u0131k sayesinde daima g\u00fcvenli kavrama. Boru ve somun \u00fczerinde kendinden kilitleme, i\u015f par\u00e7as\u0131 \u00fczerindekayma yapmaz, \u00e7al\u0131\u015f\u0131rken kuvvet tasarrufu sa\u011flar. \u0130\u00e7 i\u00e7e ge\u00e7irilmi\u015f mafsal: \u00c7ift k\u0131lavuzlama sayesinde y\u00fcksek dayan\u0131kl\u0131k. Dayan\u0131kl\u0131 ayarlama mekanizmas\u0131, kirlenmeye kar\u015f\u0131 hassas de\u011fildir, kolay temizlenir; \u00f6zellikle d\u0131\u015f mekanlardaki kullan\u0131m i\u00e7in uygundur. 11 kademeli ayar mekanizmas\u0131 ve 3 1\/2&#8243; kavrama kapasitesi ile i\u015f par\u00e7as\u0131na adaptasyon optimizasyonu sa\u011flan\u0131r ve elde kolay tutulur. <\/p>\n<li><b>Ayar pozisyonu: <\/b>11<\/li>\n<li><b>Boru kesme kapasitesi in\u00e7 (\u00e7ap): <\/b>\u00d8 3 1\/2 in<\/li>\n<li><b>Somun ve anahtar \u00f6l\u00e7\u00fcs\u00fc kapasitesi: <\/b>95 mm<\/li>\n<li><b>Boru \u00e7ap\u0131 kapasitesi (\u00e7ap): <\/b>\u00d8 90 mm<\/li>\n<table>\n<tr>\n<td>Uzunluk<\/td>\n<td>400<\/td>\n<\/tr>\n<tr>\n<td>Kafa<\/td>\n<td>Polisaj<\/td>\n<\/tr>\n<tr>\n<td>Sap<\/td>\n<td>\u0130nce \u0130zole<\/td>\n<\/tr>\n<tr>\n<td>Boru \u00d6l\u00e7\u00fcs\u00fc<\/td>\n<td>3 1\/2&#8243;<\/td>\n<\/tr>\n<tr>\n<td>Somun \u00d6l\u00e7\u00fcs\u00fc<\/td>\n<td>95mm<\/td>\n<\/tr>\n<tr>\n<td>A\u011f\u0131rl\u0131k<\/td>\n<td>1190 gr<\/td>\n<\/tr>\n<\/table>\n","protected":false},"excerpt":{"rendered":"<p><b>88 01 400 KNIPEX Alligator\u00ae XL<\/b><br \/>Klasik model, \u015fimdi 400 mm uzunlukta da mevcut. Sa\u011flam tasarlanm\u0131\u015f yap\u0131s\u0131 ya\u011fl\u0131 ve kirli ortamlarda \u00e7al\u0131\u015fma imkan\u0131 sa\u011flar. Bu \u00fcr\u00fcnle a\u00e7\u0131k alanlarda \u00e7al\u0131\u015f\u0131labilir. Kafa ve mafsal alan\u0131ndaki ince yap\u0131s\u0131 sayesinde i\u015f par\u00e7alar\u0131na kolay eri\u015filir. Parmaklar\u0131n s\u0131k\u0131\u015fmas\u0131n\u0131 \u00f6nleyen tasar\u0131ma sahiptir. \u00d6zel sertle\u015ftirilmi\u015f di\u015fli a\u011f\u0131z y\u00fczeyleri, di\u015flerin sertli\u011fi yakl. 61 HRC: A\u015f\u0131nmaya kar\u015f\u0131 y\u00fcksek dayan\u0131kl\u0131l\u0131k sayesinde daima g\u00fcvenli kavrama. Boru ve somun \u00fczerinde kendinden kilitleme, i\u015f par\u00e7as\u0131 \u00fczerindekayma yapmaz, \u00e7al\u0131\u015f\u0131rken kuvvet tasarrufu sa\u011flar. \u0130\u00e7 i\u00e7e ge\u00e7irilmi\u015f mafsal: \u00c7ift k\u0131lavuzlama sayesinde y\u00fcksek dayan\u0131kl\u0131k. Dayan\u0131kl\u0131 ayarlama mekanizmas\u0131, kirlenmeye kar\u015f\u0131 hassas de\u011fildir, kolay temizlenir; \u00f6zellikle d\u0131\u015f mekanlardaki kullan\u0131m i\u00e7in uygundur. 11 kademeli ayar mekanizmas\u0131 ve 3 1\/2&#8243; kavrama kapasitesi ile i\u015f par\u00e7as\u0131na adaptasyon optimizasyonu sa\u011flan\u0131r ve elde kolay tutulur. <\/p>\n<li><b>Ayar pozisyonu: <\/b>11<\/li>\n<li><b>Boru kesme kapasitesi in\u00e7 (\u00e7ap): <\/b>\u00d8 3 1\/2 in<\/li>\n<li><b>Somun ve anahtar \u00f6l\u00e7\u00fcs\u00fc kapasitesi: <\/b>95 mm<\/li>\n<li><b>Boru \u00e7ap\u0131 kapasitesi (\u00e7ap): <\/b>\u00d8 90 mm<\/li>\n","protected":false},"featured_media":12264,"comment_status":"open","ping_status":"closed","template":"","meta":{"_acf_changed":false},"product_brand":[1486],"product_cat":[956],"product_tag":[],"class_list":{"0":"post-12265","1":"product","2":"type-product","3":"status-publish","4":"has-post-thumbnail","6":"product_brand-knipex","7":"product_cat-ayarli-penseler","9":"first","10":"outofstock","11":"taxable","12":"shipping-taxable","13":"purchasable","14":"product-type-simple","15":"add-to-wishlist-after_add_to_cart"},"acf":[],"_links":{"self":[{"href":"https:\/\/www.makitamarket.com.tr\/site\/wp-json\/wp\/v2\/product\/12265","targetHints":{"allow":["GET"]}}],"collection":[{"href":"https:\/\/www.makitamarket.com.tr\/site\/wp-json\/wp\/v2\/product"}],"about":[{"href":"https:\/\/www.makitamarket.com.tr\/site\/wp-json\/wp\/v2\/types\/product"}],"replies":[{"embeddable":true,"href":"https:\/\/www.makitamarket.com.tr\/site\/wp-json\/wp\/v2\/comments?post=12265"}],"wp:featuredmedia":[{"embeddable":true,"href":"https:\/\/www.makitamarket.com.tr\/site\/wp-json\/wp\/v2\/media\/12264"}],"wp:attachment":[{"href":"https:\/\/www.makitamarket.com.tr\/site\/wp-json\/wp\/v2\/media?parent=12265"}],"wp:term":[{"taxonomy":"product_brand","embeddable":true,"href":"https:\/\/www.makitamarket.com.tr\/site\/wp-json\/wp\/v2\/product_brand?post=12265"},{"taxonomy":"product_cat","embeddable":true,"href":"https:\/\/www.makitamarket.com.tr\/site\/wp-json\/wp\/v2\/product_cat?post=12265"},{"taxonomy":"product_tag","embeddable":true,"href":"https:\/\/www.makitamarket.com.tr\/site\/wp-json\/wp\/v2\/product_tag?post=12265"}],"curies":[{"name":"wp","href":"https:\/\/api.w.org\/{rel}","templated":true}]}}