{"id":12306,"date":"2024-11-27T20:14:25","date_gmt":"2024-11-27T17:14:25","guid":{"rendered":"https:\/\/www.makitamarket.com.tr\/site\/urun\/proxxon-proxxon-28704-ng-5-e-micromot-adaptor\/"},"modified":"2026-04-06T14:02:57","modified_gmt":"2026-04-06T11:02:57","slug":"proxxon-proxxon-28704-ng-5-e-micromot-adaptor","status":"publish","type":"product","link":"https:\/\/www.makitamarket.com.tr\/site\/urun\/proxxon-proxxon-28704-ng-5-e-micromot-adaptor\/","title":{"rendered":"Proxxon 28704 PROXXON 28704 NG 5\/E M\u0130CROMOT ADAPT\u00d6R"},"content":{"rendered":"<div>\n\t<strong>Kullan\u0131m : <\/strong>PTC Koruma devresi y\u00fcksek gerilime kar\u015f\u0131 koruma sa\u011flar. Tristorgeri beslemeli elektronik h\u0131z kontrol\u00fc makinan\u0131n d\u00fc\u015f\u00fck h\u0131zlarda y\u00fcksek tork ve optimum kullan\u0131m verimine yard\u0131mc\u0131 olur. K\u0131rm\u0131z\u0131 LED adapt\u00f6r\u00fcn haz\u0131r oldu\u011funu g\u00f6sterir. Mikromat cihazlar i\u00e7in ask\u0131 b\u00f6l\u00fcm\u00fc 2,35mm ve 3,0mm u\u00e7lar i\u00e7in delikli tasar\u0131m.<\/div>\n<div>\n\t<strong>Sevkiyat Kapsam\u0131 : <\/strong>Resimde g\u00f6r\u00fclen mikromat cihaz ve u\u00e7lar dahil de\u011fildir. 4mm \u00e7apl\u0131 standart muz prizler i\u00e7in bir \u00e7ift fi\u015f.<\/div>\n<table>\n<tr>\n<td>Maksimum G\u00fc\u00e7 Sarfiyat\u0131<\/td>\n<td>220-240V. A\u00e7\u0131k devrede 16V y\u00fckl\u00fcyken 12V gerilimi 5A ak\u0131mda sa\u011flar.<\/td>\n<\/tr>\n<tr>\n<td>\u00d6zellik<\/td>\n<td>Kademesiz de\u011fi\u015fken geri beslemeli elektronik h\u0131z kontrol\u00fc ve \u0131s\u0131 diren\u00e7li.<\/td>\n<\/tr>\n<tr>\n<td>A\u011f\u0131rl\u0131k<\/td>\n<td>2.0kg<\/td>\n<\/tr>\n<\/table>\n","protected":false},"excerpt":{"rendered":"<div>\n\t<strong>Kullan\u0131m : <\/strong>PTC Koruma devresi y\u00fcksek gerilime kar\u015f\u0131 koruma sa\u011flar. Tristorgeri beslemeli elektronik h\u0131z kontrol\u00fc makinan\u0131n d\u00fc\u015f\u00fck h\u0131zlarda y\u00fcksek tork ve optimum kullan\u0131m verimine yard\u0131mc\u0131 olur. K\u0131rm\u0131z\u0131 LED adapt\u00f6r\u00fcn haz\u0131r oldu\u011funu g\u00f6sterir. Mikromat cihazlar i\u00e7in ask\u0131 b\u00f6l\u00fcm\u00fc 2,35mm ve 3,0mm u\u00e7lar i\u00e7in delikli tasar\u0131m.<\/div>\n<div>\n\t<strong>Sevkiyat Kapsam\u0131 : <\/strong>Resimde g\u00f6r\u00fclen mikromat cihaz ve u\u00e7lar dahil de\u011fildir. 4mm \u00e7apl\u0131 standart muz prizler i\u00e7in bir \u00e7ift fi\u015f.<\/div>\n","protected":false},"featured_media":12305,"comment_status":"open","ping_status":"closed","template":"","meta":{"_acf_changed":false},"product_brand":[1501],"product_cat":[1565],"product_tag":[],"class_list":{"0":"post-12306","1":"product","2":"type-product","3":"status-publish","4":"has-post-thumbnail","6":"product_brand-proxxon","7":"product_cat-yok-yok","9":"first","10":"instock","11":"taxable","12":"shipping-taxable","13":"purchasable","14":"product-type-simple","15":"add-to-wishlist-after_add_to_cart"},"acf":[],"_links":{"self":[{"href":"https:\/\/www.makitamarket.com.tr\/site\/wp-json\/wp\/v2\/product\/12306","targetHints":{"allow":["GET"]}}],"collection":[{"href":"https:\/\/www.makitamarket.com.tr\/site\/wp-json\/wp\/v2\/product"}],"about":[{"href":"https:\/\/www.makitamarket.com.tr\/site\/wp-json\/wp\/v2\/types\/product"}],"replies":[{"embeddable":true,"href":"https:\/\/www.makitamarket.com.tr\/site\/wp-json\/wp\/v2\/comments?post=12306"}],"wp:featuredmedia":[{"embeddable":true,"href":"https:\/\/www.makitamarket.com.tr\/site\/wp-json\/wp\/v2\/media\/12305"}],"wp:attachment":[{"href":"https:\/\/www.makitamarket.com.tr\/site\/wp-json\/wp\/v2\/media?parent=12306"}],"wp:term":[{"taxonomy":"product_brand","embeddable":true,"href":"https:\/\/www.makitamarket.com.tr\/site\/wp-json\/wp\/v2\/product_brand?post=12306"},{"taxonomy":"product_cat","embeddable":true,"href":"https:\/\/www.makitamarket.com.tr\/site\/wp-json\/wp\/v2\/product_cat?post=12306"},{"taxonomy":"product_tag","embeddable":true,"href":"https:\/\/www.makitamarket.com.tr\/site\/wp-json\/wp\/v2\/product_tag?post=12306"}],"curies":[{"name":"wp","href":"https:\/\/api.w.org\/{rel}","templated":true}]}}