{"id":12338,"date":"2024-11-27T20:14:42","date_gmt":"2024-11-27T17:14:42","guid":{"rendered":"https:\/\/www.makitamarket.com.tr\/site\/urun\/ozco-serit-1440x13x065-10-14-dis\/"},"modified":"2025-07-11T20:16:07","modified_gmt":"2025-07-11T17:16:07","slug":"ozco-serit-1440x13x065-10-14-dis","status":"publish","type":"product","link":"https:\/\/www.makitamarket.com.tr\/site\/urun\/ozco-serit-1440x13x065-10-14-dis\/","title":{"rendered":"Ozco 144010\/14 \u015eER\u0130T 1440x13x0,65 10\/14 Di\u015f"},"content":{"rendered":"<table>\n<tr>\n<td>Uzunluk (mm)<\/td>\n<td>1440<\/td>\n<\/tr>\n<tr>\n<td>En (mm)<\/td>\n<td>13<\/td>\n<\/tr>\n<tr>\n<td>Kal\u0131nl\u0131k (mm)<\/td>\n<td>0.65<\/td>\n<\/tr>\n<tr>\n<td>Di\u015f \u00d6l\u00e7\u00fcs\u00fc<\/td>\n<td>10\/14<\/td>\n<\/tr>\n<tr>\n<td>Uygun CRAFT Modeli<\/td>\n<td>T125DC<\/td>\n<\/tr>\n<\/table>\n","protected":false},"excerpt":{"rendered":"<p>Uzunluk (mm) 1440 En (mm) 13 Kal\u0131nl\u0131k (mm) 0.65 Di\u015f \u00d6l\u00e7\u00fcs\u00fc 10\/14 Uygun CRAFT Modeli T125DC<\/p>\n","protected":false},"featured_media":0,"comment_status":"open","ping_status":"closed","template":"","meta":{"_acf_changed":false},"product_brand":[],"product_cat":[1111],"product_tag":[],"class_list":{"0":"post-12338","1":"product","2":"type-product","3":"status-publish","5":"product_cat-serit-testere-makinalari-metal-isleme-makinalari-2","7":"first","8":"instock","9":"taxable","10":"shipping-taxable","11":"purchasable","12":"product-type-simple","13":"add-to-wishlist-after_add_to_cart"},"acf":[],"_links":{"self":[{"href":"https:\/\/www.makitamarket.com.tr\/site\/wp-json\/wp\/v2\/product\/12338","targetHints":{"allow":["GET"]}}],"collection":[{"href":"https:\/\/www.makitamarket.com.tr\/site\/wp-json\/wp\/v2\/product"}],"about":[{"href":"https:\/\/www.makitamarket.com.tr\/site\/wp-json\/wp\/v2\/types\/product"}],"replies":[{"embeddable":true,"href":"https:\/\/www.makitamarket.com.tr\/site\/wp-json\/wp\/v2\/comments?post=12338"}],"wp:attachment":[{"href":"https:\/\/www.makitamarket.com.tr\/site\/wp-json\/wp\/v2\/media?parent=12338"}],"wp:term":[{"taxonomy":"product_brand","embeddable":true,"href":"https:\/\/www.makitamarket.com.tr\/site\/wp-json\/wp\/v2\/product_brand?post=12338"},{"taxonomy":"product_cat","embeddable":true,"href":"https:\/\/www.makitamarket.com.tr\/site\/wp-json\/wp\/v2\/product_cat?post=12338"},{"taxonomy":"product_tag","embeddable":true,"href":"https:\/\/www.makitamarket.com.tr\/site\/wp-json\/wp\/v2\/product_tag?post=12338"}],"curies":[{"name":"wp","href":"https:\/\/api.w.org\/{rel}","templated":true}]}}