{"id":12395,"date":"2024-11-27T20:15:00","date_gmt":"2024-11-27T17:15:00","guid":{"rendered":"https:\/\/www.makitamarket.com.tr\/site\/urun\/proxxon-endustriyel-ince-acik-agiz-anahtar-takimi-11-parca\/"},"modified":"2026-04-21T01:49:08","modified_gmt":"2026-04-20T22:49:08","slug":"proxxon-endustriyel-ince-acik-agiz-anahtar-takimi-11-parca","status":"publish","type":"product","link":"https:\/\/www.makitamarket.com.tr\/site\/urun\/proxxon-endustriyel-ince-acik-agiz-anahtar-takimi-11-parca\/","title":{"rendered":"Proxxon End\u00fcstriyel 23802 \u0130NCE A\u00c7IK A\u011eIZ ANAHTAR TAKIMI 11 PAR\u00c7A"},"content":{"rendered":"<div>\n\tSlim Line-\u0130ki a\u011f\u0131zl\u0131 d\u00fcz anahtarlar.<\/div>\n<div>\n\t6&#215;7,8&#215;9,10&#215;11,12&#215;13,14&#215;15,16&#215;17,18&#215;19,20&#215;22,21&#215;23,24 x27,30&#215;32<\/div>\n<div>\n\tHepsi karton kutu i\u00e7inde.<\/div>\n<table>\n<tr>\n<td>Tip<\/td>\n<td>Slim-Line<\/td>\n<\/tr>\n<\/table>\n","protected":false},"excerpt":{"rendered":"<div>\n\tSlim Line-\u0130ki a\u011f\u0131zl\u0131 d\u00fcz anahtarlar.<\/div>\n<div>\n\t6&#215;7,8&#215;9,10&#215;11,12&#215;13,14&#215;15,16&#215;17,18&#215;19,20&#215;22,21&#215;23,24 x27,30&#215;32<\/div>\n<div>\n\tHepsi karton kutu i\u00e7inde.<\/div>\n","protected":false},"featured_media":12394,"comment_status":"open","ping_status":"closed","template":"","meta":{"_acf_changed":false},"product_brand":[1529],"product_cat":[978],"product_tag":[],"class_list":{"0":"post-12395","1":"product","2":"type-product","3":"status-publish","4":"has-post-thumbnail","6":"product_brand-proxxon-endustriyel","7":"product_cat-anahtarlar","9":"first","10":"instock","11":"taxable","12":"shipping-taxable","13":"purchasable","14":"product-type-simple","15":"add-to-wishlist-after_add_to_cart"},"acf":[],"_links":{"self":[{"href":"https:\/\/www.makitamarket.com.tr\/site\/wp-json\/wp\/v2\/product\/12395","targetHints":{"allow":["GET"]}}],"collection":[{"href":"https:\/\/www.makitamarket.com.tr\/site\/wp-json\/wp\/v2\/product"}],"about":[{"href":"https:\/\/www.makitamarket.com.tr\/site\/wp-json\/wp\/v2\/types\/product"}],"replies":[{"embeddable":true,"href":"https:\/\/www.makitamarket.com.tr\/site\/wp-json\/wp\/v2\/comments?post=12395"}],"wp:featuredmedia":[{"embeddable":true,"href":"https:\/\/www.makitamarket.com.tr\/site\/wp-json\/wp\/v2\/media\/12394"}],"wp:attachment":[{"href":"https:\/\/www.makitamarket.com.tr\/site\/wp-json\/wp\/v2\/media?parent=12395"}],"wp:term":[{"taxonomy":"product_brand","embeddable":true,"href":"https:\/\/www.makitamarket.com.tr\/site\/wp-json\/wp\/v2\/product_brand?post=12395"},{"taxonomy":"product_cat","embeddable":true,"href":"https:\/\/www.makitamarket.com.tr\/site\/wp-json\/wp\/v2\/product_cat?post=12395"},{"taxonomy":"product_tag","embeddable":true,"href":"https:\/\/www.makitamarket.com.tr\/site\/wp-json\/wp\/v2\/product_tag?post=12395"}],"curies":[{"name":"wp","href":"https:\/\/api.w.org\/{rel}","templated":true}]}}