{"id":12403,"date":"2024-11-27T20:15:03","date_gmt":"2024-11-27T17:15:03","guid":{"rendered":"https:\/\/www.makitamarket.com.tr\/site\/urun\/knipex-hortum-kelepce-pensi-250-mm\/"},"modified":"2026-04-06T14:05:06","modified_gmt":"2026-04-06T11:05:06","slug":"knipex-hortum-kelepce-pensi-250-mm","status":"publish","type":"product","link":"https:\/\/www.makitamarket.com.tr\/site\/urun\/knipex-hortum-kelepce-pensi-250-mm\/","title":{"rendered":"Knipex 8551250A HORTUM KELEP\u00c7E PENS\u0130 250 mm"},"content":{"rendered":"<p><b>85 51 250 A Hortum kelep\u00e7e pensesi<\/b><br \/>Kelep\u00e7elerin her pozisyonda g\u00fcvenli bir \u015fekilde tutulmas\u0131n\u0131 sa\u011flayan d\u00f6nd\u00fcr\u00fclebilir \u00fcniversal tutucu elemanlar. Kavrama elemanlar\u0131 y\u00fck alt\u0131nda da d\u00f6nd\u00fcr\u00fclebilir. Ekstrem iyi kol aktar\u0131m\u0131, b\u00f6ylece kelep\u00e7eler fazla kuvvet harcanmadan kolayca ve g\u00fcvenli olarak a\u00e7\u0131labilir. \u0130nce kafa; d\u00fc\u015f\u00fck kafa geni\u015fli\u011fi, d\u00f6nd\u00fcr\u00fclebilir a\u011f\u0131z elemanlar\u0131: \u00d6zellikle dar yerlerde kullan\u0131m i\u00e7in ideal bir alet. Ek fonksiyon: Di\u015fli a\u011f\u0131z tasar\u0131m\u0131 sayesinde kelep\u00e7eleri g\u00fcvenli \u015fekilde a\u00e7abilirsiniz. Quick-Set ayarlama: Direkt i\u015f par\u00e7as\u0131na dayayarak ayarlan\u0131r. Standart, dar alan ve tel kelep\u00e7eleri ile anma \u00e7ap\u0131 70 mm&#8217;ye kadar olan yayl\u0131 segmanlar i\u00e7in kullan\u0131labilir. 40 mm&#8217;den fazla s\u0131kma mesafesi. <\/p>\n<li><b>Kapasite: <\/b>\u00d8 max. 70 mm<\/li>\n<li><b>Ayar pozisyonu: <\/b>25<\/li>\n<table>\n<tr>\n<td>Uzunluk<\/td>\n<td>250<\/td>\n<\/tr>\n<tr>\n<td>Kafa<\/td>\n<td>Polisaj<\/td>\n<\/tr>\n<tr>\n<td>Sap<\/td>\n<td>Kaymaz izole<\/td>\n<\/tr>\n<tr>\n<td>Kapasite<\/td>\n<td>70 mm<\/td>\n<\/tr>\n<tr>\n<td>A\u011f\u0131rl\u0131k<\/td>\n<td>340 gr<\/td>\n<\/tr>\n<\/table>\n","protected":false},"excerpt":{"rendered":"<p><b>85 51 250 A Hortum kelep\u00e7e pensesi<\/b><br \/>Kelep\u00e7elerin her pozisyonda g\u00fcvenli bir \u015fekilde tutulmas\u0131n\u0131 sa\u011flayan d\u00f6nd\u00fcr\u00fclebilir \u00fcniversal tutucu elemanlar. Kavrama elemanlar\u0131 y\u00fck alt\u0131nda da d\u00f6nd\u00fcr\u00fclebilir. Ekstrem iyi kol aktar\u0131m\u0131, b\u00f6ylece kelep\u00e7eler fazla kuvvet harcanmadan kolayca ve g\u00fcvenli olarak a\u00e7\u0131labilir. \u0130nce kafa; d\u00fc\u015f\u00fck kafa geni\u015fli\u011fi, d\u00f6nd\u00fcr\u00fclebilir a\u011f\u0131z elemanlar\u0131: \u00d6zellikle dar yerlerde kullan\u0131m i\u00e7in ideal bir alet. Ek fonksiyon: Di\u015fli a\u011f\u0131z tasar\u0131m\u0131 sayesinde kelep\u00e7eleri g\u00fcvenli \u015fekilde a\u00e7abilirsiniz. Quick-Set ayarlama: Direkt i\u015f par\u00e7as\u0131na dayayarak ayarlan\u0131r. Standart, dar alan ve tel kelep\u00e7eleri ile anma \u00e7ap\u0131 70 mm&#8217;ye kadar olan yayl\u0131 segmanlar i\u00e7in kullan\u0131labilir. 40 mm&#8217;den fazla s\u0131kma mesafesi. <\/p>\n<li><b>Kapasite: <\/b>\u00d8 max. 70 mm<\/li>\n<li><b>Ayar pozisyonu: <\/b>25<\/li>\n","protected":false},"featured_media":12402,"comment_status":"open","ping_status":"closed","template":"","meta":{"_acf_changed":false},"product_brand":[1486],"product_cat":[1182],"product_tag":[],"class_list":{"0":"post-12403","1":"product","2":"type-product","3":"status-publish","4":"has-post-thumbnail","6":"product_brand-knipex","7":"product_cat-hortum-kelepce-penseleri","9":"first","10":"instock","11":"taxable","12":"shipping-taxable","13":"purchasable","14":"product-type-simple","15":"add-to-wishlist-after_add_to_cart"},"acf":[],"_links":{"self":[{"href":"https:\/\/www.makitamarket.com.tr\/site\/wp-json\/wp\/v2\/product\/12403","targetHints":{"allow":["GET"]}}],"collection":[{"href":"https:\/\/www.makitamarket.com.tr\/site\/wp-json\/wp\/v2\/product"}],"about":[{"href":"https:\/\/www.makitamarket.com.tr\/site\/wp-json\/wp\/v2\/types\/product"}],"replies":[{"embeddable":true,"href":"https:\/\/www.makitamarket.com.tr\/site\/wp-json\/wp\/v2\/comments?post=12403"}],"wp:featuredmedia":[{"embeddable":true,"href":"https:\/\/www.makitamarket.com.tr\/site\/wp-json\/wp\/v2\/media\/12402"}],"wp:attachment":[{"href":"https:\/\/www.makitamarket.com.tr\/site\/wp-json\/wp\/v2\/media?parent=12403"}],"wp:term":[{"taxonomy":"product_brand","embeddable":true,"href":"https:\/\/www.makitamarket.com.tr\/site\/wp-json\/wp\/v2\/product_brand?post=12403"},{"taxonomy":"product_cat","embeddable":true,"href":"https:\/\/www.makitamarket.com.tr\/site\/wp-json\/wp\/v2\/product_cat?post=12403"},{"taxonomy":"product_tag","embeddable":true,"href":"https:\/\/www.makitamarket.com.tr\/site\/wp-json\/wp\/v2\/product_tag?post=12403"}],"curies":[{"name":"wp","href":"https:\/\/api.w.org\/{rel}","templated":true}]}}