{"id":12671,"date":"2024-11-27T22:51:14","date_gmt":"2024-11-27T19:51:14","guid":{"rendered":"https:\/\/www.makitamarket.com.tr\/site\/urun\/makita-floresanfener\/"},"modified":"2026-03-30T08:23:33","modified_gmt":"2026-03-30T05:23:33","slug":"makita-floresanfener","status":"publish","type":"product","link":"https:\/\/www.makitamarket.com.tr\/site\/urun\/makita-floresanfener\/","title":{"rendered":"Makita DML806 FLORESAN FENER"},"content":{"rendered":"<p><strong class=\"red-title\" style=\"font-size: 16px;\">A\u00e7\u0131klama:<\/strong> <span><\/p>\n<p>Model DML806<\/p>\n<p>Floresan Fener<\/p>\n<p>14,4V \/ 18V<\/p>\n<p><span style=\"color: rgb(0, 112, 192);\">Parlak LED Floresan Fener <\/span><\/p>\n<p>\u00c7ift Ama\u00e7l\u0131; Floresan veya El Feneri olarak kullan\u0131labilir. \u00dc\u00e7 LED ayd\u0131nlatma modu mevcuttur: 360\u00b0 floresan, 180\u00b0 floresan veya el feneri. Metal asma kancas\u0131 360\u00b0 d\u00f6ner.Daha fazla rahatl\u0131k i\u00e7in katlanabilir.<\/p>\n<p><u>\u00d6zellikleri:<\/u><\/p>\n<p>Ak\u00fcl\u00fc yap\u0131s\u0131 kullan\u0131c\u0131ya kablosuz kullan\u0131m imkan\u0131 sunar ve bu sayede kullan\u0131c\u0131lar geni\u015f alanlarda kablo s\u0131n\u0131rlamalar\u0131 olmadan rahat\u00e7a \u00e7al\u0131\u015fabilirler.<\/p>\n<p>Floresan \u0131\u015f\u0131\u011f\u0131:360dk 3.0Ah<\/p>\n<p>Fener \u0131\u015f\u0131\u011f\u0131:1980dk 3.0Ah<\/p>\n<p>Net a\u011f\u0131rl\u0131k: 0.40kg<\/p>\n<p>G\u00fc\u00e7-kapasite: 14.4V\/1.5-6.0 Ah\/Li-ion *18V\/1.5-6.0Ah\/Li-ion<\/p>\n<p>Ak\u00fc:BL1430-1460\/BL1830-1860 aras\u0131<\/p>\n<p>\u015earj Cihaz\u0131:DC18RC<\/p>\n<p>Floresan No:A-87367, Ampul No:B-07303<\/p>\n<p><\/span><strong class=\"red-title\" style=\"font-size: 16px;\">Kullan\u0131m Amac\u0131:<\/strong> <span><\/p>\n<p><\/p>\n<p><\/span><strong class=\"red-title\" style=\"font-size: 16px;\">\u00d6zellikler:<\/strong> <span><\/p>\n<p><\/p>\n<p><\/span><strong class=\"red-title\" style=\"font-size: 16px;\">Paket \u0130\u00e7eri\u011fi:<\/strong> <span><\/p>\n<p><\/p>\n<p><\/span><\/p>\n<table>\n<tr>\n<td>Floresan I\u015f\u0131\u011f\u0131<\/td>\n<td>360 dk 3.0 Ah<\/td>\n<\/tr>\n<tr>\n<td>Fener I\u015f\u0131\u011f\u0131<\/td>\n<td>1980 dk 3.0 Ah<\/td>\n<\/tr>\n<tr>\n<td>Net A\u011f\u0131rl\u0131k<\/td>\n<td>0.40 kg<\/td>\n<\/tr>\n<tr>\n<td>G\u00fc\u00e7-Kapasite<\/td>\n<td>14.4V\/1.5-6.0Ah\/Li-ion<\/td>\n<\/tr>\n<tr>\n<td>G\u00fc\u00e7-Kapasite<\/td>\n<td>18V\/1.5-6.0Ah\/Li-ion<\/td>\n<\/tr>\n<tr>\n<td>Ak\u00fc<\/td>\n<td>BL1430-1460\/BL1830-1860 aras\u0131<\/td>\n<\/tr>\n<tr>\n<td>\u015earj Cihaz\u0131<\/td>\n<td>DC18RC<\/td>\n<\/tr>\n<\/table>\n","protected":false},"excerpt":{"rendered":"<p><strong class=\"red-title\" style=\"font-size: 16px;\">A\u00e7\u0131klama:<\/strong> <span><\/p>\n<p>Model DML806<\/p>\n<p>Floresan Fener<\/p>\n<p>14,4V \/ 18V<\/p>\n<p><span style=\"color: rgb(0, 112, 192);\">Parlak LED Floresan Fener <\/span><\/p>\n<p>\u00c7ift Ama\u00e7l\u0131; Floresan veya El Feneri olarak kullan\u0131labilir. \u00dc\u00e7 LED ayd\u0131nlatma modu mevcuttur: 360\u00b0 floresan, 180\u00b0 floresan veya el feneri. Metal asma kancas\u0131 360\u00b0 d\u00f6ner.Daha fazla rahatl\u0131k i\u00e7in katlanabilir.<\/p>\n<p><u>\u00d6zellikleri:<\/u><\/p>\n<p>Ak\u00fcl\u00fc yap\u0131s\u0131 kullan\u0131c\u0131ya kablosuz kullan\u0131m imkan\u0131 sunar ve bu sayede kullan\u0131c\u0131lar geni\u015f alanlarda kablo s\u0131n\u0131rlamalar\u0131 olmadan rahat\u00e7a \u00e7al\u0131\u015fabilirler.<\/p>\n<p>Floresan \u0131\u015f\u0131\u011f\u0131:360dk 3.0Ah<\/p>\n<p>Fener \u0131\u015f\u0131\u011f\u0131:1980dk 3.0Ah<\/p>\n<p>Net a\u011f\u0131rl\u0131k: 0.40kg<\/p>\n<p>G\u00fc\u00e7-kapasite: 14.4V\/1.5-6.0 Ah\/Li-ion *18V\/1.5-6.0Ah\/Li-ion<\/p>\n<p>Ak\u00fc:BL1430-1460\/BL1830-1860 aras\u0131<\/p>\n<p>\u015earj Cihaz\u0131:DC18RC<\/p>\n<p>Floresan No:A-87367, Ampul No:B-07303<\/p>\n<p><\/span><strong class=\"red-title\" style=\"font-size: 16px;\">Kullan\u0131m Amac\u0131:<\/strong> <span><\/p>\n<p><\/p>\n<p><\/span><strong class=\"red-title\" style=\"font-size: 16px;\">\u00d6zellikler:<\/strong> <span><\/p>\n<p><\/p>\n<p><\/span><strong class=\"red-title\" style=\"font-size: 16px;\">Paket \u0130\u00e7eri\u011fi:<\/strong> <span><\/p>\n<p><\/p>\n<p><\/span><\/p>\n","protected":false},"featured_media":12670,"comment_status":"open","ping_status":"closed","template":"","meta":{"_acf_changed":false},"product_brand":[1485],"product_cat":[1208],"product_tag":[],"class_list":{"0":"post-12671","1":"product","2":"type-product","3":"status-publish","4":"has-post-thumbnail","6":"product_brand-makita","7":"product_cat-fenerler","9":"first","10":"instock","11":"taxable","12":"shipping-taxable","13":"purchasable","14":"product-type-simple","15":"add-to-wishlist-after_add_to_cart"},"acf":[],"_links":{"self":[{"href":"https:\/\/www.makitamarket.com.tr\/site\/wp-json\/wp\/v2\/product\/12671","targetHints":{"allow":["GET"]}}],"collection":[{"href":"https:\/\/www.makitamarket.com.tr\/site\/wp-json\/wp\/v2\/product"}],"about":[{"href":"https:\/\/www.makitamarket.com.tr\/site\/wp-json\/wp\/v2\/types\/product"}],"replies":[{"embeddable":true,"href":"https:\/\/www.makitamarket.com.tr\/site\/wp-json\/wp\/v2\/comments?post=12671"}],"wp:featuredmedia":[{"embeddable":true,"href":"https:\/\/www.makitamarket.com.tr\/site\/wp-json\/wp\/v2\/media\/12670"}],"wp:attachment":[{"href":"https:\/\/www.makitamarket.com.tr\/site\/wp-json\/wp\/v2\/media?parent=12671"}],"wp:term":[{"taxonomy":"product_brand","embeddable":true,"href":"https:\/\/www.makitamarket.com.tr\/site\/wp-json\/wp\/v2\/product_brand?post=12671"},{"taxonomy":"product_cat","embeddable":true,"href":"https:\/\/www.makitamarket.com.tr\/site\/wp-json\/wp\/v2\/product_cat?post=12671"},{"taxonomy":"product_tag","embeddable":true,"href":"https:\/\/www.makitamarket.com.tr\/site\/wp-json\/wp\/v2\/product_tag?post=12671"}],"curies":[{"name":"wp","href":"https:\/\/api.w.org\/{rel}","templated":true}]}}