{"id":12709,"date":"2024-11-27T23:08:45","date_gmt":"2024-11-27T20:08:45","guid":{"rendered":"https:\/\/www.makitamarket.com.tr\/site\/urun\/junkaung-circirli-baglama-halati\/"},"modified":"2026-04-06T18:11:50","modified_gmt":"2026-04-06T15:11:50","slug":"junkaung-circirli-baglama-halati","status":"publish","type":"product","link":"https:\/\/www.makitamarket.com.tr\/site\/urun\/junkaung-circirli-baglama-halati\/","title":{"rendered":"Junkaung JK00106 CIRCIRLI BA\u011eLAMA HALATI"},"content":{"rendered":"<table>\n<tr>\n<td>Halat \u00d6l\u00e7\u00fcs\u00fc<\/td>\n<td>25 mm x 5 mt.<\/td>\n<\/tr>\n<tr>\n<td>Halat Cinsi<\/td>\n<td>Naylon<\/td>\n<\/tr>\n<tr>\n<td>\u00c7engel<\/td>\n<td>25 mm.<\/td>\n<\/tr>\n<tr>\n<td>Kanca Say\u0131s\u0131<\/td>\n<td>2 Adet (J)<\/td>\n<\/tr>\n<tr>\n<td>Kapasitesi<\/td>\n<td>700 kg. (Maksimum)<\/td>\n<\/tr>\n<tr>\n<td>A\u011f\u0131rl\u0131k<\/td>\n<td>0.73 kg.<\/td>\n<\/tr>\n<tr>\n<td>\u00c7engel Rengi<\/td>\n<td>Sar\u0131 \u00c7inko<\/td>\n<\/tr>\n<tr>\n<td>Halat Rengi<\/td>\n<td>K\u0131rm\u0131z\u0131<\/td>\n<\/tr>\n<tr>\n<td>Standart\u0131<\/td>\n<td>CE<\/td>\n<\/tr>\n<\/table>\n","protected":false},"excerpt":{"rendered":"<p>Halat \u00d6l\u00e7\u00fcs\u00fc 25 mm x 5 mt. Halat Cinsi Naylon \u00c7engel 25 mm. Kanca Say\u0131s\u0131 2 Adet (J) Kapasitesi 700 kg. (Maksimum) A\u011f\u0131rl\u0131k 0.73 kg. \u00c7engel Rengi Sar\u0131 \u00c7inko Halat<\/p>\n","protected":false},"featured_media":12708,"comment_status":"open","ping_status":"closed","template":"","meta":{"_acf_changed":false},"product_brand":[1549],"product_cat":[1069],"product_tag":[],"class_list":{"0":"post-12709","1":"product","2":"type-product","3":"status-publish","4":"has-post-thumbnail","6":"product_brand-junkaung","7":"product_cat-spanzetler-irgatlar-gerdirmeler","9":"first","10":"instock","11":"taxable","12":"shipping-taxable","13":"purchasable","14":"product-type-simple","15":"add-to-wishlist-after_add_to_cart"},"acf":[],"_links":{"self":[{"href":"https:\/\/www.makitamarket.com.tr\/site\/wp-json\/wp\/v2\/product\/12709","targetHints":{"allow":["GET"]}}],"collection":[{"href":"https:\/\/www.makitamarket.com.tr\/site\/wp-json\/wp\/v2\/product"}],"about":[{"href":"https:\/\/www.makitamarket.com.tr\/site\/wp-json\/wp\/v2\/types\/product"}],"replies":[{"embeddable":true,"href":"https:\/\/www.makitamarket.com.tr\/site\/wp-json\/wp\/v2\/comments?post=12709"}],"wp:featuredmedia":[{"embeddable":true,"href":"https:\/\/www.makitamarket.com.tr\/site\/wp-json\/wp\/v2\/media\/12708"}],"wp:attachment":[{"href":"https:\/\/www.makitamarket.com.tr\/site\/wp-json\/wp\/v2\/media?parent=12709"}],"wp:term":[{"taxonomy":"product_brand","embeddable":true,"href":"https:\/\/www.makitamarket.com.tr\/site\/wp-json\/wp\/v2\/product_brand?post=12709"},{"taxonomy":"product_cat","embeddable":true,"href":"https:\/\/www.makitamarket.com.tr\/site\/wp-json\/wp\/v2\/product_cat?post=12709"},{"taxonomy":"product_tag","embeddable":true,"href":"https:\/\/www.makitamarket.com.tr\/site\/wp-json\/wp\/v2\/product_tag?post=12709"}],"curies":[{"name":"wp","href":"https:\/\/api.w.org\/{rel}","templated":true}]}}