{"id":13020,"date":"2024-11-28T00:38:19","date_gmt":"2024-11-27T21:38:19","guid":{"rendered":"https:\/\/www.makitamarket.com.tr\/site\/urun\/knipex-mafsalli-keski-250-mm\/"},"modified":"2026-04-06T14:18:14","modified_gmt":"2026-04-06T11:18:14","slug":"knipex-mafsalli-keski-250-mm","status":"publish","type":"product","link":"https:\/\/www.makitamarket.com.tr\/site\/urun\/knipex-mafsalli-keski-250-mm\/","title":{"rendered":"Knipex 7101250 MAFSALLI KESK\u0130 250 mm"},"content":{"rendered":"<p><b>71 01 250 KNIPEX CoBolt\u00ae XL<\/b><br \/>B\u00fcy\u00fck kesitli ve \u00e7ok sert malzemeleri de kesmek i\u00e7in. Azami kesim kuvveti i\u00e7in iki elle kullan\u0131m. S\u0131radan a\u011f\u0131r tip yan keskilere k\u0131yasla %60 kuvvet tasarrufu sa\u011flan\u0131r. \u00d6zel mafsal konstr\u00fcksiyonu sayesinde el kuvveti 40 kat g\u00fc\u00e7lendirilir. \u00d8 1,0 mm&#8217;den ba\u015flayan \u00e7aptaki telleri kavramak ve \u00e7ekmek i\u00e7in mafsal alt\u0131nda di\u015fli kavrama y\u00fczeyi bulunur. \u0130nd\u00fcksiyon sertle\u015ftirmeli hassas kesiciler, kesici sertli\u011fi yakl. 64 HRC <\/p>\n<li><b>Orta sert tel kesme de\u011feri (\u00e7ap): <\/b>\u00d8 5,6 mm<\/li>\n<li><b>Schneidwerte harter Draht (Durchmesser): <\/b>\u00d8 4,0 mm<\/li>\n<li><b>Piyano tel kesme de\u011feri (\u00e7ap): <\/b>\u00d8 3,8 mm<\/li>\n<table>\n<tr>\n<td>Sap<\/td>\n<td>\u0130nce \u0130zole<\/td>\n<\/tr>\n<tr>\n<td>Form<\/td>\n<td>Orta kesici<\/td>\n<\/tr>\n<tr>\n<td>Yumu\u015fak Tel<\/td>\n<td>6.0 \u00f8mm<\/td>\n<\/tr>\n<tr>\n<td>Orta Sert Tel<\/td>\n<td>5.6 \u00f8mm<\/td>\n<\/tr>\n<tr>\n<td>Sert Tel<\/td>\n<td>4.0 \u00f8mm<\/td>\n<\/tr>\n<tr>\n<td>Piyano Tel<\/td>\n<td>3.8 \u00f8mm<\/td>\n<\/tr>\n<tr>\n<td>A\u011f\u0131rl\u0131k<\/td>\n<td>465 gr<\/td>\n<\/tr>\n<tr>\n<td>Uzunluk<\/td>\n<td>250<\/td>\n<\/tr>\n<\/table>\n","protected":false},"excerpt":{"rendered":"<p><b>71 01 250 KNIPEX CoBolt\u00ae XL<\/b><br \/>B\u00fcy\u00fck kesitli ve \u00e7ok sert malzemeleri de kesmek i\u00e7in. Azami kesim kuvveti i\u00e7in iki elle kullan\u0131m. S\u0131radan a\u011f\u0131r tip yan keskilere k\u0131yasla %60 kuvvet tasarrufu sa\u011flan\u0131r. \u00d6zel mafsal konstr\u00fcksiyonu sayesinde el kuvveti 40 kat g\u00fc\u00e7lendirilir. \u00d8 1,0 mm&#8217;den ba\u015flayan \u00e7aptaki telleri kavramak ve \u00e7ekmek i\u00e7in mafsal alt\u0131nda di\u015fli kavrama y\u00fczeyi bulunur. \u0130nd\u00fcksiyon sertle\u015ftirmeli hassas kesiciler, kesici sertli\u011fi yakl. 64 HRC <\/p>\n<li><b>Orta sert tel kesme de\u011feri (\u00e7ap): <\/b>\u00d8 5,6 mm<\/li>\n<li><b>Schneidwerte harter Draht (Durchmesser): <\/b>\u00d8 4,0 mm<\/li>\n<li><b>Piyano tel kesme de\u011feri (\u00e7ap): <\/b>\u00d8 3,8 mm<\/li>\n","protected":false},"featured_media":13019,"comment_status":"open","ping_status":"closed","template":"","meta":{"_acf_changed":false},"product_brand":[1486],"product_cat":[1189],"product_tag":[],"class_list":{"0":"post-13020","1":"product","2":"type-product","3":"status-publish","4":"has-post-thumbnail","6":"product_brand-knipex","7":"product_cat-mafsalli-keskiler","9":"first","10":"instock","11":"taxable","12":"shipping-taxable","13":"purchasable","14":"product-type-simple","15":"add-to-wishlist-after_add_to_cart"},"acf":[],"_links":{"self":[{"href":"https:\/\/www.makitamarket.com.tr\/site\/wp-json\/wp\/v2\/product\/13020","targetHints":{"allow":["GET"]}}],"collection":[{"href":"https:\/\/www.makitamarket.com.tr\/site\/wp-json\/wp\/v2\/product"}],"about":[{"href":"https:\/\/www.makitamarket.com.tr\/site\/wp-json\/wp\/v2\/types\/product"}],"replies":[{"embeddable":true,"href":"https:\/\/www.makitamarket.com.tr\/site\/wp-json\/wp\/v2\/comments?post=13020"}],"wp:featuredmedia":[{"embeddable":true,"href":"https:\/\/www.makitamarket.com.tr\/site\/wp-json\/wp\/v2\/media\/13019"}],"wp:attachment":[{"href":"https:\/\/www.makitamarket.com.tr\/site\/wp-json\/wp\/v2\/media?parent=13020"}],"wp:term":[{"taxonomy":"product_brand","embeddable":true,"href":"https:\/\/www.makitamarket.com.tr\/site\/wp-json\/wp\/v2\/product_brand?post=13020"},{"taxonomy":"product_cat","embeddable":true,"href":"https:\/\/www.makitamarket.com.tr\/site\/wp-json\/wp\/v2\/product_cat?post=13020"},{"taxonomy":"product_tag","embeddable":true,"href":"https:\/\/www.makitamarket.com.tr\/site\/wp-json\/wp\/v2\/product_tag?post=13020"}],"curies":[{"name":"wp","href":"https:\/\/api.w.org\/{rel}","templated":true}]}}