{"id":13071,"date":"2024-11-28T00:39:20","date_gmt":"2024-11-27T21:39:20","guid":{"rendered":"https:\/\/www.makitamarket.com.tr\/site\/urun\/junkaung-gerdirme-4-ton-3-kanca\/"},"modified":"2026-04-06T14:19:55","modified_gmt":"2026-04-06T11:19:55","slug":"junkaung-gerdirme-4-ton-3-kanca","status":"publish","type":"product","link":"https:\/\/www.makitamarket.com.tr\/site\/urun\/junkaung-gerdirme-4-ton-3-kanca\/","title":{"rendered":"Junkaung JK01484 GERD\u0130RME (4 TON, 3 KANCA)"},"content":{"rendered":"<table>\n<tr>\n<td>Kapasitesi<\/td>\n<td>4 Ton (4000 kg)<\/td>\n<\/tr>\n<tr>\n<td>Kablo<\/td>\n<td>6 mm x 3 mt.<\/td>\n<\/tr>\n<tr>\n<td>Kanca Say\u0131s\u0131<\/td>\n<td>3 Ad.<\/td>\n<\/tr>\n<tr>\n<td>Sap Kal\u0131nl\u0131\u011f\u0131<\/td>\n<td>5.0 mm<\/td>\n<\/tr>\n<tr>\n<td>G\u00f6vde Kal\u0131nl\u0131\u011f\u0131<\/td>\n<td>6.0 mm<\/td>\n<\/tr>\n<tr>\n<td>A\u011f\u0131rl\u0131k<\/td>\n<td>7,60 Kg<\/td>\n<\/tr>\n<tr>\n<td>Standart\u0131<\/td>\n<td>CE<\/td>\n<\/tr>\n<\/table>\n","protected":false},"excerpt":{"rendered":"<p>Kapasitesi 4 Ton (4000 kg) Kablo 6 mm x 3 mt. Kanca Say\u0131s\u0131 3 Ad. Sap Kal\u0131nl\u0131\u011f\u0131 5.0 mm G\u00f6vde Kal\u0131nl\u0131\u011f\u0131 6.0 mm A\u011f\u0131rl\u0131k 7,60 Kg Standart\u0131 CE<\/p>\n","protected":false},"featured_media":13070,"comment_status":"open","ping_status":"closed","template":"","meta":{"_acf_changed":false},"product_brand":[1549],"product_cat":[1069],"product_tag":[],"class_list":{"0":"post-13071","1":"product","2":"type-product","3":"status-publish","4":"has-post-thumbnail","6":"product_brand-junkaung","7":"product_cat-spanzetler-irgatlar-gerdirmeler","9":"first","10":"instock","11":"taxable","12":"shipping-taxable","13":"purchasable","14":"product-type-simple","15":"add-to-wishlist-after_add_to_cart"},"acf":[],"_links":{"self":[{"href":"https:\/\/www.makitamarket.com.tr\/site\/wp-json\/wp\/v2\/product\/13071","targetHints":{"allow":["GET"]}}],"collection":[{"href":"https:\/\/www.makitamarket.com.tr\/site\/wp-json\/wp\/v2\/product"}],"about":[{"href":"https:\/\/www.makitamarket.com.tr\/site\/wp-json\/wp\/v2\/types\/product"}],"replies":[{"embeddable":true,"href":"https:\/\/www.makitamarket.com.tr\/site\/wp-json\/wp\/v2\/comments?post=13071"}],"wp:featuredmedia":[{"embeddable":true,"href":"https:\/\/www.makitamarket.com.tr\/site\/wp-json\/wp\/v2\/media\/13070"}],"wp:attachment":[{"href":"https:\/\/www.makitamarket.com.tr\/site\/wp-json\/wp\/v2\/media?parent=13071"}],"wp:term":[{"taxonomy":"product_brand","embeddable":true,"href":"https:\/\/www.makitamarket.com.tr\/site\/wp-json\/wp\/v2\/product_brand?post=13071"},{"taxonomy":"product_cat","embeddable":true,"href":"https:\/\/www.makitamarket.com.tr\/site\/wp-json\/wp\/v2\/product_cat?post=13071"},{"taxonomy":"product_tag","embeddable":true,"href":"https:\/\/www.makitamarket.com.tr\/site\/wp-json\/wp\/v2\/product_tag?post=13071"}],"curies":[{"name":"wp","href":"https:\/\/api.w.org\/{rel}","templated":true}]}}