{"id":13083,"date":"2024-11-28T00:39:23","date_gmt":"2024-11-27T21:39:23","guid":{"rendered":"https:\/\/www.makitamarket.com.tr\/site\/urun\/virax-bukme-kalibi-1-1-4\/"},"modified":"2026-04-06T14:20:02","modified_gmt":"2026-04-06T11:20:02","slug":"virax-bukme-kalibi-1-1-4","status":"publish","type":"product","link":"https:\/\/www.makitamarket.com.tr\/site\/urun\/virax-bukme-kalibi-1-1-4\/","title":{"rendered":"Virax 240145 B\u00dcKME KALIBI 1.1\/4&#8243;"},"content":{"rendered":"<p>\n\t<strong><span style=\"font-family:arial,helvetica,sans-serif;\"><span dir=\"ltr\" role=\"presentation\" style=\"left: 574.954px; top: 532.237px; font-size: 11.6667px; transform: scaleX(0.433712);\">\u2022 Mente\u015feli yanaklar ile kullan\u0131labilir.<\/span><\/span><\/strong><\/p>\n<table>\n<tr>\n<td>Boru \u00d6l\u00e7\u00fcs\u00fc<\/td>\n<td>33\/42 mm<\/td>\n<\/tr>\n<tr>\n<td>B\u00fckme \u00c7ap\u0131<\/td>\n<td>135<\/td>\n<\/tr>\n<tr>\n<td>Kg<\/td>\n<td>3.300<\/td>\n<\/tr>\n<tr>\n<td>Boru \u00d6l\u00e7\u00fcs\u00fc<\/td>\n<td>1 1 \/4&#8243;<\/td>\n<\/tr>\n<\/table>\n","protected":false},"excerpt":{"rendered":"<p>\n\t<strong><span style=\"font-family:arial,helvetica,sans-serif;\"><span dir=\"ltr\" role=\"presentation\" style=\"left: 574.954px; top: 532.237px; font-size: 11.6667px; transform: scaleX(0.433712);\">\u2022 Mente\u015feli yanaklar ile kullan\u0131labilir.<\/span><\/span><\/strong><\/p>\n","protected":false},"featured_media":13082,"comment_status":"open","ping_status":"closed","template":"","meta":{"_acf_changed":false},"product_brand":[1495],"product_cat":[898],"product_tag":[],"class_list":{"0":"post-13083","1":"product","2":"type-product","3":"status-publish","4":"has-post-thumbnail","6":"product_brand-virax","7":"product_cat-boru-bukme-kaliplari","9":"first","10":"instock","11":"taxable","12":"shipping-taxable","13":"purchasable","14":"product-type-simple","15":"add-to-wishlist-after_add_to_cart"},"acf":[],"_links":{"self":[{"href":"https:\/\/www.makitamarket.com.tr\/site\/wp-json\/wp\/v2\/product\/13083","targetHints":{"allow":["GET"]}}],"collection":[{"href":"https:\/\/www.makitamarket.com.tr\/site\/wp-json\/wp\/v2\/product"}],"about":[{"href":"https:\/\/www.makitamarket.com.tr\/site\/wp-json\/wp\/v2\/types\/product"}],"replies":[{"embeddable":true,"href":"https:\/\/www.makitamarket.com.tr\/site\/wp-json\/wp\/v2\/comments?post=13083"}],"wp:featuredmedia":[{"embeddable":true,"href":"https:\/\/www.makitamarket.com.tr\/site\/wp-json\/wp\/v2\/media\/13082"}],"wp:attachment":[{"href":"https:\/\/www.makitamarket.com.tr\/site\/wp-json\/wp\/v2\/media?parent=13083"}],"wp:term":[{"taxonomy":"product_brand","embeddable":true,"href":"https:\/\/www.makitamarket.com.tr\/site\/wp-json\/wp\/v2\/product_brand?post=13083"},{"taxonomy":"product_cat","embeddable":true,"href":"https:\/\/www.makitamarket.com.tr\/site\/wp-json\/wp\/v2\/product_cat?post=13083"},{"taxonomy":"product_tag","embeddable":true,"href":"https:\/\/www.makitamarket.com.tr\/site\/wp-json\/wp\/v2\/product_tag?post=13083"}],"curies":[{"name":"wp","href":"https:\/\/api.w.org\/{rel}","templated":true}]}}