{"id":13203,"date":"2024-11-28T15:34:17","date_gmt":"2024-11-28T12:34:17","guid":{"rendered":"https:\/\/www.makitamarket.com.tr\/site\/urun\/topart-6-li-doner-kayis-zimba\/"},"modified":"2026-04-06T14:21:59","modified_gmt":"2026-04-06T11:21:59","slug":"topart-6-li-doner-kayis-zimba","status":"publish","type":"product","link":"https:\/\/www.makitamarket.com.tr\/site\/urun\/topart-6-li-doner-kayis-zimba\/","title":{"rendered":"Topart TA09901 6 LI D\u00d6NER KAYI\u015e ZIMBA"},"content":{"rendered":"<table>\n<tr>\n<td>Koli \u0130\u00e7i Adedi<\/td>\n<td>24<\/td>\n<\/tr>\n<tr>\n<td>Z\u0131mba \u00d6l\u00e7\u00fcleri<\/td>\n<td>2, 2.5, 3, 3.5, 4, 4.5 mm<\/td>\n<\/tr>\n<\/table>\n","protected":false},"excerpt":{"rendered":"<p>Koli \u0130\u00e7i Adedi 24 Z\u0131mba \u00d6l\u00e7\u00fcleri 2, 2.5, 3, 3.5, 4, 4.5 mm<\/p>\n","protected":false},"featured_media":13202,"comment_status":"open","ping_status":"closed","template":"","meta":{"_acf_changed":false},"product_brand":[1527],"product_cat":[955],"product_tag":[],"class_list":{"0":"post-13203","1":"product","2":"type-product","3":"status-publish","4":"has-post-thumbnail","6":"product_brand-topart","7":"product_cat-bant-kesme-aparatlari-zimbalar","9":"first","10":"instock","11":"taxable","12":"shipping-taxable","13":"purchasable","14":"product-type-simple","15":"add-to-wishlist-after_add_to_cart"},"acf":[],"_links":{"self":[{"href":"https:\/\/www.makitamarket.com.tr\/site\/wp-json\/wp\/v2\/product\/13203","targetHints":{"allow":["GET"]}}],"collection":[{"href":"https:\/\/www.makitamarket.com.tr\/site\/wp-json\/wp\/v2\/product"}],"about":[{"href":"https:\/\/www.makitamarket.com.tr\/site\/wp-json\/wp\/v2\/types\/product"}],"replies":[{"embeddable":true,"href":"https:\/\/www.makitamarket.com.tr\/site\/wp-json\/wp\/v2\/comments?post=13203"}],"wp:featuredmedia":[{"embeddable":true,"href":"https:\/\/www.makitamarket.com.tr\/site\/wp-json\/wp\/v2\/media\/13202"}],"wp:attachment":[{"href":"https:\/\/www.makitamarket.com.tr\/site\/wp-json\/wp\/v2\/media?parent=13203"}],"wp:term":[{"taxonomy":"product_brand","embeddable":true,"href":"https:\/\/www.makitamarket.com.tr\/site\/wp-json\/wp\/v2\/product_brand?post=13203"},{"taxonomy":"product_cat","embeddable":true,"href":"https:\/\/www.makitamarket.com.tr\/site\/wp-json\/wp\/v2\/product_cat?post=13203"},{"taxonomy":"product_tag","embeddable":true,"href":"https:\/\/www.makitamarket.com.tr\/site\/wp-json\/wp\/v2\/product_tag?post=13203"}],"curies":[{"name":"wp","href":"https:\/\/api.w.org\/{rel}","templated":true}]}}