{"id":13352,"date":"2024-11-28T18:18:32","date_gmt":"2024-11-28T15:18:32","guid":{"rendered":"https:\/\/www.makitamarket.com.tr\/site\/urun\/makita-d-serisi-sds-plus-uc-7x160-mm-50-li-paket\/"},"modified":"2025-07-11T20:36:05","modified_gmt":"2025-07-11T17:36:05","slug":"makita-d-serisi-sds-plus-uc-7x160-mm-50-li-paket","status":"publish","type":"product","link":"https:\/\/www.makitamarket.com.tr\/site\/urun\/makita-d-serisi-sds-plus-uc-7x160-mm-50-li-paket\/","title":{"rendered":"Makita D-62147 D SER\u0130S\u0130 SDS PLUS U\u00c7 7&#215;160 mm (50 L\u0130 PAKET)"},"content":{"rendered":"<p>\n\tEkonomik seri u\u00e7lard\u0131r.<\/p>\n<p>\n\tPaket i\u00e7erisindeki u\u00e7lar BL\u0130STERS\u0130Z&#8217;dir.<\/p>\n<p>\n\tMakita ve t\u00fcm SDS plus u\u00e7 kullanan makinalara uygundur.<\/p>\n<table>\n<tr>\n<td>\u00c7ap<\/td>\n<td>7 mm<\/td>\n<\/tr>\n<tr>\n<td>Uzunluk<\/td>\n<td>160 mm<\/td>\n<\/tr>\n<tr>\n<td>\u00c7al\u0131\u015fma Uzunlu\u011fu<\/td>\n<td>92 mm<\/td>\n<\/tr>\n<\/table>\n","protected":false},"excerpt":{"rendered":"<p>\n\tEkonomik seri u\u00e7lard\u0131r.<\/p>\n<p>\n\tPaket i\u00e7erisindeki u\u00e7lar BL\u0130STERS\u0130Z&#8217;dir.<\/p>\n<p>\n\tMakita ve t\u00fcm SDS plus u\u00e7 kullanan makinalara uygundur.<\/p>\n","protected":false},"featured_media":0,"comment_status":"open","ping_status":"closed","template":"","meta":{"_acf_changed":false},"product_brand":[],"product_cat":[1149],"product_tag":[],"class_list":{"0":"post-13352","1":"product","2":"type-product","3":"status-publish","5":"product_cat-sds-plus-uclar","7":"first","8":"instock","9":"taxable","10":"shipping-taxable","11":"purchasable","12":"product-type-simple","13":"add-to-wishlist-after_add_to_cart"},"acf":[],"_links":{"self":[{"href":"https:\/\/www.makitamarket.com.tr\/site\/wp-json\/wp\/v2\/product\/13352","targetHints":{"allow":["GET"]}}],"collection":[{"href":"https:\/\/www.makitamarket.com.tr\/site\/wp-json\/wp\/v2\/product"}],"about":[{"href":"https:\/\/www.makitamarket.com.tr\/site\/wp-json\/wp\/v2\/types\/product"}],"replies":[{"embeddable":true,"href":"https:\/\/www.makitamarket.com.tr\/site\/wp-json\/wp\/v2\/comments?post=13352"}],"wp:attachment":[{"href":"https:\/\/www.makitamarket.com.tr\/site\/wp-json\/wp\/v2\/media?parent=13352"}],"wp:term":[{"taxonomy":"product_brand","embeddable":true,"href":"https:\/\/www.makitamarket.com.tr\/site\/wp-json\/wp\/v2\/product_brand?post=13352"},{"taxonomy":"product_cat","embeddable":true,"href":"https:\/\/www.makitamarket.com.tr\/site\/wp-json\/wp\/v2\/product_cat?post=13352"},{"taxonomy":"product_tag","embeddable":true,"href":"https:\/\/www.makitamarket.com.tr\/site\/wp-json\/wp\/v2\/product_tag?post=13352"}],"curies":[{"name":"wp","href":"https:\/\/api.w.org\/{rel}","templated":true}]}}