{"id":13421,"date":"2024-11-28T18:22:43","date_gmt":"2024-11-28T15:22:43","guid":{"rendered":"https:\/\/www.makitamarket.com.tr\/site\/urun\/makita-buyuk-elmas-bicakli-metal-delici-18-mm\/"},"modified":"2026-05-12T17:13:18","modified_gmt":"2026-05-12T14:13:18","slug":"makita-buyuk-elmas-bicakli-metal-delici-18-mm","status":"publish","type":"product","link":"https:\/\/www.makitamarket.com.tr\/site\/urun\/makita-buyuk-elmas-bicakli-metal-delici-18-mm\/","title":{"rendered":"Makita B-02319 B\u00dcY\u00dcK ELMAS BI\u00c7AKLI METAL DEL\u0130C\u0130 18 mm"},"content":{"rendered":"<table>\n<tr>\n<td>U\u00e7 \u00c7ap\u0131<\/td>\n<td>18<\/td>\n<\/tr>\n<\/table>\n","protected":false},"excerpt":{"rendered":"<p>U\u00e7 \u00c7ap\u0131 18<\/p>\n","protected":false},"featured_media":0,"comment_status":"open","ping_status":"closed","template":"","meta":{"_acf_changed":false},"product_brand":[1485],"product_cat":[1108],"product_tag":[],"class_list":{"0":"post-13421","1":"product","2":"type-product","3":"status-publish","5":"product_brand-makita","6":"product_cat-elmas-bicakli-delik-testereler","8":"first","9":"instock","10":"taxable","11":"shipping-taxable","12":"purchasable","13":"product-type-simple","14":"add-to-wishlist-after_add_to_cart"},"acf":[],"_links":{"self":[{"href":"https:\/\/www.makitamarket.com.tr\/site\/wp-json\/wp\/v2\/product\/13421","targetHints":{"allow":["GET"]}}],"collection":[{"href":"https:\/\/www.makitamarket.com.tr\/site\/wp-json\/wp\/v2\/product"}],"about":[{"href":"https:\/\/www.makitamarket.com.tr\/site\/wp-json\/wp\/v2\/types\/product"}],"replies":[{"embeddable":true,"href":"https:\/\/www.makitamarket.com.tr\/site\/wp-json\/wp\/v2\/comments?post=13421"}],"wp:attachment":[{"href":"https:\/\/www.makitamarket.com.tr\/site\/wp-json\/wp\/v2\/media?parent=13421"}],"wp:term":[{"taxonomy":"product_brand","embeddable":true,"href":"https:\/\/www.makitamarket.com.tr\/site\/wp-json\/wp\/v2\/product_brand?post=13421"},{"taxonomy":"product_cat","embeddable":true,"href":"https:\/\/www.makitamarket.com.tr\/site\/wp-json\/wp\/v2\/product_cat?post=13421"},{"taxonomy":"product_tag","embeddable":true,"href":"https:\/\/www.makitamarket.com.tr\/site\/wp-json\/wp\/v2\/product_tag?post=13421"}],"curies":[{"name":"wp","href":"https:\/\/api.w.org\/{rel}","templated":true}]}}