{"id":13511,"date":"2024-11-28T18:25:00","date_gmt":"2024-11-28T15:25:00","guid":{"rendered":"https:\/\/www.makitamarket.com.tr\/site\/urun\/proxxon-proxxon-28462-fbs-12-e-hassas-matkap-taslama\/"},"modified":"2026-04-13T20:40:49","modified_gmt":"2026-04-13T17:40:49","slug":"proxxon-proxxon-28462-fbs-12-e-hassas-matkap-taslama","status":"publish","type":"product","link":"https:\/\/www.makitamarket.com.tr\/site\/urun\/proxxon-proxxon-28462-fbs-12-e-hassas-matkap-taslama\/","title":{"rendered":"Proxxon 28462 FBS 12\/E PROXXON 28462 FBS 12\/E HASSAS MATKAP TA\u015eLAMA"},"content":{"rendered":"<p><strong>Kullan\u0131m Alanlar\u0131 : <\/strong>Hassas delme, frezeleme, z\u0131mparalama, polisaj, pas s\u00f6kme gibi i\u015flerde kullan\u0131l\u0131r.<\/p>\n<p><strong>Sevkiyat kapsam\u0131 : <\/strong>Sadece makina olarak sevk edilir.<\/p>\n<p>\u2022&nbsp;<strong>Makinaya adapt\u00f6r dahil de\u011fildir.<\/strong><\/p>\n<p><strong>Uyumlu Aksesuarlar:<\/strong><\/p>\n<p><strong>PROX28704: <\/strong>Micromot adapt\u00f6r<\/p>\n<p><strong>PROX28707:<\/strong> Micromot adapt\u00f6r<\/p>\n<p><strong>PROX28706:<\/strong> Micromot adapt\u00f6r<\/p>\n<p><strong>PROX28700: <\/strong>Ayak \u015falteri<\/p>\n<table>\n<tr>\n<td>G\u00fc\u00e7<\/td>\n<td>100 W<\/td>\n<\/tr>\n<tr>\n<td>\u00c7al\u0131\u015fma gerilimi<\/td>\n<td>12-18V<\/td>\n<\/tr>\n<tr>\n<td>Devir<\/td>\n<td>3,000-15,000 d\/dak<\/td>\n<\/tr>\n<tr>\n<td>Mandren Kapasitesi<\/td>\n<td>0.3-3.2 mm anahtars\u0131z<\/td>\n<\/tr>\n<tr>\n<td>Uzunluk<\/td>\n<td>18.5 cm<\/td>\n<\/tr>\n<tr>\n<td>A\u011f\u0131rl\u0131k<\/td>\n<td>450g<\/td>\n<\/tr>\n<\/table>\n","protected":false},"excerpt":{"rendered":"<p><strong>Kullan\u0131m Alanlar\u0131 : <\/strong>Hassas delme, frezeleme, z\u0131mparalama, polisaj, pas s\u00f6kme gibi i\u015flerde kullan\u0131l\u0131r.<\/p>\n<p><strong>Sevkiyat kapsam\u0131 : <\/strong>Sadece makina olarak sevk edilir.<\/p>\n<p>\u2022&nbsp;<strong>Makinaya adapt\u00f6r dahil de\u011fildir.<\/strong><\/p>\n<p><strong>Uyumlu Aksesuarlar:<\/strong><\/p>\n<p><strong>PROX28704: <\/strong>Micromot adapt\u00f6r<\/p>\n<p><strong>PROX28707:<\/strong> Micromot adapt\u00f6r<\/p>\n<p><strong>PROX28706:<\/strong> Micromot adapt\u00f6r<\/p>\n<p><strong>PROX28700: <\/strong>Ayak \u015falteri<\/p>\n","protected":false},"featured_media":13510,"comment_status":"open","ping_status":"closed","template":"","meta":{"_acf_changed":false},"product_brand":[1501],"product_cat":[1123],"product_tag":[],"class_list":{"0":"post-13511","1":"product","2":"type-product","3":"status-publish","4":"has-post-thumbnail","6":"product_brand-proxxon","7":"product_cat-matkap-taslama-makinalari","9":"first","10":"instock","11":"taxable","12":"shipping-taxable","13":"purchasable","14":"product-type-simple","15":"add-to-wishlist-after_add_to_cart"},"acf":[],"_links":{"self":[{"href":"https:\/\/www.makitamarket.com.tr\/site\/wp-json\/wp\/v2\/product\/13511","targetHints":{"allow":["GET"]}}],"collection":[{"href":"https:\/\/www.makitamarket.com.tr\/site\/wp-json\/wp\/v2\/product"}],"about":[{"href":"https:\/\/www.makitamarket.com.tr\/site\/wp-json\/wp\/v2\/types\/product"}],"replies":[{"embeddable":true,"href":"https:\/\/www.makitamarket.com.tr\/site\/wp-json\/wp\/v2\/comments?post=13511"}],"wp:featuredmedia":[{"embeddable":true,"href":"https:\/\/www.makitamarket.com.tr\/site\/wp-json\/wp\/v2\/media\/13510"}],"wp:attachment":[{"href":"https:\/\/www.makitamarket.com.tr\/site\/wp-json\/wp\/v2\/media?parent=13511"}],"wp:term":[{"taxonomy":"product_brand","embeddable":true,"href":"https:\/\/www.makitamarket.com.tr\/site\/wp-json\/wp\/v2\/product_brand?post=13511"},{"taxonomy":"product_cat","embeddable":true,"href":"https:\/\/www.makitamarket.com.tr\/site\/wp-json\/wp\/v2\/product_cat?post=13511"},{"taxonomy":"product_tag","embeddable":true,"href":"https:\/\/www.makitamarket.com.tr\/site\/wp-json\/wp\/v2\/product_tag?post=13511"}],"curies":[{"name":"wp","href":"https:\/\/api.w.org\/{rel}","templated":true}]}}