{"id":13528,"date":"2024-11-28T18:25:10","date_gmt":"2024-11-28T15:25:10","guid":{"rendered":"https:\/\/www.makitamarket.com.tr\/site\/urun\/proxxon-proxxon-24260-pm40-hassas-mengene\/"},"modified":"2026-04-06T14:37:08","modified_gmt":"2026-04-06T11:37:08","slug":"proxxon-proxxon-24260-pm40-hassas-mengene","status":"publish","type":"product","link":"https:\/\/www.makitamarket.com.tr\/site\/urun\/proxxon-proxxon-24260-pm40-hassas-mengene\/","title":{"rendered":"Proxxon 24260 PROXXON 24260 PM40 HASSAS MENGENE"},"content":{"rendered":"<div>\n\t<strong>Hassasiyet i\u00e7in \u00e7elikten i\u015flenmi\u015ftir. Tamamen a\u00e7\u0131sald\u0131r.<\/strong><\/div>\n<div>\n\t\u00c7ene geni\u015fli\u011fi 46mm, s\u0131kma kapasitesi 34mm. Toplam uzunluk 70mm. \u00d6zellikle filigran i\u00e7in ve MICRO freze MF 70 veya KT 70 bile\u015fen tablas\u0131 ile \u00e7al\u0131\u015fmak \u00fczere uygundur. Kayar bloklar ve sabitleme vidalar\u0131 birlikte verilmektedir. Ah\u015fap bir kutu i\u00e7indedir.\u00a0<\/div>\n<table><\/table>\n","protected":false},"excerpt":{"rendered":"<div>\n\t<strong>Hassasiyet i\u00e7in \u00e7elikten i\u015flenmi\u015ftir. Tamamen a\u00e7\u0131sald\u0131r.<\/strong><\/div>\n<div>\n\t\u00c7ene geni\u015fli\u011fi 46mm, s\u0131kma kapasitesi 34mm. Toplam uzunluk 70mm. \u00d6zellikle filigran i\u00e7in ve MICRO freze MF 70 veya KT 70 bile\u015fen tablas\u0131 ile \u00e7al\u0131\u015fmak \u00fczere uygundur. Kayar bloklar ve sabitleme vidalar\u0131 birlikte verilmektedir. Ah\u015fap bir kutu i\u00e7indedir.\u00a0<\/div>\n","protected":false},"featured_media":13527,"comment_status":"open","ping_status":"closed","template":"","meta":{"_acf_changed":false},"product_brand":[1501],"product_cat":[1565],"product_tag":[],"class_list":{"0":"post-13528","1":"product","2":"type-product","3":"status-publish","4":"has-post-thumbnail","6":"product_brand-proxxon","7":"product_cat-yok-yok","9":"first","10":"instock","11":"taxable","12":"shipping-taxable","13":"purchasable","14":"product-type-simple","15":"add-to-wishlist-after_add_to_cart"},"acf":[],"_links":{"self":[{"href":"https:\/\/www.makitamarket.com.tr\/site\/wp-json\/wp\/v2\/product\/13528","targetHints":{"allow":["GET"]}}],"collection":[{"href":"https:\/\/www.makitamarket.com.tr\/site\/wp-json\/wp\/v2\/product"}],"about":[{"href":"https:\/\/www.makitamarket.com.tr\/site\/wp-json\/wp\/v2\/types\/product"}],"replies":[{"embeddable":true,"href":"https:\/\/www.makitamarket.com.tr\/site\/wp-json\/wp\/v2\/comments?post=13528"}],"wp:featuredmedia":[{"embeddable":true,"href":"https:\/\/www.makitamarket.com.tr\/site\/wp-json\/wp\/v2\/media\/13527"}],"wp:attachment":[{"href":"https:\/\/www.makitamarket.com.tr\/site\/wp-json\/wp\/v2\/media?parent=13528"}],"wp:term":[{"taxonomy":"product_brand","embeddable":true,"href":"https:\/\/www.makitamarket.com.tr\/site\/wp-json\/wp\/v2\/product_brand?post=13528"},{"taxonomy":"product_cat","embeddable":true,"href":"https:\/\/www.makitamarket.com.tr\/site\/wp-json\/wp\/v2\/product_cat?post=13528"},{"taxonomy":"product_tag","embeddable":true,"href":"https:\/\/www.makitamarket.com.tr\/site\/wp-json\/wp\/v2\/product_tag?post=13528"}],"curies":[{"name":"wp","href":"https:\/\/api.w.org\/{rel}","templated":true}]}}