{"id":13693,"date":"2024-11-28T18:29:20","date_gmt":"2024-11-28T15:29:20","guid":{"rendered":"https:\/\/www.makitamarket.com.tr\/site\/urun\/knipex-igne-agizli-kargaburun-160-mm\/"},"modified":"2026-03-30T09:00:28","modified_gmt":"2026-03-30T06:00:28","slug":"knipex-igne-agizli-kargaburun-160-mm","status":"publish","type":"product","link":"https:\/\/www.makitamarket.com.tr\/site\/urun\/knipex-igne-agizli-kargaburun-160-mm\/","title":{"rendered":"Knipex 3111160 \u0130\u011eNE A\u011eIZLI KARGABURUN 160 mm"},"content":{"rendered":"<p><b>31 11 160 Kargaburun<\/b><br \/>\u00c7ok hassas montaj, b\u00fckme ve ayarlama \u00e7al\u0131\u015fmalar\u0131 i\u00e7in hassas penseler. zor eri\u015filebilir yerlerde \u00e7al\u0131\u015fmak i\u00e7in tasarlanm\u0131\u015f dar ve ergonomik yap\u0131. D\u00fcz kavrama y\u00fczeyleri. \u00c7apaklar\u0131 itina ile al\u0131nm\u0131\u015f kenarlar. <\/p>\n<li><b>\u00c7ene kal\u0131nl\u0131\u011f\u0131 (eklem) (T1): <\/b>7,5 mm<\/li>\n<li><b>U\u00e7lar geni\u015flik (W4): <\/b>1,8 mm<\/li>\n<li><b>Tip Thickness (T2): <\/b>2,5 mm<\/li>\n<li><b>\u00c7ene uzunlu\u011fu (L3): <\/b>55,0 mm<\/li>\n<li><b>Kafa geni\u015fli\u011fi (W3): <\/b>16,0 mm<\/li>\n<table>\n<tr>\n<td>Sap<\/td>\n<td>\u0130nce \u0130zole<\/td>\n<\/tr>\n<tr>\n<td>Uzunluk<\/td>\n<td>160<\/td>\n<\/tr>\n<tr>\n<td>Form<\/td>\n<td>Yass\u0131 dar a\u011f\u0131z &#8211; A\u011f\u0131z y\u00fczeyleri d\u00fcz<\/td>\n<\/tr>\n<tr>\n<td>\u00d6l\u00e7\u00fcler<\/td>\n<td>L3:55.00mm, W3:16.00mm, T1:7.5mm, W4:2.0mm, T2:2.5mm<\/td>\n<\/tr>\n<tr>\n<td>A\u011f\u0131rl\u0131k<\/td>\n<td>100 gr<\/td>\n<\/tr>\n<\/table>\n","protected":false},"excerpt":{"rendered":"<p><b>31 11 160 Kargaburun<\/b><br \/>\u00c7ok hassas montaj, b\u00fckme ve ayarlama \u00e7al\u0131\u015fmalar\u0131 i\u00e7in hassas penseler. zor eri\u015filebilir yerlerde \u00e7al\u0131\u015fmak i\u00e7in tasarlanm\u0131\u015f dar ve ergonomik yap\u0131. D\u00fcz kavrama y\u00fczeyleri. \u00c7apaklar\u0131 itina ile al\u0131nm\u0131\u015f kenarlar. <\/p>\n<li><b>\u00c7ene kal\u0131nl\u0131\u011f\u0131 (eklem) (T1): <\/b>7,5 mm<\/li>\n<li><b>U\u00e7lar geni\u015flik (W4): <\/b>1,8 mm<\/li>\n<li><b>Tip Thickness (T2): <\/b>2,5 mm<\/li>\n<li><b>\u00c7ene uzunlu\u011fu (L3): <\/b>55,0 mm<\/li>\n<li><b>Kafa geni\u015fli\u011fi (W3): <\/b>16,0 mm<\/li>\n","protected":false},"featured_media":14779,"comment_status":"open","ping_status":"closed","template":"","meta":{"_acf_changed":false},"product_brand":[1486],"product_cat":[795],"product_tag":[],"class_list":{"0":"post-13693","1":"product","2":"type-product","3":"status-publish","4":"has-post-thumbnail","6":"product_brand-knipex","7":"product_cat-kargaburunlar","9":"first","10":"outofstock","11":"taxable","12":"shipping-taxable","13":"purchasable","14":"product-type-simple","15":"add-to-wishlist-after_add_to_cart"},"acf":[],"_links":{"self":[{"href":"https:\/\/www.makitamarket.com.tr\/site\/wp-json\/wp\/v2\/product\/13693","targetHints":{"allow":["GET"]}}],"collection":[{"href":"https:\/\/www.makitamarket.com.tr\/site\/wp-json\/wp\/v2\/product"}],"about":[{"href":"https:\/\/www.makitamarket.com.tr\/site\/wp-json\/wp\/v2\/types\/product"}],"replies":[{"embeddable":true,"href":"https:\/\/www.makitamarket.com.tr\/site\/wp-json\/wp\/v2\/comments?post=13693"}],"wp:featuredmedia":[{"embeddable":true,"href":"https:\/\/www.makitamarket.com.tr\/site\/wp-json\/wp\/v2\/media\/14779"}],"wp:attachment":[{"href":"https:\/\/www.makitamarket.com.tr\/site\/wp-json\/wp\/v2\/media?parent=13693"}],"wp:term":[{"taxonomy":"product_brand","embeddable":true,"href":"https:\/\/www.makitamarket.com.tr\/site\/wp-json\/wp\/v2\/product_brand?post=13693"},{"taxonomy":"product_cat","embeddable":true,"href":"https:\/\/www.makitamarket.com.tr\/site\/wp-json\/wp\/v2\/product_cat?post=13693"},{"taxonomy":"product_tag","embeddable":true,"href":"https:\/\/www.makitamarket.com.tr\/site\/wp-json\/wp\/v2\/product_tag?post=13693"}],"curies":[{"name":"wp","href":"https:\/\/api.w.org\/{rel}","templated":true}]}}