{"id":13710,"date":"2024-11-28T18:30:46","date_gmt":"2024-11-28T15:30:46","guid":{"rendered":"https:\/\/www.makitamarket.com.tr\/site\/urun\/knipex-elektrikci-pensesi-160-mm\/"},"modified":"2026-03-30T08:41:27","modified_gmt":"2026-03-30T05:41:27","slug":"knipex-elektrikci-pensesi-160-mm","status":"publish","type":"product","link":"https:\/\/www.makitamarket.com.tr\/site\/urun\/knipex-elektrikci-pensesi-160-mm\/","title":{"rendered":"Knipex 1302160 ELEKTR\u0130K\u00c7\u0130 PENSES\u0130 160 mm"},"content":{"rendered":"<p><b>13 02 160 Elektrik\u00e7i Pensesi<\/b><br \/>Kablolama \u00e7al\u0131\u015fmalar\u0131 i\u00e7in ideal pense Telleri kavramak ve k\u0131v\u0131rmak i\u00e7in. Orta sertlikte ve sert telleri kesme i\u00e7in. Hassas kesicilere ek ind\u00fcksiyon sertle\u015ftirme uygulanm\u0131\u015ft\u0131r, kesici sertli\u011fi yakl. 60 HRC. Hassas izolasyon s\u0131y\u0131rma delikleri ile. Kablo y\u00fcks\u00fcklerinin s\u0131k\u0131lmas\u0131 i\u00e7in. <\/p>\n<li><b>Orta sert tel kesme de\u011feri (\u00e7ap): <\/b>\u00d8 2,5<\/li>\n<li><b>Schneidwerte harter Draht (Durchmesser): <\/b>\u00d8 1,6<\/li>\n<li><b>Kablo s\u0131y\u0131rma de\u011feri milimetrekare: <\/b>0,5 \u2014 0,75 \/ 1,5 \/ 2,5 mm\u00b2<\/li>\n<table>\n<tr>\n<td>S\u0131y\u0131rma Kapasitesi<\/td>\n<td>0,5-0,75-1,5-2,5 \u00f8mm\u00b2<\/td>\n<\/tr>\n<tr>\n<td>Sap<\/td>\n<td>Kal\u0131n izole<\/td>\n<\/tr>\n<tr>\n<td>Kafa<\/td>\n<td>Polisaj<\/td>\n<\/tr>\n<tr>\n<td>Uzunluk<\/td>\n<td>160<\/td>\n<\/tr>\n<\/table>\n","protected":false},"excerpt":{"rendered":"<p><b>13 02 160 Elektrik\u00e7i Pensesi<\/b><br \/>Kablolama \u00e7al\u0131\u015fmalar\u0131 i\u00e7in ideal pense Telleri kavramak ve k\u0131v\u0131rmak i\u00e7in. Orta sertlikte ve sert telleri kesme i\u00e7in. Hassas kesicilere ek ind\u00fcksiyon sertle\u015ftirme uygulanm\u0131\u015ft\u0131r, kesici sertli\u011fi yakl. 60 HRC. Hassas izolasyon s\u0131y\u0131rma delikleri ile. Kablo y\u00fcks\u00fcklerinin s\u0131k\u0131lmas\u0131 i\u00e7in. <\/p>\n<li><b>Orta sert tel kesme de\u011feri (\u00e7ap): <\/b>\u00d8 2,5<\/li>\n<li><b>Schneidwerte harter Draht (Durchmesser): <\/b>\u00d8 1,6<\/li>\n<li><b>Kablo s\u0131y\u0131rma de\u011feri milimetrekare: <\/b>0,5 \u2014 0,75 \/ 1,5 \/ 2,5 mm\u00b2<\/li>\n","protected":false},"featured_media":13709,"comment_status":"open","ping_status":"closed","template":"","meta":{"_acf_changed":false},"product_brand":[1486],"product_cat":[1179],"product_tag":[],"class_list":{"0":"post-13710","1":"product","2":"type-product","3":"status-publish","4":"has-post-thumbnail","6":"product_brand-knipex","7":"product_cat-elektrikci-penseleri","9":"first","10":"instock","11":"taxable","12":"shipping-taxable","13":"purchasable","14":"product-type-simple","15":"add-to-wishlist-after_add_to_cart"},"acf":[],"_links":{"self":[{"href":"https:\/\/www.makitamarket.com.tr\/site\/wp-json\/wp\/v2\/product\/13710","targetHints":{"allow":["GET"]}}],"collection":[{"href":"https:\/\/www.makitamarket.com.tr\/site\/wp-json\/wp\/v2\/product"}],"about":[{"href":"https:\/\/www.makitamarket.com.tr\/site\/wp-json\/wp\/v2\/types\/product"}],"replies":[{"embeddable":true,"href":"https:\/\/www.makitamarket.com.tr\/site\/wp-json\/wp\/v2\/comments?post=13710"}],"wp:featuredmedia":[{"embeddable":true,"href":"https:\/\/www.makitamarket.com.tr\/site\/wp-json\/wp\/v2\/media\/13709"}],"wp:attachment":[{"href":"https:\/\/www.makitamarket.com.tr\/site\/wp-json\/wp\/v2\/media?parent=13710"}],"wp:term":[{"taxonomy":"product_brand","embeddable":true,"href":"https:\/\/www.makitamarket.com.tr\/site\/wp-json\/wp\/v2\/product_brand?post=13710"},{"taxonomy":"product_cat","embeddable":true,"href":"https:\/\/www.makitamarket.com.tr\/site\/wp-json\/wp\/v2\/product_cat?post=13710"},{"taxonomy":"product_tag","embeddable":true,"href":"https:\/\/www.makitamarket.com.tr\/site\/wp-json\/wp\/v2\/product_tag?post=13710"}],"curies":[{"name":"wp","href":"https:\/\/api.w.org\/{rel}","templated":true}]}}