{"id":13718,"date":"2024-11-28T18:30:50","date_gmt":"2024-11-28T15:30:50","guid":{"rendered":"https:\/\/www.makitamarket.com.tr\/site\/urun\/knipex-vde-ayarli-fort-pense-250-mm\/"},"modified":"2026-03-30T08:41:29","modified_gmt":"2026-03-30T05:41:29","slug":"knipex-vde-ayarli-fort-pense-250-mm","status":"publish","type":"product","link":"https:\/\/www.makitamarket.com.tr\/site\/urun\/knipex-vde-ayarli-fort-pense-250-mm\/","title":{"rendered":"Knipex 8806250 VDE AYARLI FORT PENSE 250 mm"},"content":{"rendered":"<p><b>88 06 250 KNIPEX Alligator\u00ae<\/b><br \/>Kafa ve mafsal alan\u0131ndaki ince yap\u0131s\u0131 sayesinde i\u015f par\u00e7alar\u0131na kolay eri\u015filir. Ayn\u0131 uzunluktaki s\u0131radan fort penseler ile k\u0131yasland\u0131\u011f\u0131nda daha fazla performans ve \u00e7al\u0131\u015fma konforu: %30 daha fazla kavrama kapasitesi i\u00e7in 9 kademeli ayarlama. Boru ve somun \u00fczerinde kendinden kilitleme, i\u015f par\u00e7as\u0131 \u00fczerindekayma yapmaz, \u00e7al\u0131\u015f\u0131rken kuvvet tasarrufu sa\u011flar. \u00d6zel sertle\u015ftirilmi\u015f di\u015fli a\u011f\u0131z y\u00fczeyleri, di\u015flerin sertli\u011fi yakl. 61 HRC: A\u015f\u0131nmaya kar\u015f\u0131 y\u00fcksek dayan\u0131kl\u0131l\u0131k sayesinde daima g\u00fcvenli kavrama. \u0130\u00e7 i\u00e7e ge\u00e7irilmi\u015f mafsal: \u00c7ift k\u0131lavuzlama sayesinde y\u00fcksek dayan\u0131kl\u0131k. Sa\u011flam tasarlanm\u0131\u015f yap\u0131s\u0131 ya\u011fl\u0131 ve kirli ortamlarda \u00e7al\u0131\u015fma imkan\u0131 sa\u011flar. Bu \u00fcr\u00fcnle a\u00e7\u0131k alanlarda \u00e7al\u0131\u015f\u0131labilir. Parmaklar\u0131n s\u0131k\u0131\u015fmas\u0131n\u0131 \u00f6nleyen tasar\u0131ma sahiptir. <\/p>\n<li><b>Ayar pozisyonu: <\/b>9<\/li>\n<li><b>Boru kesme kapasitesi in\u00e7 (\u00e7ap): <\/b>\u00d8 2 in<\/li>\n<li><b>Somun ve anahtar \u00f6l\u00e7\u00fcs\u00fc kapasitesi: <\/b>46 mm<\/li>\n<li><b>Boru \u00e7ap\u0131 kapasitesi (\u00e7ap): <\/b>\u00d8 50 mm<\/li>\n<li><b>VDE onayl\u0131: <\/b>evet \u00a0<\/li>\n<table>\n<tr>\n<td>Uzunluk<\/td>\n<td>250<\/td>\n<\/tr>\n<tr>\n<td>Kafa<\/td>\n<td>Krom<\/td>\n<\/tr>\n<tr>\n<td>Sap<\/td>\n<td>Sos \u0130zole<\/td>\n<\/tr>\n<tr>\n<td>Boru \u00d6l\u00e7\u00fcs\u00fc<\/td>\n<td>2&#8243;<\/td>\n<\/tr>\n<tr>\n<td>Somun \u00d6l\u00e7\u00fcs\u00fc<\/td>\n<td>46mm<\/td>\n<\/tr>\n<tr>\n<td>A\u011f\u0131rl\u0131k<\/td>\n<td>374 gr<\/td>\n<\/tr>\n<\/table>\n","protected":false},"excerpt":{"rendered":"<p><b>88 06 250 KNIPEX Alligator\u00ae<\/b><br \/>Kafa ve mafsal alan\u0131ndaki ince yap\u0131s\u0131 sayesinde i\u015f par\u00e7alar\u0131na kolay eri\u015filir. Ayn\u0131 uzunluktaki s\u0131radan fort penseler ile k\u0131yasland\u0131\u011f\u0131nda daha fazla performans ve \u00e7al\u0131\u015fma konforu: %30 daha fazla kavrama kapasitesi i\u00e7in 9 kademeli ayarlama. Boru ve somun \u00fczerinde kendinden kilitleme, i\u015f par\u00e7as\u0131 \u00fczerindekayma yapmaz, \u00e7al\u0131\u015f\u0131rken kuvvet tasarrufu sa\u011flar. \u00d6zel sertle\u015ftirilmi\u015f di\u015fli a\u011f\u0131z y\u00fczeyleri, di\u015flerin sertli\u011fi yakl. 61 HRC: A\u015f\u0131nmaya kar\u015f\u0131 y\u00fcksek dayan\u0131kl\u0131l\u0131k sayesinde daima g\u00fcvenli kavrama. \u0130\u00e7 i\u00e7e ge\u00e7irilmi\u015f mafsal: \u00c7ift k\u0131lavuzlama sayesinde y\u00fcksek dayan\u0131kl\u0131k. Sa\u011flam tasarlanm\u0131\u015f yap\u0131s\u0131 ya\u011fl\u0131 ve kirli ortamlarda \u00e7al\u0131\u015fma imkan\u0131 sa\u011flar. Bu \u00fcr\u00fcnle a\u00e7\u0131k alanlarda \u00e7al\u0131\u015f\u0131labilir. Parmaklar\u0131n s\u0131k\u0131\u015fmas\u0131n\u0131 \u00f6nleyen tasar\u0131ma sahiptir. <\/p>\n<li><b>Ayar pozisyonu: <\/b>9<\/li>\n<li><b>Boru kesme kapasitesi in\u00e7 (\u00e7ap): <\/b>\u00d8 2 in<\/li>\n<li><b>Somun ve anahtar \u00f6l\u00e7\u00fcs\u00fc kapasitesi: <\/b>46 mm<\/li>\n<li><b>Boru \u00e7ap\u0131 kapasitesi (\u00e7ap): <\/b>\u00d8 50 mm<\/li>\n<li><b>VDE onayl\u0131: <\/b>evet \u00a0<\/li>\n","protected":false},"featured_media":13717,"comment_status":"open","ping_status":"closed","template":"","meta":{"_acf_changed":false},"product_brand":[1486],"product_cat":[956],"product_tag":[],"class_list":{"0":"post-13718","1":"product","2":"type-product","3":"status-publish","4":"has-post-thumbnail","6":"product_brand-knipex","7":"product_cat-ayarli-penseler","9":"first","10":"instock","11":"taxable","12":"shipping-taxable","13":"purchasable","14":"product-type-simple","15":"add-to-wishlist-after_add_to_cart"},"acf":[],"_links":{"self":[{"href":"https:\/\/www.makitamarket.com.tr\/site\/wp-json\/wp\/v2\/product\/13718","targetHints":{"allow":["GET"]}}],"collection":[{"href":"https:\/\/www.makitamarket.com.tr\/site\/wp-json\/wp\/v2\/product"}],"about":[{"href":"https:\/\/www.makitamarket.com.tr\/site\/wp-json\/wp\/v2\/types\/product"}],"replies":[{"embeddable":true,"href":"https:\/\/www.makitamarket.com.tr\/site\/wp-json\/wp\/v2\/comments?post=13718"}],"wp:featuredmedia":[{"embeddable":true,"href":"https:\/\/www.makitamarket.com.tr\/site\/wp-json\/wp\/v2\/media\/13717"}],"wp:attachment":[{"href":"https:\/\/www.makitamarket.com.tr\/site\/wp-json\/wp\/v2\/media?parent=13718"}],"wp:term":[{"taxonomy":"product_brand","embeddable":true,"href":"https:\/\/www.makitamarket.com.tr\/site\/wp-json\/wp\/v2\/product_brand?post=13718"},{"taxonomy":"product_cat","embeddable":true,"href":"https:\/\/www.makitamarket.com.tr\/site\/wp-json\/wp\/v2\/product_cat?post=13718"},{"taxonomy":"product_tag","embeddable":true,"href":"https:\/\/www.makitamarket.com.tr\/site\/wp-json\/wp\/v2\/product_tag?post=13718"}],"curies":[{"name":"wp","href":"https:\/\/api.w.org\/{rel}","templated":true}]}}