{"id":13741,"date":"2024-11-28T18:30:56","date_gmt":"2024-11-28T15:30:56","guid":{"rendered":"https:\/\/www.makitamarket.com.tr\/site\/urun\/proxxon-proxxon-28146-mfb-e-butan-lehim-tabancasi\/"},"modified":"2026-04-06T14:41:59","modified_gmt":"2026-04-06T11:41:59","slug":"proxxon-proxxon-28146-mfb-e-butan-lehim-tabancasi","status":"publish","type":"product","link":"https:\/\/www.makitamarket.com.tr\/site\/urun\/proxxon-proxxon-28146-mfb-e-butan-lehim-tabancasi\/","title":{"rendered":"Proxxon 28146 MFB\/E PROXXON 28146 MFB\/E B\u00dcTAN LEH\u0130M TABANCASI"},"content":{"rendered":"<p>\n\t<strong>Kullan\u0131m Alanlar\u0131 :<\/strong> Lehimleme, lehim \u00e7\u00f6zme, kaplama, par\u00e7a \u0131s\u0131tma ve inceltme i\u00e7in ideal. Model imalat\u00e7\u0131lar\u0131, di\u015f labaratuarlar\u0131, elektronik\u00e7iler, m\u00fccevher tamirat\u0131 vitray cam i\u015fleme i\u00e7in ideal.<\/p>\n<table>\n<tr>\n<td>Ate\u015fleme<\/td>\n<td>Elektronik piezo kristal<\/td>\n<\/tr>\n<tr>\n<td>S\u0131cakl\u0131k<\/td>\n<td>S\u00fcper incelikte 1,200\u00b0<\/td>\n<\/tr>\n<tr>\n<td>Depo<\/td>\n<td>50ml 60 dak kullan\u0131m<\/td>\n<\/tr>\n<tr>\n<td>A\u011f\u0131rl\u0131k<\/td>\n<td>250g<\/td>\n<\/tr>\n<\/table>\n","protected":false},"excerpt":{"rendered":"<p>\n\t<strong>Kullan\u0131m Alanlar\u0131 :<\/strong> Lehimleme, lehim \u00e7\u00f6zme, kaplama, par\u00e7a \u0131s\u0131tma ve inceltme i\u00e7in ideal. Model imalat\u00e7\u0131lar\u0131, di\u015f labaratuarlar\u0131, elektronik\u00e7iler, m\u00fccevher tamirat\u0131 vitray cam i\u015fleme i\u00e7in ideal.<\/p>\n","protected":false},"featured_media":13740,"comment_status":"open","ping_status":"closed","template":"","meta":{"_acf_changed":false},"product_brand":[1501],"product_cat":[1267],"product_tag":[],"class_list":{"0":"post-13741","1":"product","2":"type-product","3":"status-publish","4":"has-post-thumbnail","6":"product_brand-proxxon","7":"product_cat-tabancalar-elektrikli-mikro-aletler","9":"first","10":"instock","11":"taxable","12":"shipping-taxable","13":"purchasable","14":"product-type-simple","15":"add-to-wishlist-after_add_to_cart"},"acf":[],"_links":{"self":[{"href":"https:\/\/www.makitamarket.com.tr\/site\/wp-json\/wp\/v2\/product\/13741","targetHints":{"allow":["GET"]}}],"collection":[{"href":"https:\/\/www.makitamarket.com.tr\/site\/wp-json\/wp\/v2\/product"}],"about":[{"href":"https:\/\/www.makitamarket.com.tr\/site\/wp-json\/wp\/v2\/types\/product"}],"replies":[{"embeddable":true,"href":"https:\/\/www.makitamarket.com.tr\/site\/wp-json\/wp\/v2\/comments?post=13741"}],"wp:featuredmedia":[{"embeddable":true,"href":"https:\/\/www.makitamarket.com.tr\/site\/wp-json\/wp\/v2\/media\/13740"}],"wp:attachment":[{"href":"https:\/\/www.makitamarket.com.tr\/site\/wp-json\/wp\/v2\/media?parent=13741"}],"wp:term":[{"taxonomy":"product_brand","embeddable":true,"href":"https:\/\/www.makitamarket.com.tr\/site\/wp-json\/wp\/v2\/product_brand?post=13741"},{"taxonomy":"product_cat","embeddable":true,"href":"https:\/\/www.makitamarket.com.tr\/site\/wp-json\/wp\/v2\/product_cat?post=13741"},{"taxonomy":"product_tag","embeddable":true,"href":"https:\/\/www.makitamarket.com.tr\/site\/wp-json\/wp\/v2\/product_tag?post=13741"}],"curies":[{"name":"wp","href":"https:\/\/api.w.org\/{rel}","templated":true}]}}